NOAA-Style Climate Reports


Report for 2006 November
                   MONTHLY CLIMATOLOGICAL SUMMARY for NOV. 2006

NAME: Vantage Pro Plus   CITY: Sand Point   STATE: MI 
ELEV:   598 ft  LAT:  43° 54' 37" N  LONG:  83° 23' 03" W

                   TEMPERATURE (°F), RAIN  (in), WIND SPEED (mph)

                                      HEAT  COOL        AVG
    MEAN                              DEG   DEG         WIND                 DOM
DAY TEMP  HIGH   TIME   LOW    TIME   DAYS  DAYS  RAIN  SPEED HIGH   TIME    DIR
------------------------------------------------------------------------------------
 1  37.0  40.1  12:15p  34.3   7:00a  28.0   0.0  0.00   4.9  28.0   6:45p     W
 2  34.2  38.6  12:30p  31.8  11:00p  30.8   0.0  0.00   5.2  28.0   8:15a   WNW
 3  34.5  40.3   2:30p  31.5   2:45a  30.5   0.0  0.00   4.2  27.0   6:15a   WNW
 4  35.8  40.2  10:00p  29.7   6:15a  29.2   0.0  0.00   3.2  19.0  12:15a     S
 5  41.9  50.5   3:00p  37.3   6:15a  23.1   0.0  0.00   1.9  12.0  12:30a     S
 6  45.6  56.3   2:45p  37.0   3:45a  19.4   0.0  0.00   2.6  11.0   1:30p     S
 7  46.0  48.0  12:30p  43.6   6:15a  19.0   0.0  0.00   2.3  11.0   9:00a     S
 8  46.2  48.0   4:00p  44.5   8:45a  18.8   0.0  0.00   3.8  18.0   4:00p     S
 9  49.4  62.0   2:45p  40.6  12:00m  15.6   0.0  0.00   7.4  24.0   4:00p   SSW
10  40.5  42.3  12:15p  38.2   7:30a  24.5   0.0  0.38   6.7  34.0  11:45p     N
11  37.6  40.9   2:45a  34.6   9:45p  27.4   0.0  0.46  15.9  37.0   8:00a     N
12  37.1  40.5   2:15p  34.7   1:45a  27.9   0.0  0.01   3.2  22.0  12:15a     N
13  37.1  39.3   1:15p  35.5   4:00a  27.9   0.0  0.00   3.5  17.0   4:00p     S
14  38.9  40.3   2:15p  38.0  12:15a  26.1   0.0  0.01   0.5  10.0  10:00p   WNW
15  41.1  44.8  12:00p  38.0   7:30a  23.9   0.0  0.00   2.5  22.0  12:00m    NE
16  39.4  42.5  12:15a  33.5   8:30p  25.6   0.0  1.29  14.0  40.0   1:45p   NNE
17  37.3  39.6   2:15p  35.2  12:15a  27.7   0.0  0.01   6.4  26.0   1:00a    NW
18  38.7  42.5  11:15a  36.3   3:00a  25.5   0.0  0.00   0.6  18.0  11:15p     N
19  35.6  38.2  12:15a  34.0  11:45p  29.4   0.0  0.01  12.3  28.0   8:00a     N
20  34.0  37.0   1:00p  30.1   9:30p  31.0   0.0  0.01   3.5  20.0  12:15a     N
21  36.1  41.2   1:00p  31.3  12:45a  28.9   0.0  0.00   9.6  22.0   1:45p   SSW
22  37.3  48.0   3:15p  31.6   7:30a  27.7   0.0  0.00   3.3  12.0   1:30a     S
23  38.6  48.3   2:15p  32.2   7:30a  26.4   0.0  0.00   1.4   8.0   5:15a   SSW
24  39.0  50.4   2:30p  32.8   8:30a  26.0   0.0  0.00   3.0  14.0   8:30p     S
25  43.4  53.6   1:00p  36.5   3:00a  21.6   0.0  0.00   1.8  11.0  12:00m     S
26  47.8  51.7   1:15p  43.9  12:00m  17.2   0.0  0.00   1.3  10.0   7:30p    SW
27  46.3  49.9   4:15p  42.5  11:15p  18.7   0.0  0.10   1.8  12.0   9:30p   NNE
28  48.4  56.6   2:45p  42.8  12:15a  16.6   0.0  0.06   6.7  17.0   4:00a     S
29  53.5  57.8   1:00p  49.8   3:00a  11.5   0.0  0.45   9.2  24.0   1:30p   SSW
30  36.3  53.2  12:30a  29.5  12:00m  26.3   0.0  0.47  10.4  28.0   7:15a     N
-------------------------------------------------------------------------------------
    40.5  62.0     9    29.5    30   732.2   0.0  3.26   5.1  40.0    16       S

Max >=  90.0:  0
Max <=  32.0:  0
Min <=  32.0:  7
Min <=   0.0:  0
Max Rain: 1.29 ON 11/16/06
Days of Rain: 7 (>.01 in) 5 (>.1 in) 1 (>1 in)
Heat Base:  65.0  Cool Base:  65.0  Method: Integration