NOAA-Style Climate Reports


Report for 2006 December
                   MONTHLY CLIMATOLOGICAL SUMMARY for DEC. 2006

NAME: Vantage Pro Plus   CITY: Sand Point   STATE: MI 
ELEV:   598 ft  LAT:  43° 54' 37" N  LONG:  83° 23' 03" W

                   TEMPERATURE (°F), RAIN  (in), WIND SPEED (mph)

                                      HEAT  COOL        AVG
    MEAN                              DEG   DEG         WIND                 DOM
DAY TEMP  HIGH   TIME   LOW    TIME   DAYS  DAYS  RAIN  SPEED HIGH   TIME    DIR
------------------------------------------------------------------------------------
 1  32.8  37.3   2:45p  28.2   8:30p  32.2   0.0  0.15  13.3  38.0   5:45p   ENE
 2  32.7  36.6   1:15p  30.3  12:15a  32.3   0.0  0.00  10.7  34.0   3:00a     W
 3  24.9  33.1  12:15a  22.4   8:45a  40.1   0.0  0.00   9.9  32.0   9:15p     W
 4  24.0  26.7  10:00a  21.6   4:30p  41.0   0.0  0.00   9.3  31.0   4:45p   WNW
 5  24.7  29.1  12:00p  20.6   5:30a  40.3   0.0  0.00   8.4  26.0  11:45p    NW
 6  31.8  35.2   1:30p  24.4  12:00m  33.2   0.0  0.02  10.3  32.0   5:30a   SSW
 7  20.0  24.5  12:15a  16.1   9:15a  45.0   0.0  0.00  10.4  31.0   9:30a     N
 8  24.2  28.1   3:15p  21.0   8:30a  40.8   0.0  0.00  10.3  34.0   6:45p    SW
 9  29.6  34.3   9:00p  23.8   7:45a  35.4   0.0  0.00  11.1  32.0   7:45p    SW
10  35.7  40.9   1:30p  31.5   4:30a  29.3   0.0  0.02   6.8  24.0   5:15p    SW
11  37.3  42.2   4:00p  34.7   3:15a  27.7   0.0  0.03   3.0  13.0  12:30a   SSW
12  39.1  41.8  11:00p  36.2  12:15a  25.9   0.0  0.29  11.0  26.0   8:00p   SSE
13  36.6  42.9   5:15a  32.5   9:30p  28.4   0.0  0.00   9.1  24.0  12:30a    SW
14  38.4  43.9   7:30p  32.9   6:45a  26.6   0.0  0.00   8.6  24.0   6:00p   SSW
15  38.1  41.9  12:15a  34.3  11:30p  26.9   0.0  0.00   7.7  25.0   3:45p     W
16  36.6  43.8  12:00m  30.7   5:45a  28.4   0.0  0.00   6.8  25.0   6:30p     S
17  41.3  46.0   3:45a  36.5  12:00m  23.7   0.0  0.00   4.2  20.0   7:30a     W
18  34.3  37.6   3:30p  31.3  11:45p  30.7   0.0  0.00   1.7  13.0   5:30a   WNW
19  33.1  38.0   3:15p  29.0   8:15a  31.9   0.0  0.00   3.7  19.0   9:45p    SW
20  35.7  39.5   2:15p  32.7   8:15a  29.3   0.0  0.00   6.5  22.0   8:15a    SW
21  36.9  39.3   2:30p  34.7   9:15a  28.1   0.0  0.02   1.7  13.0  12:00m   WSW
22  41.5  47.6   7:30p  37.5   1:15a  23.5   0.0  0.13  10.8  30.0  11:30p   SSE
23  38.8  41.9   2:45a  37.2   7:15p  26.2   0.0  0.00  11.5  31.0  11:30a    SW
24  37.6  42.5   2:30p  34.9   9:00a  27.4   0.0  0.00   7.3  24.0  11:00a    SW
25  36.2  40.5   2:30p  33.8   8:15a  28.8   0.0  0.00   4.3  17.0  12:30a   SSW
26  35.2  36.6  12:15a  31.8  12:00m  29.8   0.0  0.00   9.4  26.0   7:00a     N
27  34.1  38.3  12:15p  31.3   3:00a  30.9   0.0  0.00   5.5  21.0   2:45a    SW
28  35.6  36.6   8:15p  33.7   7:00a  29.4   0.0  0.01   1.7  14.0  10:45p   ENE
29  35.8  37.0  10:45a  34.7  11:45p  29.2   0.0  0.00   2.6  14.0   2:15a   ENE
30  36.2  38.0   7:00p  34.7  12:30a  28.8   0.0  0.00   1.3  11.0  12:30a   NNE
31  37.1  43.3  12:00m  33.2   5:30a  27.9   0.0  0.48   7.5  22.0   7:15p   SSE
-------------------------------------------------------------------------------------
    34.1  47.6    22    16.1     7   959.1   0.0  1.15   7.3  38.0     1      SW

Max >=  90.0:  0
Max <=  32.0:  4
Min <=  32.0: 15
Min <=   0.0:  0
Max Rain: 0.48 ON 12/31/06
Days of Rain: 8 (>.01 in) 4 (>.1 in) 0 (>1 in)
Heat Base:  65.0  Cool Base:  65.0  Method: Integration