NOAA-Style Climate Reports


Report for 2007 February
                   MONTHLY CLIMATOLOGICAL SUMMARY for FEB. 2007

NAME: Vantage Pro Plus   CITY: Sand Point   STATE: MI 
ELEV:   598 ft  LAT:  43° 54' 37" N  LONG:  83° 23' 03" W

                   TEMPERATURE (°F), RAIN  (in), WIND SPEED (mph)

                                      HEAT  COOL        AVG
    MEAN                              DEG   DEG         WIND                 DOM
DAY TEMP  HIGH   TIME   LOW    TIME   DAYS  DAYS  RAIN  SPEED HIGH   TIME    DIR
------------------------------------------------------------------------------------
 1  19.9  25.8   3:30p  14.6  12:15a  45.1   0.0  0.00  12.3  25.0  12:15a   SSW
 2  16.8  21.8  12:15a   8.4  12:00m  48.2   0.0  0.00   9.8  31.0   4:45p   SSW
 3   8.1  15.7   3:15p   2.6  12:00m  56.9   0.0  0.00  11.8  31.0   4:30p   SSW
 4   1.4   8.1   2:15p  -1.8   7:30a  63.6   0.0  0.00   9.7  27.0  10:30p     W
 5   4.6  15.1   3:00p  -2.4   6:15a  60.4   0.0  0.00  10.3  29.0  11:00a     W
 6   5.9  12.9   3:15p  -0.6   7:30a  59.1   0.0  0.00   5.5  24.0  12:15a   WSW
 7  10.2  20.6   3:30p   3.0   5:45a  54.8   0.0  0.00   7.2  28.0   2:00p     W
 8  13.7  21.3   3:45p   7.9  12:45a  51.3   0.0  0.00   8.6  30.0   4:00p   WNW
 9  14.9  21.6   3:00p   7.6   7:45a  50.1   0.0  0.00   5.0  27.0  10:45p    SW
10  16.9  26.4   1:00p  12.3   8:00a  48.1   0.0  0.00   5.5  25.0   4:00a   WNW
11  17.8  23.5   3:30p  13.1   8:15a  47.2   0.0  0.00   8.3  28.0   2:30p    SW
12  19.5  26.4   1:30p  14.6   7:15p  45.0   0.0  0.00   4.3  18.0   4:00p   NNE
13  14.1  17.5  12:15a  10.4   8:15a  50.9   0.0  0.04   8.4  25.0  11:00p   ENE
14  12.3  17.2   3:15p   5.0  11:15p  52.7   0.0  0.05  12.0  33.0   5:30a     N
15   9.3  20.0   3:00p   0.7   7:15a  55.7   0.0  0.00   6.2  25.0   2:45p    NW
16  13.1  23.6   2:15p   4.7   6:45a  51.9   0.0  0.00   9.9  28.0  10:30p    SW
17  19.1  28.1   4:15p  11.4  12:15a  45.9   0.0  0.00   6.9  26.0   7:45p    SW
18  15.6  23.6   3:45p  11.4  12:00m  49.4   0.0  0.00   6.1  20.0   7:45a    NW
19  21.9  35.2   9:30p   7.7   4:45a  43.1   0.0  0.00   8.7  25.0  12:45p     S
20  30.5  37.6   1:30p  21.9  12:00m  34.4   0.0  0.00   2.0  13.0   2:15a   WSW
21  28.5  36.0  12:45p  18.1   7:30a  36.5   0.0  0.00   5.6  21.0  11:15p   SSW
22  30.9  36.5   9:15a  19.2  12:00m  34.1   0.0  0.00  13.7  39.0  11:30a     N
23  17.8  23.6   3:15p  14.1   6:45a  47.2   0.0  0.00   7.8  29.0  12:15a     N
24  21.1  27.5  12:15p  11.6  12:30a  43.9   0.0  0.00   2.8  20.0   2:45p    NE
25  27.4  30.1   4:45p  22.4  12:30a  37.6   0.0  0.18   8.4  32.0   1:45p   ESE
26  31.8  35.3   4:00p  28.5  12:15a  33.2   0.0  0.06   1.0  11.0   2:30a     S
27  32.0  34.6  10:45a  30.3   5:00a  33.0   0.0  0.00   1.7  11.0   2:30p     W
28  29.7  34.9   1:15p  23.8   9:00p  35.3   0.0  0.00   3.1  18.0   2:30p    NE
-------------------------------------------------------------------------------------
    18.0  37.6    20    -2.4     5  1314.6   0.0  0.33   7.2  39.0    22       W

Max >=  90.0:  0
Max <=  32.0: 21
Min <=  32.0: 28
Min <=   0.0:  3
Max Rain: 0.18 ON 02/25/07
Days of Rain: 4 (>.01 in) 1 (>.1 in) 0 (>1 in)
Heat Base:  65.0  Cool Base:  65.0  Method: Integration