NOAA-Style Climate Reports


Report for 2007 March
                   MONTHLY CLIMATOLOGICAL SUMMARY for MAR. 2007

NAME: Vantage Pro Plus   CITY: Sand Point   STATE: MI 
ELEV:   598 ft  LAT:  43° 54' 37" N  LONG:  83° 23' 03" W

                   TEMPERATURE (°F), RAIN  (in), WIND SPEED (mph)

                                      HEAT  COOL        AVG
    MEAN                              DEG   DEG         WIND                 DOM
DAY TEMP  HIGH   TIME   LOW    TIME   DAYS  DAYS  RAIN  SPEED HIGH   TIME    DIR
------------------------------------------------------------------------------------
 1  29.2  32.5  12:00m  26.4   1:15a  35.8   0.0  0.60   4.7  29.0   9:30a     E
 2  31.7  33.7   8:15a  28.1  12:00m  33.3   0.0  0.20   3.1  32.0   8:45p   SSW
 3  28.0  32.1  12:45p  25.0  11:15p  37.0   0.0  0.00   9.8  33.0   9:45a   SSW
 4  27.2  34.6   2:15p  21.1   7:30a  37.8   0.0  0.00   7.4  32.0   8:15p     W
 5  19.0  26.3   4:30a   7.7  12:00m  46.0   0.0  0.00  12.8  32.0   9:00a   NNW
 6  10.0  14.8  11:45a   4.5   6:00a  55.0   0.0  0.00   5.1  24.0   2:45a     N
 7  14.4  21.9  12:45p   4.7   7:45a  50.6   0.0  0.00   1.2  12.0  10:45p    SW
 8  19.8  31.2   3:30p   8.8   3:00a  45.2   0.0  0.00   1.8  13.0  12:30a   WSW
 9  28.2  36.2   3:30p  16.5   4:30a  36.8   0.0  0.01   7.1  19.0   2:15a     S
10  37.1  43.6   5:00p  33.7  12:15a  27.9   0.0  0.22   5.1  25.0   6:00p     W
11  36.1  40.8   5:15p  33.2   9:00p  17.5   0.0  0.00   3.8  19.0   1:15a    SW
12  36.4  40.5   3:15p  32.9   1:00a  28.6   0.0  0.00   6.1  24.0   2:15p   SSW
13  41.8  50.1  10:00p  34.3   6:30a  23.0   0.0  0.00   7.5  20.0  11:00a    SW
14  41.7  49.8  12:15p  34.1  11:45p  23.3   0.0  0.04   3.1  28.0   9:15p   SSW
15  28.4  35.6   3:15a  23.2   6:45p  36.6   0.0  0.00   8.3  31.0   3:30p   NNE
16  27.3  32.4   2:30p  23.0   2:15a  37.7   0.0  0.00   6.8  30.0   2:00p   ENE
17  29.9  36.5   2:30p  25.7   8:30a  35.1   0.0  0.00   6.8  25.0   9:00a     N
18  31.2  39.6   1:45p  25.4   6:45a  33.1   0.0  0.00   5.6  22.0  12:30a   NNW
19  34.4  40.5   3:30p  30.3  12:15a  30.6   0.0  0.02  10.1  33.0   5:15a   SSW
20  23.8  32.8  12:15a  19.2   7:45a  41.2   0.0  0.00   6.8  25.0   8:45a    NE
21  31.9  46.7  10:30p  22.9  12:45a  33.1   0.0  0.19   6.9  41.0  10:00p     S
22  45.7  54.7   5:45p  34.7  11:30p  19.3   0.0  0.14   6.3  39.0   8:15a    NW
23  40.8  53.6   5:30p  32.7   2:30a  24.2   0.0  0.00   2.0  11.0   9:00a    SE
24  41.4  53.2   6:30p  35.9  11:30p  23.6   0.0  0.13   3.5  18.0  10:30p     S
25  41.2  52.0   5:45p  33.1   6:30a  23.8   0.0  0.12   5.3  20.0   9:45p   SSE
26  56.1  65.5   3:30p  47.1  12:45a   9.0   0.0  0.00   8.9  25.0   4:45a     W
27  42.6  52.9  12:30a  39.2   6:00a  22.4   0.0  0.00   5.9  25.0   6:45p    NE
28  38.0  40.5  12:15a  36.2   6:45p  27.0   0.0  0.00  11.2  30.0   1:00a    NE
29  42.8  54.8   3:45p  33.4   7:45a  22.2   0.0  0.00   5.9  19.0  12:45a    SE
30  39.1  43.6  12:45p  35.6   1:45a  25.9   0.0  0.00   5.4  22.0   5:15p    NE
31  42.6  47.9   2:45p  36.8   7:30a  22.4   0.0  0.00   5.7  20.0   4:15a   ESE
-------------------------------------------------------------------------------------
    33.5  65.5    26     4.5     6   965.0   0.0  1.67   6.1  41.0    21      NE

Max >=  90.0:  0
Max <=  32.0:  4
Min <=  32.0: 16
Min <=   0.0:  0
Max Rain: 0.60 ON 03/01/07
Days of Rain: 9 (>.01 in) 7 (>.1 in) 0 (>1 in)
Heat Base:  65.0  Cool Base:  65.0  Method: Integration