NOAA-Style Climate Reports


Report for 2007 April
                   MONTHLY CLIMATOLOGICAL SUMMARY for APR. 2007

NAME: Vantage Pro Plus   CITY: Sand Point   STATE: MI 
ELEV:   598 ft  LAT:  43° 54' 37" N  LONG:  83° 23' 03" W

                   TEMPERATURE (°F), RAIN  (in), WIND SPEED (mph)

                                      HEAT  COOL        AVG
    MEAN                              DEG   DEG         WIND                 DOM
DAY TEMP  HIGH   TIME   LOW    TIME   DAYS  DAYS  RAIN  SPEED HIGH   TIME    DIR
------------------------------------------------------------------------------------
 1  48.9  63.4   5:00p  42.3   6:00a  16.1   0.0  0.45   8.7  34.0   5:45p     S
 2  44.9  47.0  12:15a  43.8   6:45a  20.1   0.0  0.00   8.0  28.0  11:15a     W
 3  41.6  46.8   4:45p  38.6   3:30a  23.4   0.0  0.36   5.5  24.0   2:30p    NE
 4  36.2  44.5   2:00a  23.6  11:15p  28.8   0.0  0.29  14.4  43.0   3:15p    NW
 5  23.8  28.5   6:30p  19.5   8:45a  41.2   0.0  0.00  14.3  38.0   9:15a   NNW
 6  23.5  29.1   5:15p  19.1   7:30a  41.5   0.0  0.00  10.6  33.0   2:45a   NNW
 7  24.1  29.7   3:15p  19.5   8:00a  40.9   0.0  0.00   8.2  27.0  11:45p    NW
 8  29.0  35.6   3:30p  24.1   7:15a  35.3   0.0  0.00   6.3  25.0   7:00a   NNW
 9  32.4  38.0   4:45p  26.4   5:15a  32.6   0.0  0.00   4.2  19.0   4:15a   NNW
10  34.1  41.8   5:15p  29.4  11:45p  30.9   0.0  0.00   2.2  17.0   7:30p     N
11  32.6  37.8  12:45p  29.0   1:15a  32.4   0.0  0.22   6.8  31.0  10:00p     E
12  37.0  40.5  12:00p  34.3  12:15a  28.0   0.0  0.20   7.8  29.0  11:45p   WNW
13  38.6  47.1   5:45p  34.0   4:45a  26.4   0.0  0.00   9.2  31.0   5:45a    NW
14  36.8  41.2   4:15p  33.2   7:00a  28.2   0.0  0.00   2.9  16.0   5:15a     N
15  38.8  46.2   2:45p  33.8   4:15a  26.2   0.0  0.00   6.5  21.0   7:15p   NNE
16  43.6  52.0   5:00p  35.6   5:00a  21.4   0.0  0.00  10.7  29.0   8:30a     N
17  44.6  52.6   3:45p  38.2   7:00a  20.4   0.0  0.00   4.6  22.0  10:30p    NE
18  40.2  43.2  12:15a  38.8   8:30a  24.8   0.0  0.20   6.6  20.0   4:00a    NE
19  42.9  48.9  12:15p  38.6   6:45a  22.1   0.0  0.00   4.2  20.0   3:15p    NE
20  49.2  61.8   3:45p  41.1   5:00a  15.8   0.0  0.00   1.5  12.0   4:00p   NNE
21  56.9  70.3   4:00p  44.6   3:15a   8.9   0.9  0.00   1.5  12.0   8:45p   WSW
22  62.9  74.6   3:45p  51.4   6:45a   4.4   2.3  0.00   8.8  19.0  11:00p     S
23  60.3  68.1  12:15p  49.5  11:45p   4.8   0.2  0.21  10.9  37.0  12:45p   SSW
24  51.3  59.9   4:30p  42.2   6:30a  13.7   0.0  0.00   2.3  19.0   3:15a   NNW
25  45.1  48.8  12:45a  42.3   7:30p  19.3   0.0  0.00   5.5  19.0   6:45a    NE
26  45.3  48.5  10:00a  42.6   1:00a  19.7   0.0  0.46   4.8  25.0  10:30a    NE
27  46.0  50.1   2:30p  41.8   6:45a  19.0   0.0  0.09   3.2  16.0   1:30a     N
28  53.4  62.9   3:00p  47.3   3:15a  11.6   0.0  0.00   1.8  16.0   9:30a   NNW
29  59.2  70.1   4:30p  48.5   6:15a   6.7   1.0  0.00   5.7  25.0   5:15p    SW
30  53.5  59.0   1:30p  49.5   6:45a  11.5   0.0  0.00   4.9  21.0   3:45a    NE
-------------------------------------------------------------------------------------
    42.6  74.6    22    19.1     6   676.1   4.4  2.48   6.4  43.0     4      NE

Max >=  90.0:  0
Max <=  32.0:  3
Min <=  32.0:  8
Min <=   0.0:  0
Max Rain: 0.46 ON 04/26/07
Days of Rain: 9 (>.01 in) 8 (>.1 in) 0 (>1 in)
Heat Base:  65.0  Cool Base:  65.0  Method: Integration