NOAA-Style Climate Reports


Report for 2007 May
                   MONTHLY CLIMATOLOGICAL SUMMARY for MAY. 2007

NAME: Vantage Pro Plus   CITY: Sand Point   STATE: MI 
ELEV:   598 ft  LAT:  43° 54' 37" N  LONG:  83° 23' 03" W

                   TEMPERATURE (°F), RAIN  (in), WIND SPEED (mph)

                                      HEAT  COOL        AVG
    MEAN                              DEG   DEG         WIND                 DOM
DAY TEMP  HIGH   TIME   LOW    TIME   DAYS  DAYS  RAIN  SPEED HIGH   TIME    DIR
------------------------------------------------------------------------------------
 1  50.6  54.2   1:15p  46.7  11:15p  14.3   0.0  0.08   6.4  20.0   9:00a   SSE
 2  47.2  53.6   2:30p  43.5   2:00a  17.8   0.0  0.00   6.1  20.0   7:30p    NE
 3  48.9  61.8  11:45a  43.9   7:00a  16.1   0.0  0.00   6.5  24.0   3:45p    NE
 4  52.2  67.9   2:45p  43.2   6:30a  12.9   0.2  0.00   5.2  22.0   4:45p    NE
 5  49.5  55.0   9:00a  46.0   5:45a  15.5   0.0  0.00   8.7  31.0   2:30p    NE
 6  51.8  64.7   3:45p  44.1   6:45a  13.2   0.0  0.00   4.8  22.0   8:00a    SE
 7  57.7  72.1   4:15p  43.9   1:00a   8.9   1.5  0.00   7.7  19.0   6:30p     S
 8  65.7  78.5   4:30p  52.6  12:00m   3.4   4.0  0.00   5.9  20.0  12:45a    SW
 9  55.9  61.5   2:30p  51.1   1:00a   9.1   0.0  0.41   2.0  14.0  12:45a    NE
10  62.0  72.0   6:00p  53.8   1:30a   4.5   1.4  0.01   1.0  10.0   9:00a   WSW
11  56.2  64.3  12:15a  50.4   9:00p   8.8   0.0  0.00   5.4  27.0  12:45p    NE
12  47.6  50.5  12:15a  43.5  11:45p  17.4   0.0  0.00   7.0  26.0   8:30a    NE
13  51.5  62.1   2:45p  41.2   5:00a  13.5   0.0  0.00   2.5  14.0   4:00p    NE
14  57.9  70.8   6:15p  45.5  10:15a   8.3   1.2  0.62  14.4  32.0  11:45a     S
15  62.8  78.8   3:00p  48.9  10:45p   4.6   2.4  0.43   6.1  26.0  12:15a    SW
16  47.3  50.7   2:45a  43.8  10:30p  17.7   0.0  0.40   7.0  25.0   9:45p     N
17  49.2  54.5   6:15p  44.2  12:15a  15.8   0.0  0.00   5.9  28.0   4:00a   NNE
18  57.3  67.6   5:30p  46.1   6:30a   7.7   0.3  0.00   3.3  19.0  10:45p   SSW
19  58.3  64.8   6:00p  53.2   5:00a   6.7   0.0  0.08   2.3  17.0  11:00p    SW
20  45.4  53.5  12:15a  41.1   9:45a  19.0   0.0  0.00   7.7  29.0   4:00a   NNE
21  51.6  60.4   3:15p  41.6   6:45a  12.1   0.0  0.01   1.5  17.0   7:00p    NE
22  62.2  76.5   7:15p  49.2   2:00a   5.3   2.5  0.00   3.2  13.0   8:15p     S
23  71.8  85.5   4:30p  59.6   6:30a   1.0   7.8  0.00   4.1  17.0   5:30a     S
24  74.6  83.4   5:15p  65.2   7:00a   0.0   9.5  0.00   6.0  18.0  10:15a     S
25  65.7  72.7   3:15a  53.5  11:15p   2.0   2.7  0.10   3.5  19.0   3:15a    SW
26  56.7  65.2   7:45p  52.6   5:00a   8.3   0.0  0.09   5.0  20.0   4:30a    NE
27  65.4  72.5   4:00p  59.5  11:45p   1.4   1.8  0.01   7.0  31.0   5:00p   SSW
28  63.3  72.8   6:15p  56.7   6:15a   3.5   1.8  0.00   2.1  14.0   4:15a    NW
29  67.0  78.3   3:00p  53.1   6:15a   3.1   5.1  0.00   2.3  13.0  10:30p     S
30  73.5  85.9   4:15p  63.7   5:45a   0.1   8.6  0.00   2.0  15.0   5:30p     S
31  76.4  87.4   3:45p  68.8   6:45a   0.0  11.4  0.00   0.7  12.0   5:15p   WSW
-------------------------------------------------------------------------------------
    58.2  87.4    31    41.1    20   272.0  62.2  2.24   4.9  32.0    14      NE

Max >=  90.0:  0
Max <=  32.0:  0
Min <=  32.0:  0
Min <=   0.0:  0
Max Rain: 0.62 ON 05/14/07
Days of Rain: 8 (>.01 in) 4 (>.1 in) 0 (>1 in)
Heat Base:  65.0  Cool Base:  65.0  Method: Integration