NOAA-Style Climate Reports


Report for 2007 June
                   MONTHLY CLIMATOLOGICAL SUMMARY for JUN. 2007

NAME: Vantage Pro Plus   CITY: Sand Point   STATE: MI 
ELEV:   598 ft  LAT:  43° 54' 37" N  LONG:  83° 23' 03" W

                   TEMPERATURE (°F), RAIN  (in), WIND SPEED (mph)

                                      HEAT  COOL        AVG
    MEAN                              DEG   DEG         WIND                 DOM
DAY TEMP  HIGH   TIME   LOW    TIME   DAYS  DAYS  RAIN  SPEED HIGH   TIME    DIR
------------------------------------------------------------------------------------
 1  73.9  79.0   6:30p  68.9   5:30a   0.0   8.8  0.00   1.0  17.0   5:45a    SW
 2  74.7  84.1   6:15p  69.6   4:00a   0.0   9.7  0.09   0.8  21.0   9:15p   WSW
 3  69.4  76.7  12:15p  63.5  11:30p   0.1   4.5  0.08   1.6  17.0   3:15p     S
 4  66.7  75.8   2:30p  55.7  12:00m   1.2   2.8  0.34   3.6  39.0  10:30p     S
 5  52.2  56.2  12:30p  48.6   8:45a  12.8   0.0  0.16   8.2  36.0  12:45a     N
 6  58.3  68.3   5:15p  47.4   5:00a   7.2   0.5  0.00   2.3  17.0  10:30p    SW
 7  72.1  84.7   6:15p  58.0   4:15a   1.9   8.9  0.00  11.2  27.0   8:15a     S
 8  72.4  79.0   1:45p  61.8  12:00m   0.3   7.7  0.00   7.8  36.0   3:45p   SSW
 9  65.1  74.9   6:00p  55.6   3:45a   2.8   2.9  0.00   1.9  10.0  11:30a     S
10  68.6  77.6   2:30p  57.8   4:45a   1.1   4.7  0.00   0.8  12.0   3:45p    NE
11  67.5  74.7   1:30p  60.5   5:45a   0.7   3.2  0.00   1.9  17.0   4:30p    NE
12  68.7  77.0   6:00p  61.8   4:30a   0.6   4.3  0.00   1.9  14.0   1:15p    NE
13  70.0  78.6   1:15p  62.6   6:30a   0.4   5.4  0.00   1.6  11.0  11:45a   NNE
14  72.6  83.4   1:30p  63.4   4:45a   0.1   7.7  0.00   1.1  13.0   5:45p    NE
15  74.1  83.8   1:30p  65.8   5:15a   0.0   9.1  0.00   1.3  11.0   2:45p     S
16  75.1  85.9   4:45p  68.3   7:30a   0.0  10.1  0.04   2.5  29.0   7:00p    SW
17  72.4  78.8   1:30p  67.4   6:15a   0.0   7.4  0.00   2.3  17.0   1:30a     N
18  78.8  89.9   2:30p  68.4   2:30a   0.0  13.8  0.00   5.0  16.0   2:45p     S
19  74.3  79.8  12:15a  68.1   6:45a   0.0   9.3  0.13   7.9  29.0   3:15p    NW
20  68.2  76.8   6:00p  59.8   7:15a   1.0   4.2  0.01   3.9  24.0  12:15a   NNW
21  71.3  78.1   1:30p  65.3  12:00m   0.0   6.3  0.00   7.1  30.0   4:15a     N
22  63.6  71.8   1:30p  57.0  12:00m   2.6   1.2  0.00   4.1  24.0   2:45a     N
23  66.8  78.5   6:00p  56.0   2:00a   2.4   4.2  0.00   0.7  11.0  11:30a   SSE
24  72.3  84.5   6:30p  63.5   6:30a   0.1   7.4  0.00   1.6  11.0   3:15a   SSW
25  77.3  88.0   4:15p  68.9   1:30a   0.0  12.3  0.00   0.8  12.0  12:30p   WSW
26  81.1  90.5   6:00p  73.3   7:00a   0.0  16.1  0.00   1.2  11.0   3:45p   WSW
27  77.8  87.6   2:30p  70.1  12:00m   0.0  12.8  0.00   4.0  21.0  10:15a    SW
28  64.8  70.1  12:15a  59.8  11:45p   1.2   0.9  0.00   6.3  26.0   1:45a    NE
29  66.0  74.7   1:30p  55.4   2:15a   2.4   3.4  0.00   2.0  14.0   4:15a     N
30  66.4  74.6   4:15p  62.1   7:00a   0.6   1.9  0.00   3.4  21.0   5:15p     N
-------------------------------------------------------------------------------------
    70.1  90.5    26    47.4     6    39.5 191.5  0.85   3.3  39.0     4       N

Max >=  90.0:  1
Max <=  32.0:  0
Min <=  32.0:  0
Min <=   0.0:  0
Max Rain: 0.34 ON 06/04/07
Days of Rain: 6 (>.01 in) 3 (>.1 in) 0 (>1 in)
Heat Base:  65.0  Cool Base:  65.0  Method: Integration