NOAA-Style Climate Reports


Report for 2007 July
                   MONTHLY CLIMATOLOGICAL SUMMARY for JUL. 2007

NAME: Vantage Pro Plus   CITY: Sand Point   STATE: MI 
ELEV:   598 ft  LAT:  43° 54' 37" N  LONG:  83° 23' 03" W

                   TEMPERATURE (°F), RAIN  (in), WIND SPEED (mph)

                                      HEAT  COOL        AVG
    MEAN                              DEG   DEG         WIND                 DOM
DAY TEMP  HIGH   TIME   LOW    TIME   DAYS  DAYS  RAIN  SPEED HIGH   TIME    DIR
------------------------------------------------------------------------------------
 1  61.4  67.3   1:30p  55.1   6:30a   3.8   0.2  0.00   3.0  20.0   1:30p    NE
 2  62.4  72.1   1:45p  53.3   3:15a   4.2   1.6  0.00   1.4  14.0   2:15p     N
 3  68.4  76.5   2:15p  61.0   3:00a   1.2   4.6  0.00   2.6  14.0  11:45p     S
 4  68.8  76.0   4:00p  61.6   9:15a   0.7   4.4  0.28   1.4  14.0  12:15a     S
 5  69.9  80.7   4:45p  63.4   6:15p   0.0   5.0  0.57   1.1  28.0   4:45p   NNW
 6  70.1  77.4   6:30p  64.2   7:15a   0.0   5.2  0.00   1.1  13.0   8:45a     N
 7  74.6  84.0   4:00p  66.1   2:00a   0.0   9.6  0.00   1.7  17.0  11:00a   WSW
 8  79.2  87.2   5:15p  73.5   5:45a   0.0  14.2  0.00   3.8  20.0   7:30a    SW
 9  75.6  82.8   1:30p  68.1  11:00p   0.0  10.6  0.37   1.6  45.0   5:00p   WSW
10  73.0  81.6   2:00p  64.8   3:30a   0.0   8.0  0.18   2.0  32.0   5:45p   SSW
11  69.8  75.8  12:15a  63.2   7:45a   0.1   4.9  0.00   4.3  29.0   3:45a    NW
12  66.7  75.4   4:15p  59.3   3:30a   1.6   3.3  0.08   4.5  35.0   8:45p     W
13  63.5  70.6   5:30p  56.9   6:45a   3.1   1.6  0.00   3.0  22.0   4:45a   NNW
14  64.5  74.0   6:00p  60.2  10:15a   2.1   1.6  0.12   7.5  28.0  10:00p     S
15  66.4  75.3   6:00p  58.7   6:00a   1.9   3.3  0.00   1.7  19.0  12:45a    NW
16  69.7  77.6   6:15p  61.3   6:30a   0.7   5.4  0.00   0.4  13.0  10:30p   WSW
17  71.1  77.9   6:45p  64.0   6:45a   0.1   6.2  0.00   0.4  11.0  12:15a     S
18  73.3  82.2   4:15p  66.8   7:00a   0.0   8.3  0.00   0.3  11.0   9:30a     S
19  67.6  75.3  12:45p  61.3   6:45p   0.7   3.2  0.30   5.2  38.0   6:30p     N
20  63.0  68.8   1:00p  59.3   6:45a   2.4   0.4  0.00   7.6  30.0  12:15a     N
21  65.7  73.2   6:15p  59.2   6:00a   1.8   2.5  0.00   3.0  14.0   2:30p     N
22  67.6  77.7   2:00p  58.7   2:15a   1.8   4.4  0.00   0.7  11.0   5:15p   ENE
23  71.5  81.8   1:45p  62.3   6:00a   0.4   6.8  0.00   0.6  12.0   3:45p     S
24  72.7  80.7   5:15p  65.3   6:30a   0.0   7.7  0.00   0.6  11.0   1:30p   WSW
25  72.9  82.0   4:45p  66.0   7:30a   0.0   7.9  0.00   0.5  11.0   5:15p     S
26  70.1  77.0   4:45p  63.4   6:15a   0.1   5.2  0.00   0.8  11.0   2:45a     S
27  72.5  80.9   1:15p  65.6   6:00a   0.0   7.5  0.00   0.7  14.0  10:45p    NE
28  70.6  74.7   1:45p  68.1   5:30a   0.0   5.6  0.00   4.8  20.0   3:15p    NE
29  72.2  78.3   1:45p  67.9   5:00a   0.0   7.2  0.00   2.2  14.0   2:45p    NE
30  75.2  85.9   6:00p  64.3   5:00a   0.0  10.3  0.00   0.2   7.0   3:30p     S
31  78.1  89.0   2:00p  70.9   7:00a   0.0  13.1  0.00   0.8  14.0   3:00p    NE
-------------------------------------------------------------------------------------
    69.9  89.0    31    53.3     2    26.7 179.8  1.90   2.2  45.0     9      NE

Max >=  90.0:  0
Max <=  32.0:  0
Min <=  32.0:  0
Min <=   0.0:  0
Max Rain: 0.57 ON 07/05/07
Days of Rain: 7 (>.01 in) 6 (>.1 in) 0 (>1 in)
Heat Base:  65.0  Cool Base:  65.0  Method: Integration