NOAA-Style Climate Reports


Report for 2007 August
                   MONTHLY CLIMATOLOGICAL SUMMARY for AUG. 2007

NAME: Vantage Pro Plus   CITY: Sand Point   STATE: MI 
ELEV:   598 ft  LAT:  43° 54' 37" N  LONG:  83° 23' 03" W

                   TEMPERATURE (°F), RAIN  (in), WIND SPEED (mph)

                                      HEAT  COOL        AVG
    MEAN                              DEG   DEG         WIND                 DOM
DAY TEMP  HIGH   TIME   LOW    TIME   DAYS  DAYS  RAIN  SPEED HIGH   TIME    DIR
------------------------------------------------------------------------------------
 1  81.1  91.8   5:00p  72.8   6:45a   0.0  16.1  0.00   0.2  11.0  11:15a    SW
 2  82.2  90.7   4:00p  75.4   6:45a   0.0  17.2  0.00   1.2  16.0   8:45p   WSW
 3  77.9  86.5   5:00p  69.6   7:30a   0.0  12.9  0.00   2.0  21.0   8:30p    NE
 4  70.0  77.7   1:45p  64.0  11:45p   0.0   5.1  0.00   4.3  20.0   3:30a    NE
 5  68.8  77.2  12:45p  60.2   6:30a   1.0   4.8  0.00   2.1  16.0  11:15a     S
 6  75.3  84.1   5:45p  67.8   7:00a   0.0  10.3  0.00   0.7  14.0  11:15a     S
 7  75.4  81.6   6:00p  69.8   4:30a   0.0  10.4  0.37   0.3  14.0  11:00p     S
 8  74.7  80.5   1:00p  67.8  12:00m   0.0   9.7  0.00   2.3  18.0   5:00p     N
 9  71.6  78.5   5:15p  66.3   2:45a   0.0   6.6  0.00   1.2  13.0   1:15p   ENE
10  72.9  79.0   1:30p  67.9   4:15a   0.0   7.9  0.00   1.7  14.0  11:00a    NE
11  74.7  83.8   5:00p  66.4   7:00a   0.0   9.7  0.00   0.2  12.0  12:30p   WSW
12  75.8  85.9   6:00p  69.8  11:15a   0.0  10.8  0.12   3.1  20.0   7:45a   SSW
13  70.5  79.0   1:45p  64.2  11:30p   0.0   5.5  0.00   4.9  28.0   3:45a     N
14  71.7  82.2   4:15p  61.8   7:00a   0.4   7.1  0.00   2.9  20.0   8:45p     S
15  72.3  75.4  12:45p  68.1   7:30a   0.0   7.3  0.00   0.8  17.0   3:00a     N
16  73.2  80.5   2:15p  62.4  11:45p   0.1   8.3  0.00   1.7  18.0   2:15p     N
17  67.7  77.9   1:30p  59.8  12:00m   1.0   3.7  0.00   4.7  31.0   3:45p     N
18  62.4  68.9   1:30p  57.3   3:45a   3.3   0.7  0.00   2.1  20.0  12:15a     N
19  61.2  64.3   6:30p  57.2  10:45a   3.8   0.0  0.06   0.2  10.0  12:30p     S
20  61.6  66.4   5:45p  57.0   9:30a   3.6   0.1  0.18   2.0  19.0   1:30p   ESE
21  65.1  70.4   2:15p  60.5   2:30a   1.4   1.5  0.00   1.6  14.0   2:15a     E
22  72.3  83.8   4:45p  63.7  12:15a   0.1   7.4  0.00   0.5  19.0  10:00a     S
23  72.9  81.4   5:00p  68.9   7:15a   0.0   7.9  0.78   1.0  33.0  12:15a   SSW
24  72.4  78.5   1:15p  69.1  10:45p   0.0   7.4  0.40   0.3  16.0  12:45a    SW
25  69.3  75.8   5:00p  62.3  10:30a   0.3   4.6  0.20   2.1  21.0   9:30a     N
26  65.6  72.8   5:00p  60.4   7:30a   1.4   2.0  0.00   2.3  18.0  12:15a     N
27  67.9  79.8   5:15p  59.0   7:00a   1.3   4.2  0.00   0.2  11.0   6:30p   WSW
28  73.8  83.8   4:45p  63.9   7:30a   0.0   8.8  0.00   3.5  13.0   9:30a     S
29  74.6  83.6   1:45p  68.4  11:15p   0.0   9.6  0.06   2.8  21.0  11:45p    SW
30  66.4  70.8   1:30p  59.9  12:00m   0.7   2.1  0.00   4.7  25.0  10:30a     N
31  67.1  76.0   5:15p  59.0   2:00a   1.6   3.7  0.00   0.6  12.0   6:00p   ESE
-------------------------------------------------------------------------------------
    71.2  91.8     1    57.0    20    20.0 213.4  2.17   1.9  33.0    23       N

Max >=  90.0:  2
Max <=  32.0:  0
Min <=  32.0:  0
Min <=   0.0:  0
Max Rain: 0.78 ON 08/23/07
Days of Rain: 8 (>.01 in) 6 (>.1 in) 0 (>1 in)
Heat Base:  65.0  Cool Base:  65.0  Method: Integration