NOAA-Style Climate Reports


Report for 2007 October
                   MONTHLY CLIMATOLOGICAL SUMMARY for OCT. 2007

NAME: Vantage Pro Plus   CITY: Sand Point   STATE: MI 
ELEV:   598 ft  LAT:  43° 54' 37" N  LONG:  83° 23' 03" W

                   TEMPERATURE (°F), RAIN  (in), WIND SPEED (mph)

                                      HEAT  COOL        AVG
    MEAN                              DEG   DEG         WIND                 DOM
DAY TEMP  HIGH   TIME   LOW    TIME   DAYS  DAYS  RAIN  SPEED HIGH   TIME    DIR
------------------------------------------------------------------------------------
 1  61.4  64.3   9:45a  58.6  11:45a   3.6   0.0  0.26   4.6  21.0  12:00p     S
 2  62.4  66.0   1:45p  60.1  12:15a   2.6   0.0  0.01   1.1  13.0  11:15p     S
 3  66.4  71.1   4:45p  61.2  12:00m   0.4   1.8  0.00   3.8  29.0  10:45a   WSW
 4  62.4  75.1   5:00p  52.0   7:30a   4.3   1.8  0.00   0.0   6.0  12:15a     S
 5  68.4  78.1   1:45p  62.9   3:15a   0.6   4.0  0.01   0.4  17.0   6:45p     S
 6  73.5  83.4   3:15p  67.3   4:00a   0.0   8.5  0.00   0.2  12.0   7:30a    SW
 7  73.4  84.7   4:15p  65.6   8:45a   0.0   8.4  0.00   0.3  12.0   8:30p   WSW
 8  75.3  84.1   2:30p  70.3   8:00a   0.0  10.3  0.00   0.3  12.0  11:45a   WSW
 9  64.3  73.0  12:15a  57.0   8:00a   2.5   1.8  0.16   3.6  32.0   7:00p    NW
10  51.9  57.6  12:15a  48.3   7:30a  13.1   0.0  0.00   2.4  22.0   3:15a    NW
11  50.7  52.8   5:00a  46.8  12:00m  14.3   0.0  0.28  14.6  42.0   6:30a     N
12  46.6  51.6   1:45p  41.8   8:45a  18.4   0.0  0.00   4.5  26.0  12:30a     N
13  50.8  59.0   4:30p  45.1   1:00a  14.2   0.0  0.00   4.0  26.0   6:00a     W
14  50.9  55.7   3:30p  45.4   6:45a  14.1   0.0  0.00   1.0  16.0  12:15a    NW
15  53.5  59.2   5:00p  48.9   8:30a  11.5   0.0  0.06   0.8  14.0   5:15p   ENE
16  55.4  57.3  11:45p  53.8   1:00a   9.6   0.0  0.22   2.8  21.0   6:00p   ESE
17  59.4  65.2   3:45p  55.1  12:00m   5.6   0.0  0.00   1.4  14.0   1:45p     S
18  63.7  72.0   3:45p  54.5   1:00a   2.9   1.6  0.13   5.4  24.0   3:45p     S
19  60.1  68.6  12:15a  55.4  11:45p   4.9   0.1  0.21  11.8  34.0   2:30p   SSW
20  58.3  64.3   3:15p  55.3   2:30a   6.7   0.0  0.00   6.7  36.0   1:15a   WSW
21  62.9  73.3   2:45p  55.9   1:15a   3.7   1.6  0.00   7.7  17.0  10:15a   SSW
22  61.4  71.6   2:15p  51.0  12:00m   4.5   0.9  0.04   5.3  24.0   7:00p   SSW
23  49.2  53.9   2:45p  46.7   9:15a  15.8   0.0  0.23   5.9  30.0   1:00a     N
24  47.9  51.0   3:00p  44.8  11:00p  17.1   0.0  0.02   6.6  25.0  11:45p     N
25  49.4  55.7   3:00p  44.8  12:15a  15.6   0.0  0.00   3.0  27.0  12:30a   ENE
26  52.6  57.5   4:45p  46.1   3:00a  12.4   0.0  0.04   0.7  14.0   6:45a   ESE
27  50.7  55.4  12:30a  43.9  12:00m  13.4   0.0  0.07   6.3  38.0   3:30p   NNW
28  44.7  51.4   2:15p  41.1   7:00a  20.3   0.0  0.00   2.2  20.0  12:15a   NNW
29  47.4  56.0   3:45p  38.6   4:00a  17.6   0.0  0.00   3.7  20.0  11:45a   SSW
30  50.2  62.1   4:00p  42.3   8:30a  14.8   0.0  0.00   3.4  13.0   4:30p     S
31  52.5  60.1   2:30p  48.3   7:45p  12.5   0.0  0.03   8.1  33.0   7:15p   SSW
-------------------------------------------------------------------------------------
    57.3  84.7     7    38.6    29   277.0  40.8  1.77   4.0  42.0    11       S

Max >=  90.0:  0
Max <=  32.0:  0
Min <=  32.0:  0
Min <=   0.0:  0
Max Rain: 0.28 ON 10/11/07
Days of Rain: 13 (>.01 in) 7 (>.1 in) 0 (>1 in)
Heat Base:  65.0  Cool Base:  65.0  Method: Integration