NOAA-Style Climate Reports


Report for 2007 December
                   MONTHLY CLIMATOLOGICAL SUMMARY for DEC. 2007

NAME: Vantage Pro Plus   CITY: Sand Point   STATE: MI 
ELEV:   598 ft  LAT:  43° 54' 37" N  LONG:  83° 23' 03" W

                   TEMPERATURE (°F), RAIN  (in), WIND SPEED (mph)

                                      HEAT  COOL        AVG
    MEAN                              DEG   DEG         WIND                 DOM
DAY TEMP  HIGH   TIME   LOW    TIME   DAYS  DAYS  RAIN  SPEED HIGH   TIME    DIR
------------------------------------------------------------------------------------
 1  22.2  25.7  12:00m  18.3   2:30a  42.8   0.0  0.08   2.8  28.0  12:15a    NW
 2  32.1  36.5   8:15p  25.3   2:00a  32.9   0.0  0.26   6.0  26.0  11:30p   SSE
 3  28.2  34.1  12:15a  25.1  10:15p  36.8   0.0  0.00  15.2  40.0   6:15a    NW
 4  24.4  28.4   1:30p  21.8   8:00a  40.6   0.0  0.00   9.1  29.0   3:30a   NNW
 5  22.7  26.4   1:45p  19.2   6:45p  42.3   0.0  0.00   9.7  31.0  10:30a     N
 6  23.0  27.0   3:15p  21.0   8:00a  42.0   0.0  0.00   5.9  22.0   3:00a     W
 7  26.4  30.1   8:00p  22.9   4:45a  38.6   0.0  0.00   8.4  25.0  10:15p   SSW
 8  24.4  29.1  12:15a  20.8   8:30p  40.6   0.0  0.00   3.4  25.0   1:30a   WNW
 9  26.5  28.1   2:30p  24.1  12:15a  38.5   0.0  0.00   0.1   6.0  11:30a    NW
10  27.1  31.9   1:00p  23.0   5:30p  37.9   0.0  0.00   0.5  11.0  10:30a    SW
11  29.7  33.1   3:00p  23.2  12:30a  35.3   0.0  0.21   3.3  17.0   8:45a   SSW
12  24.4  32.5  12:30p  11.7  10:45p  40.6   0.0  0.00   2.0  17.0   2:15a   NNW
13  26.9  32.8   6:00p  12.6   4:00a  38.1   0.0  0.00   4.1  29.0   8:30p    SW
14  27.0  32.5  12:15a  20.8   9:45p  38.0   0.0  0.00   5.6  27.0   7:15a   NNW
15  22.3  26.0   7:45p  18.6   1:15a  42.7   0.0  0.02   1.8  16.0   9:00p   ESE
16  24.2  26.6   7:30a  22.4   8:45p  40.8   0.0  0.15  12.6  39.0   9:45a     N
17  24.1  29.8   1:15p  20.6   8:00a  40.9   0.0  0.08   7.8  25.0   9:45p    NW
18  22.5  29.5  12:00m  16.4   8:00a  42.5   0.0  0.00   6.8  20.0  12:15a   SSW
19  32.8  35.3   2:30p  29.5  12:15a  32.2   0.0  0.00   4.0  17.0   3:45p   WNW
20  28.6  34.6   3:15p  22.7   8:30a  36.4   0.0  0.00   1.2   7.0   1:00a    SE
21  30.2  35.5  12:00m  21.9   1:15a  34.8   0.0  0.00   2.6  12.0   7:15a   ESE
22  36.0  38.0  10:45p  34.1   1:15a  29.0   0.0  0.00   7.8  18.0  10:45a     S
23  31.6  42.8   8:45a  19.1  10:00p  33.4   0.0  0.07  19.9  45.0   9:45a    SW
24  26.4  29.4   3:45p  19.9  12:15a  38.6   0.0  0.00  13.1  35.0  12:15a   WSW
25  27.6  29.4   3:45p  24.8  12:00m  37.4   0.0  0.00   8.9  21.0   4:00p    SW
26  29.0  40.2   3:15p  22.7   7:00a  36.0   0.0  0.00   2.0  12.0  12:45a     S
27  30.1  33.2   5:00p  27.3   3:30a  34.9   0.0  0.00   4.1  24.0   6:15p   SSE
28  31.4  34.3  10:30p  28.8   9:45a  33.6   0.0  0.12   3.6  27.0  10:45p   ESE
29  30.4  34.0  12:30a  27.5  11:45p  34.6   0.0  0.00   8.4  32.0   2:15a     W
30  27.1  29.1   1:30p  25.0  11:00p  37.9   0.0  0.00   3.4  19.0  12:30a     S
31  27.2  31.8   3:00p  19.2   8:15a  37.8   0.0  0.00   1.4  11.0   1:45p   SSW
-------------------------------------------------------------------------------------
    27.3  42.8    23    11.7    12  1168.5   0.0  0.99   6.0  45.0    23     SSW

Max >=  90.0:  0
Max <=  32.0: 16
Min <=  32.0: 30
Min <=   0.0:  0
Max Rain: 0.26 ON 12/02/07
Days of Rain: 8 (>.01 in) 4 (>.1 in) 0 (>1 in)
Heat Base:  65.0  Cool Base:  65.0  Method: Integration