NOAA-Style Climate Reports


Report for 2008 January
                   MONTHLY CLIMATOLOGICAL SUMMARY for JAN. 2008

NAME: Vantage Pro Plus   CITY: Sand Point   STATE: MI 
ELEV:   598 ft  LAT:  43° 54' 37" N  LONG:  83° 23' 03" W

                   TEMPERATURE (°F), RAIN  (in), WIND SPEED (mph)

                                      HEAT  COOL        AVG
    MEAN                              DEG   DEG         WIND                 DOM
DAY TEMP  HIGH   TIME   LOW    TIME   DAYS  DAYS  RAIN  SPEED HIGH   TIME    DIR
------------------------------------------------------------------------------------
 1  31.3  34.6   1:45p  28.2  12:00m  33.7   0.0  0.00   9.6  27.0  11:30a     N
 2  21.1  28.2  12:15a  16.7   8:45p  43.9   0.0  0.00   9.0  28.0   7:00a     N
 3  18.0  21.1   2:00p  13.3  10:00a  47.0   0.0  0.00  11.2  31.0   4:45p   SSW
 4  22.2  27.2   3:30p  16.5  12:15a  42.8   0.0  0.00  11.9  25.0  12:15a   SSW
 5  32.5  35.6   9:45p  24.5  12:15a  32.5   0.0  0.00  10.9  20.0   9:45a   SSW
 6  37.6  42.6  10:00p  34.6   8:00a  27.4   0.0  0.00   9.2  19.0   9:45p     S
 7  44.0  51.4  10:00p  39.9   8:15a  21.0   0.0  1.18   8.3  31.0  12:00m   SSW
 8  42.9  48.9   4:30p  39.1   7:30p  22.1   0.0  0.08   8.2  24.0  12:15a   SSW
 9  36.3  44.2  12:45a  31.8  10:30p  28.7   0.0  0.07   8.6  34.0   6:00a     W
10  34.1  39.6   2:45p  30.0   5:30a  30.9   0.0  0.12   3.9  26.0   9:30p     E
11  34.7  39.9   4:30a  32.7  11:15a  30.3   0.0  0.02   9.6  31.0   5:00a     W
12  33.9  38.8   1:15p  31.6  10:15p  31.1   0.0  0.00   2.8  14.0   6:00a   WSW
13  33.6  36.2   4:15p  31.8  12:15a  31.4   0.0  0.00   3.5  12.0  12:00m    SE
14  32.3  33.1   5:30p  30.0  12:00m  32.7   0.0  0.07   5.0  28.0  11:15p   WSW
15  27.3  30.0  12:15a  25.0   8:45a  37.7   0.0  0.02   6.4  28.0  12:15a     N
16  28.5  30.4   2:30p  26.6  12:30a  36.5   0.0  0.00   5.7  19.0  10:15a     S
17  30.6  34.0   5:15p  26.9   5:00a  34.4   0.0  0.00  10.4  43.0  12:00m     S
18  23.4  27.3  12:15a  18.8   9:15a  41.6   0.0  0.00  14.3  44.0  12:15a     W
19  12.7  20.8  12:15a   5.8  11:30p  52.3   0.0  0.00   9.5  27.0   3:45a   WNW
20   8.2  13.3   1:15p   4.5   4:00a  56.8   0.0  0.00  10.4  30.0   7:15a   WNW
21  13.5  18.6   3:00p   8.1  12:15a  51.5   0.0  0.00   5.2  24.0   2:00a     W
22  18.1  25.0   2:15p   8.4   7:00p  46.9   0.0  0.10   2.3  18.0   1:45p     W
23  13.7  17.7   1:45p   7.4   8:30a  51.3   0.0  0.00   2.6  28.0   2:00a     W
24  12.2  22.9   3:15p   4.3   9:45p  52.8   0.0  0.00   2.8  18.0   8:45p    NW
25  13.8  20.5   3:15p   6.9  12:15a  51.2   0.0  0.00   9.8  24.0  12:45p    SW
26  17.7  22.1   4:15p  11.7  10:00p  47.3   0.0  0.00   3.4  14.0   4:15a     S
27  18.5  26.0  11:15p   7.6   4:00a  46.5   0.0  0.00   0.7   7.0   1:30p     S
28  26.5  36.8  12:00m  10.5   5:00a  38.5   0.0  0.07   8.9  31.0  10:00p     S
29  38.2  40.5  11:30p  35.6  12:30a  26.8   0.0  0.15  13.2  28.0   3:30a     S
30  12.1  41.6  12:30a   3.4  10:30a  47.9   0.0  0.02  17.9  53.0   3:15a     W
31  14.7  23.0  12:00m   8.6   5:15a  50.3   0.0  0.00   2.7  22.0  12:30a   WNW
-------------------------------------------------------------------------------------
    25.3  51.4     7     3.4    30  1225.8   0.0  1.90   7.7  53.0    30       S

Max >=  90.0:  0
Max <=  32.0: 16
Min <=  32.0: 26
Min <=   0.0:  0
Max Rain: 1.18 ON 01/07/08
Days of Rain: 11 (>.01 in) 3 (>.1 in) 1 (>1 in)
Heat Base:  65.0  Cool Base:  65.0  Method: Integration