NOAA-Style Climate Reports


Report for 2008 February
                   MONTHLY CLIMATOLOGICAL SUMMARY for FEB. 2008

NAME: Vantage Pro Plus   CITY: Sand Point   STATE: MI 
ELEV:   598 ft  LAT:  43° 54' 37" N  LONG:  83° 23' 03" W

                   TEMPERATURE (°F), RAIN  (in), WIND SPEED (mph)

                                      HEAT  COOL        AVG
    MEAN                              DEG   DEG         WIND                 DOM
DAY TEMP  HIGH   TIME   LOW    TIME   DAYS  DAYS  RAIN  SPEED HIGH   TIME    DIR
------------------------------------------------------------------------------------
 1  27.9  30.7  11:45a  23.0  12:15a  37.1   0.0  0.16   6.4  24.0   3:00a   ENE
 2  27.6  29.5   1:15p  26.4   4:45a  37.4   0.0  0.00   1.9  13.0   4:15p   SSW
 3  29.1  32.7   2:45p  25.4   3:45a  35.9   0.0  0.00   1.9  10.0   1:00a   WSW
 4  32.4  36.2  11:15a  29.0   2:45a  32.2   0.0  0.16   6.0  26.0   9:00p   ESE
 5  34.5  37.0   1:15p  32.5  10:00p  30.5   0.0  0.00   2.0  18.0  11:15p   NNE
 6  29.2  32.8  12:15a  25.1  11:30p  35.8   0.0  0.52  13.1  38.0   5:30p    NE
 7  22.7  25.3  12:15a  18.4   9:00a  42.3   0.0  0.07   7.8  32.0  12:45a   SSW
 8  27.9  31.2   3:00p  24.8  12:15a  37.1   0.0  0.01   4.9  14.0  11:00a   SSW
 9  31.1  33.7   1:00p  27.3  11:45p  33.9   0.0  0.01   9.1  29.0   7:00p    SW
10   7.5  27.3  12:15a   0.1   8:30p  57.5   0.0  0.00  14.7  37.0   6:00a   WNW
11   7.4  16.7   1:45p   1.1  12:15a  57.6   0.0  0.00   8.4  30.0  12:15a     W
12  14.2  20.3  11:45p   6.9   6:15a  50.8   0.0  0.21   2.6  21.0  12:00p   ENE
13  19.2  23.0   7:30p  10.2   7:30a  45.9   0.0  0.02   4.7  22.0   3:45a    SW
14  22.9  29.3   6:45p  13.6   6:30a  42.1   0.0  0.07   8.1  27.0  12:15p   SSW
15  17.6  26.0   2:30p   9.5  12:00m  47.4   0.0  0.00   4.8  22.0  12:45a   NNW
16  12.6  22.9   3:15p   0.0   5:45a  52.4   0.0  0.00   4.5  24.0   2:45p   SSW
17  29.9  40.1  11:30p   9.7  12:45a  35.1   0.0  0.38   9.9  34.0  11:30p     S
18  29.6  38.6  12:15a  18.4  12:00m  35.4   0.0  0.01  12.2  32.0  12:30a    SW
19  17.9  24.8   1:15p  11.1  12:00m  47.1   0.0  0.03   7.8  27.0   1:00a     W
20  13.2  22.1   1:45p   5.4   7:30a  51.8   0.0  0.00   5.0  22.0  10:15a    NW
21  13.3  20.0   1:30p   5.4   7:15a  51.7   0.0  0.00   1.1  14.0   3:00p    SW
22  20.6  30.6   1:00p  14.9  11:00p  44.4   0.0  0.00   0.5  10.0   1:30p   ENE
23  19.4  29.0   2:45p  10.2   5:00a  45.6   0.0  0.00   3.0  12.0   8:15p    SW
24  23.7  32.1   3:00p  14.4   6:30a  41.3   0.0  0.00   6.4  19.0   1:30p    SW
25  28.4  31.5   2:30p  20.8   3:45a  36.6   0.0  0.00   6.7  19.0   1:15p    SW
26  27.0  32.4   3:15a  15.4  11:45p  38.0   0.0  0.06  11.4  36.0   2:30p     N
27  14.7  21.0   1:00p   8.6  12:00m  50.3   0.0  0.00   7.5  22.0  12:15a     N
28  11.8  18.6  12:30p   4.3   6:45a  53.2   0.0  0.00   4.5  17.0   2:00a   SSE
29  22.9  30.1   5:15p  14.6   1:45a  42.1   0.0  0.00   7.7  19.0   8:30a   SSE
-------------------------------------------------------------------------------------
    21.9  40.1    17     0.0    16  1248.5   0.0  1.71   6.4  38.0     6      SW

Max >=  90.0:  0
Max <=  32.0: 20
Min <=  32.0: 28
Min <=   0.0:  1
Max Rain: 0.52 ON 02/06/08
Days of Rain: 10 (>.01 in) 5 (>.1 in) 0 (>1 in)
Heat Base:  65.0  Cool Base:  65.0  Method: Integration