NOAA-Style Climate Reports


Report for 2008 March
                   MONTHLY CLIMATOLOGICAL SUMMARY for MAR. 2008

NAME: Vantage Pro Plus   CITY: Sand Point   STATE: MI 
ELEV:   598 ft  LAT:  43° 54' 37" N  LONG:  83° 23' 03" W

                   TEMPERATURE (°F), RAIN  (in), WIND SPEED (mph)

                                      HEAT  COOL        AVG
    MEAN                              DEG   DEG         WIND                 DOM
DAY TEMP  HIGH   TIME   LOW    TIME   DAYS  DAYS  RAIN  SPEED HIGH   TIME    DIR
------------------------------------------------------------------------------------
 1  25.7  35.3   3:30p  14.4  12:00m  39.3   0.0  0.00   6.2  24.0   9:45a   WNW
 2  27.0  35.8  12:00m  13.1   2:30a  38.0   0.0  0.00   8.4  24.0  10:45a   SSE
 3  35.3  41.2  12:30p  26.7  12:00m  29.7   0.0  0.18   9.0  24.0  10:45a   SSW
 4  24.0  26.9   2:15p  20.5   7:45a  41.0   0.0  0.00  11.2  30.0   2:45p    NE
 5  28.4  32.8   3:15p  22.5   8:00a  36.6   0.0  0.00   7.7  27.0  12:30a    SW
 6  30.8  38.0   1:30p  25.1  12:00m  34.2   0.0  0.00   6.9  21.0  12:00p    SW
 7  21.7  26.1   4:30p  18.3  12:00m  43.3   0.0  0.00   7.1  28.0   9:15p   NNE
 8  19.8  24.2  11:30a  14.4  12:00m  45.2   0.0  0.00  14.3  33.0   2:00p     N
 9  18.8  27.3   6:00p   9.3   7:30a  44.3   0.0  0.00   3.4  18.0  12:15a    NW
10  24.6  31.3   2:00p  17.8   7:30a  40.4   0.0  0.00   2.2  12.0  10:45a   SSW
11  28.7  35.6   6:30p  22.1   4:15a  36.3   0.0  0.01   8.4  33.0   7:15p    SW
12  30.0  33.2   2:45a  26.7  12:00m  35.0   0.0  0.00   6.0  25.0  10:00a     N
13  31.6  39.5   6:00p  26.4   2:30a  33.4   0.0  0.00   5.9  22.0   6:15a   SSE
14  36.0  45.7   3:00p  28.7   8:45a  28.1   0.0  0.00   3.3  20.0  10:00p    SW
15  33.5  40.5  12:45p  29.8   6:30a  31.5   0.0  0.00   3.1  19.0   8:30p     N
16  28.5  32.4   2:45p  24.7  10:00p  36.5   0.0  0.00   6.7  27.0   8:45a     N
17  28.9  34.9   2:15p  21.0   4:30a  36.1   0.0  0.00   3.5  14.0   8:30p   SSE
18  34.1  37.8   8:15p  30.6   2:15a  30.9   0.0  0.04   5.0  22.0   9:45a     S
19  35.7  41.8   2:00p  31.8  12:00m  29.3   0.0  0.00   1.7  14.0   9:15p     N
20  30.4  37.9   3:15p  25.7   7:30a  34.6   0.0  0.00   8.4  25.0  10:45a    NW
21  25.9  29.7   1:30p  21.8   7:00a  39.1   0.0  0.00   4.2  18.0   1:30a    NE
22  28.9  34.1   1:15p  24.8   1:15a  36.1   0.0  0.00   3.8  20.0  12:30p    NE
23  30.0  37.9   2:45p  23.9  12:00m  34.7   0.0  0.00   3.3  25.0   8:15p     N
24  24.1  31.3   6:00p  16.7   7:15a  40.9   0.0  0.00   4.0  20.0   1:30a     N
25  32.1  37.9  11:30p  24.5  12:15a  32.9   0.0  0.00  14.6  49.0  10:45a     S
26  35.2  42.9   4:45p  29.0   7:00a  29.8   0.0  0.00   4.7  21.0  12:45a   WSW
27  32.0  35.0   2:30p  29.7   9:45p  33.0   0.0  0.00   5.4  21.0   4:45a    NE
28  31.6  38.8   3:00p  26.7   7:30a  33.4   0.0  0.00   6.5  24.0   6:30a     N
29  31.2  37.8   4:45p  26.0   8:00a  33.8   0.0  0.00   3.4  19.0   7:00p     N
30  35.1  42.8   4:30p  28.4   4:30a  29.9   0.0  0.00   6.6  20.0  11:15a   SSE
31  37.7  48.8  11:30p  34.1   3:15p  27.3   0.0  0.97   5.4  27.0  10:45p    NE
-------------------------------------------------------------------------------------
    29.6  48.8    31     9.3     9  1094.6   0.0  1.20   6.1  49.0    25       N

Max >=  90.0:  0
Max <=  32.0:  7
Min <=  32.0: 30
Min <=   0.0:  0
Max Rain: 0.97 ON 03/31/08
Days of Rain: 3 (>.01 in) 2 (>.1 in) 0 (>1 in)
Heat Base:  65.0  Cool Base:  65.0  Method: Integration