NOAA-Style Climate Reports


Report for 2008 April
                   MONTHLY CLIMATOLOGICAL SUMMARY for APR. 2008

NAME: Vantage Pro Plus   CITY: Sand Point   STATE: MI 
ELEV:   598 ft  LAT:  43° 54' 37" N  LONG:  83° 23' 03" W

                   TEMPERATURE (°F), RAIN  (in), WIND SPEED (mph)

                                      HEAT  COOL        AVG
    MEAN                              DEG   DEG         WIND                 DOM
DAY TEMP  HIGH   TIME   LOW    TIME   DAYS  DAYS  RAIN  SPEED HIGH   TIME    DIR
------------------------------------------------------------------------------------
 1  39.4  50.1   6:15a  30.7  12:00m  25.6   0.0  0.00  15.5  38.0   9:45a   SSW
 2  34.5  43.9   5:15p  27.3   7:00a  30.5   0.0  0.00   4.1  22.0   1:15a   WSW
 3  38.3  51.1   1:30p  30.1   6:00a  26.7   0.0  0.00   5.0  18.0  12:15a     S
 4  38.5  42.9   3:30p  36.2  11:30p  26.5   0.0  0.01   2.6  17.0  12:15p    NE
 5  44.7  59.2   4:30p  33.4   7:15a  20.3   0.0  0.00   4.9  17.0   4:15p    SW
 6  48.7  61.6   3:30p  38.0   7:00a  16.3   0.0  0.00   5.1  20.0   3:45p    SE
 7  51.0  65.5   3:15p  41.5  12:00m  14.0   0.0  0.00  11.9  32.0   9:00p   SSE
 8  43.2  50.5   5:45p  39.3   7:00a  21.6   0.0  0.00   4.7  20.0  11:30p    NE
 9  45.9  53.9   3:15a  40.1  12:00m  19.1   0.0  2.06  11.6  37.0   8:00a    NW
10  37.8  41.2   1:30p  35.9   7:00a  27.2   0.0  0.18   7.4  30.0   5:15p    NE
11  39.4  46.2   5:30p  36.9   2:15a  25.6   0.0  0.33   8.4  37.0   5:45p    NE
12  36.7  38.3  12:15a  35.3   7:00p  28.3   0.0  0.00   8.5  31.0  10:15p   NNE
13  35.7  38.8  10:30p  33.1   7:15a  29.3   0.0  0.00  12.0  35.0  12:45a   NNE
14  38.7  45.5   2:15p  32.5   3:30p  25.7   0.0  0.00   6.8  22.0   2:30a    NE
15  45.1  58.2   4:30p  32.8   5:45a  19.9   0.0  0.00   4.6  17.0   9:15p    SW
16  57.2  67.5   4:15p  48.2   3:15a   8.1   0.2  0.00  16.5  35.0   6:30p   SSW
17  57.7  72.0   4:30p  46.7  11:15p   8.2   0.9  0.00   6.4  18.0  12:15a   SSW
18  63.0  81.2   4:00p  46.7   3:45a   6.5   4.6  0.00   3.0  14.0   3:30a   WSW
19  56.6  65.7  12:15a  44.4   9:45a   8.4   0.0  0.00   7.7  21.0   2:00p   NNE
20  53.0  61.1   9:45p  48.3  11:15a  12.0   0.0  0.00   8.1  22.0   5:00a   NNE
21  60.5  74.5   5:15p  50.9   8:15a   5.9   1.4  0.00   5.1  20.0   6:15p    SE
22  64.8  76.8   1:30p  51.1  12:30a   2.9   2.7  0.00   6.5  18.0   7:45a     S
23  62.8  68.6   1:15p  55.2   9:45a   2.8   0.6  0.00   4.4  16.0  12:30a    NE
24  63.8  76.6   3:15p  51.8   6:45a   4.4   3.2  0.00   5.5  17.0   4:15p   SSE
25  68.2  78.0   3:15p  56.9   5:15a   1.9   5.1  0.07   9.5  24.0   3:30p     S
26  59.8  71.2  12:15a  52.3  11:30a   6.0   0.8  0.00  12.3  38.0   9:15a    SW
27  53.3  60.6   1:45p  44.2  11:00p  11.7   0.0  0.00   7.2  32.0  12:45a   WSW
28  45.9  50.3   2:45p  42.3   6:15a  19.1   0.0  0.00   9.0  26.0   5:45a    NE
29  43.4  52.4   3:00p  37.3   6:00a  21.6   0.0  0.00   6.5  26.0  12:15a     N
30  48.5  58.5   3:00p  39.6   6:45a  16.5   0.0  0.00   4.7  16.0  11:15a    SW
-------------------------------------------------------------------------------------
    49.2  81.2    18    27.3     2   492.6  19.5  2.65   7.5  38.0     1      NE

Max >=  90.0:  0
Max <=  32.0:  0
Min <=  32.0:  3
Min <=   0.0:  0
Max Rain: 2.06 ON 04/09/08
Days of Rain: 4 (>.01 in) 3 (>.1 in) 1 (>1 in)
Heat Base:  65.0  Cool Base:  65.0  Method: Integration