NOAA-Style Climate Reports


Report for 2008 May
                   MONTHLY CLIMATOLOGICAL SUMMARY for MAY. 2008

NAME: Vantage Pro Plus   CITY: Sand Point   STATE: MI 
ELEV:   598 ft  LAT:  43° 54' 37" N  LONG:  83° 23' 03" W

                   TEMPERATURE (°F), RAIN  (in), WIND SPEED (mph)

                                      HEAT  COOL        AVG
    MEAN                              DEG   DEG         WIND                 DOM
DAY TEMP  HIGH   TIME   LOW    TIME   DAYS  DAYS  RAIN  SPEED HIGH   TIME    DIR
------------------------------------------------------------------------------------
 1  52.0  65.0   2:45p  42.9   3:15a  13.0   0.0  0.00   7.4  22.0   4:15p   SSE
 2  55.9  70.5   4:00p  46.6   5:45a   9.3   0.1  0.19   8.6  29.0   4:45p     S
 3  59.6  68.7   2:00p  45.7  12:00m   5.5   0.2  0.10   8.8  31.0   3:15a     S
 4  51.8  62.7   5:45p  41.2   6:00a  13.2   0.0  0.05   6.4  35.0  12:30a    SW
 5  55.3  71.4   2:45p  43.9  12:00m  10.5   0.8  0.00   6.9  24.0   6:00p     S
 6  52.1  65.3   2:45p  42.7   3:15a  12.9   0.0  0.00   3.0  16.0  11:45a     E
 7  58.5  64.8  11:30a  48.5  12:00m   6.5   0.0  0.15   8.5  27.0   9:45p     S
 8  48.8  56.1   6:00p  44.4   6:45a  16.2   0.0  0.00   5.1  21.0   1:00a     N
 9  49.6  57.0  11:30a  43.6   6:00a  15.4   0.0  0.00   5.0  19.0   1:15p    NE
10  55.7  65.9   6:15p  47.2   6:45a   9.3   0.0  0.00   3.0  14.0   9:30p     N
11  53.2  59.4  11:45a  50.2   4:00a  11.8   0.0  0.09   5.9  24.0  10:30a   NNE
12  51.5  55.9   5:15p  48.4   6:00a  13.5   0.0  0.08   6.6  26.0   3:30a     N
13  57.7  70.0   3:45p  45.7   3:15a   8.0   0.7  0.00   4.6  24.0   6:15p     S
14  54.5  59.2   8:15a  44.6  11:45p  10.5   0.0  0.09   7.2  22.0   2:00a     S
15  49.6  55.2   4:45p  44.6  12:15a  15.4   0.0  0.00   5.6  20.0   1:00a    NE
16  56.0  68.7   3:15p  44.0   3:15a   9.4   0.5  0.00   1.5  20.0  10:45p    SW
17  60.4  69.2   4:00p  53.9  10:00p   5.1   0.6  0.00   4.6  30.0   6:00p    NW
18  50.1  54.3  12:45a  42.4  11:45p  14.9   0.0  0.15   8.1  32.0   9:15p   NNW
19  50.8  62.3   5:00p  41.7   1:45a  14.2   0.0  0.00   5.6  31.0   7:00a    NW
20  53.9  65.4   4:00p  45.4  12:00m  11.1   0.0  0.00   3.8  28.0  10:30p     N
21  46.2  52.8   4:00p  40.2   6:30a  18.8   0.0  0.01   8.4  31.0   5:30p   NNW
22  51.7  61.6   5:00p  45.7   5:15a  13.3   0.0  0.00   4.4  25.0  12:30a     N
23  52.6  58.4   5:15p  46.9   5:30a  12.4   0.0  0.00   4.7  19.0   8:00a    NE
24  54.4  62.0   5:15p  48.1   5:15a  10.6   0.0  0.00   4.3  22.0  10:45a    NE
25  61.5  73.2   3:45p  47.6   6:45a   5.8   2.3  0.00   2.6  13.0   8:00p     S
26  68.2  77.1   3:00p  52.8  12:00m   0.8   4.0  0.00   4.3  20.0  12:30p     S
27  46.6  52.8  12:15a  42.6   9:15a  18.4   0.0  0.00   9.9  33.0   2:00a    NE
28  53.7  64.0   5:45p  42.7   7:00a  11.3   0.0  0.00   2.4  16.0  12:30a   SSW
29  63.0  74.1   3:45p  52.1   6:30a   4.4   2.4  0.00   1.9  16.0  10:30a    SW
30  61.3  67.5  11:30p  56.8   9:30a   3.8   0.1  0.32   2.9  25.0  12:45p     S
31  65.7  74.6   4:00p  59.5  12:00m   1.3   2.0  0.23   4.1  35.0   4:00a     W
-------------------------------------------------------------------------------------
    54.9  77.1    26    40.2    21   326.6  13.7  1.46   5.4  35.0     4      NE

Max >=  90.0:  0
Max <=  32.0:  0
Min <=  32.0:  0
Min <=   0.0:  0
Max Rain: 0.32 ON 05/30/08
Days of Rain: 10 (>.01 in) 5 (>.1 in) 0 (>1 in)
Heat Base:  65.0  Cool Base:  65.0  Method: Integration