NOAA-Style Climate Reports


Report for 2008 June
                   MONTHLY CLIMATOLOGICAL SUMMARY for JUN. 2008

NAME: Vantage Pro Plus   CITY: Sand Point   STATE: MI 
ELEV:   598 ft  LAT:  43° 54' 37" N  LONG:  83° 23' 03" W

                   TEMPERATURE (°F), RAIN  (in), WIND SPEED (mph)

                                      HEAT  COOL        AVG
    MEAN                              DEG   DEG         WIND                 DOM
DAY TEMP  HIGH   TIME   LOW    TIME   DAYS  DAYS  RAIN  SPEED HIGH   TIME    DIR
------------------------------------------------------------------------------------
 1  62.5  71.5   6:00p  54.4   6:00a   4.0   1.5  0.00   2.0  22.0   4:15a    NW
 2  68.0  80.5   4:15p  60.6   3:00a   1.5   4.4  0.00   1.9  33.0   7:00p   WSW
 3  57.4  62.1   1:30p  54.2   8:30p   7.6   0.0  0.01   5.4  24.0   3:15p    NE
 4  62.0  69.0   6:45p  54.2   1:00a   3.5   0.4  0.00   2.1  20.0   2:30p   ESE
 5  68.4  75.1   7:15p  64.2   5:30a   0.1   3.5  0.74   1.1  27.0   1:15p     S
 6  75.3  86.4   2:30p  66.4   2:30a   0.0  10.3  0.07   5.2  28.0   6:15p   SSW
 7  77.5  85.4   4:15p  70.4   6:30a   0.0  12.5  0.00   5.5  36.0  11:45p   SSW
 8  72.9  82.5   2:30p  69.2   6:30a   0.0   7.9  0.84   4.1  33.0   5:15p   SSW
 9  72.9  79.7   4:15p  68.4   3:45a   0.0   7.9  0.15   2.3  22.0   5:15p   WSW
10  69.8  73.9   5:00p  63.5   9:30a   0.0   4.9  0.08   2.2  22.0   2:30p   WSW
11  64.4  70.2  12:15a  57.4  11:00p   1.7   1.1  0.00   3.1  19.0  12:30a    NE
12  70.2  79.6   5:30p  58.0  12:15a   1.5   6.7  0.00   2.7  16.0   2:15a     S
13  74.8  83.9   4:15p  67.9   7:15a   0.0   9.8  0.12   4.1  32.0   7:45p     S
14  73.0  79.4   6:00p  66.6   7:15a   0.0   8.0  0.01   2.4  20.0   5:00a    SW
15  71.3  79.7   4:15p  62.9  11:15p   0.1   6.4  0.11   2.5  21.0   3:30p    SW
16  63.2  70.0   2:00p  59.1  12:00m   2.3   0.5  0.13   3.5  26.0  10:00p     N
17  57.0  60.3   4:15p  53.6  10:00p   8.0   0.0  0.09   4.2  26.0   1:15p    NW
18  57.2  63.5   1:00p  51.6   5:15a   7.8   0.0  0.00   2.5  25.0  12:45a     N
19  58.8  64.8   6:45p  54.7   5:00a   6.2   0.0  0.11   1.7  16.0  12:45a    NW
20  65.3  76.4   6:00p  56.7   3:15a   2.9   3.3  0.00   0.7  12.0  12:00m     S
21  69.1  77.6   3:30p  63.4  11:45p   0.2   4.3  0.00   1.8  19.0   7:15p    SW
22  66.5  76.2   3:00p  60.4   5:45a   1.1   2.7  0.01   0.6  24.0   4:30p    NW
23  65.6  73.1   1:15p  61.6  12:00m   1.2   1.8  0.02   1.7  16.0   7:45a    NE
24  68.5  77.4   5:45p  60.9  12:30a   1.2   4.7  0.00   0.8  10.0   4:30a     S
25  72.6  80.9   1:45p  65.6   6:30a   0.0   7.6  0.00   1.6  14.0   2:15p   SSW
26  73.8  84.3   3:30p  67.7  11:00p   0.0   8.8  0.01   1.5  24.0   4:15p   WSW
27  73.4  83.1   6:00p  65.8   4:00a   0.0   8.4  1.25   1.3  27.0  11:15p    NE
28  73.7  81.2   1:45p  66.3  11:45p   0.0   8.7  0.28   2.5  32.0   9:30p    SW
29  67.6  73.8   5:30p  63.8  12:00m   0.0   2.6  0.18   3.0  26.0  10:30p    SW
30  66.4  73.4   6:15p  60.7   6:00a   1.3   2.6  0.01   4.3  28.0   8:15a     N
-------------------------------------------------------------------------------------
    68.0  86.4     6    51.6    18    52.2 141.3  4.22   2.6  36.0     7      SW

Max >=  90.0:  0
Max <=  32.0:  0
Min <=  32.0:  0
Min <=   0.0:  0
Max Rain: 1.25 ON 06/27/08
Days of Rain: 14 (>.01 in) 10 (>.1 in) 1 (>1 in)
Heat Base:  65.0  Cool Base:  65.0  Method: Integration