NOAA-Style Climate Reports


Report for 2008 July
                   MONTHLY CLIMATOLOGICAL SUMMARY for JUL. 2008

NAME: Vantage Pro Plus   CITY: Sand Point   STATE: MI 
ELEV:   598 ft  LAT:  43° 54' 37" N  LONG:  83° 23' 03" W

                   TEMPERATURE (°F), RAIN  (in), WIND SPEED (mph)

                                      HEAT  COOL        AVG
    MEAN                              DEG   DEG         WIND                 DOM
DAY TEMP  HIGH   TIME   LOW    TIME   DAYS  DAYS  RAIN  SPEED HIGH   TIME    DIR
------------------------------------------------------------------------------------
 1  70.3  79.2   5:15p  60.4   6:15a   0.9   6.2  0.00   1.4  18.0   9:15p    SW
 2  71.2  78.3   2:00p  67.2  12:00m   0.0   6.2  0.12   5.0  27.0   7:30p   SSW
 3  63.7  67.2  12:15a  59.5  10:30p   1.6   0.3  0.01   5.1  26.0   6:45a    NE
 4  65.1  72.4   1:15p  56.8   2:30a   2.3   2.5  0.00   0.5   8.0   1:45p   NNE
 5  70.2  80.3   6:30p  62.3   5:45a   0.5   5.7  0.00   0.0   8.0  10:15a     S
 6  73.4  81.2   4:45p  65.4   4:30a   0.0   8.4  0.00   1.5  11.0   1:30a     S
 7  74.6  82.3   3:15p  71.0   8:15a   0.0   9.6  0.04   3.8  28.0   4:15p     S
 8  76.3  81.4   6:15p  72.9   1:45a   0.0  11.3  0.05   3.3  21.0   4:45p   WSW
 9  73.2  79.2   6:15p  67.1  10:00p   0.0   8.2  0.00   2.9  21.0   3:00a   WSW
10  71.6  82.7   5:15p  60.6   5:15a   0.7   7.3  0.00   1.9  24.0  10:45p     S
11  68.0  73.2   6:15p  63.8   3:15a   0.1   3.1  0.16   1.6  14.0  12:30a    NE
12  76.0  81.8   5:00p  69.2  12:30a   0.0  11.0  0.00   4.5  26.0  11:15p     S
13  71.6  77.8   1:30p  68.5   6:00a   0.0   6.6  0.00   5.6  30.0  12:45p     W
14  68.4  74.4   5:15p  62.9  12:00m   0.1   3.5  0.00   1.8  27.0   1:15a    NW
15  72.8  83.5   5:45p  61.5   4:15a   0.7   8.4  0.00   3.0  16.0   3:00p   SSW
16  75.4  81.0   5:15p  70.0  12:00m   0.0  10.4  0.25   2.8  28.0   9:00p    NE
17  76.1  85.4   6:15p  69.0   4:45a   0.0  11.1  0.00   1.1  16.0   9:45a   WSW
18  76.6  81.0   5:00p  71.7   1:45a   0.0  11.1  0.00   1.5  19.0   7:00p    SW
19  73.7  79.0   2:30p  69.0  11:30p   0.0   8.6  0.17   1.4  12.0   3:00p    NE
20  70.6  76.2   5:15p  68.4   9:15a   0.0   5.4  0.41   1.6  13.0   6:30a     N
21  72.3  79.0   2:00p  68.4  12:00m   0.0   7.3  0.01   2.2  14.0   4:15a    NE
22  69.6  76.5   1:30p  66.6   7:00a   0.0   4.6  0.19   4.3  26.0  12:00m     N
23  70.7  76.2   5:30p  65.4   6:15a   0.0   5.7  0.02   4.8  28.0   2:00a     N
24  71.5  79.0   4:30p  63.8   6:45a   0.1   6.6  0.00   1.6  14.0   6:15a     N
25  74.7  81.2   3:45p  67.5   6:45a   0.0   9.7  0.00   1.9  20.0  10:00p    SW
26  76.0  82.9   1:45p  71.0  12:00m   0.0  11.0  0.00   3.6  22.0  12:15a   WSW
27  74.5  81.8   6:00p  68.9   6:15a   0.0   9.5  0.00   2.8  22.0   6:15a   WNW
28  72.1  78.3   3:45p  65.8  12:00m   0.0   7.1  0.00   2.2  17.0   2:30a    NE
29  72.9  82.3   2:00p  63.1   5:00a   0.2   8.1  0.00   0.6  10.0   2:45p   NNE
30  77.9  85.2   3:30p  70.4   4:45a   0.0  12.9  0.23   3.6  26.0   4:15a     W
31  74.9  82.2   5:00p  70.0   7:30a   0.0   9.9  0.00   1.8  17.0   2:45a   WSW
-------------------------------------------------------------------------------------
    72.4  85.4    17    56.8     4     7.2 237.3  1.66   2.6  30.0    13     WSW

Max >=  90.0:  0
Max <=  32.0:  0
Min <=  32.0:  0
Min <=   0.0:  0
Max Rain: 0.41 ON 07/20/08
Days of Rain: 10 (>.01 in) 7 (>.1 in) 0 (>1 in)
Heat Base:  65.0  Cool Base:  65.0  Method: Integration