NOAA-Style Climate Reports


Report for 2008 August
                   MONTHLY CLIMATOLOGICAL SUMMARY for AUG. 2008

NAME: Vantage Pro Plus   CITY: Sand Point   STATE: MI 
ELEV:   598 ft  LAT:  43° 54' 37" N  LONG:  83° 23' 03" W

                   TEMPERATURE (°F), RAIN  (in), WIND SPEED (mph)

                                      HEAT  COOL        AVG
    MEAN                              DEG   DEG         WIND                 DOM
DAY TEMP  HIGH   TIME   LOW    TIME   DAYS  DAYS  RAIN  SPEED HIGH   TIME    DIR
------------------------------------------------------------------------------------
 1  74.4  82.3   6:30p  67.2   6:15a   0.0   9.4  0.00   0.2  10.0  11:30p    SW
 2  70.8  76.9   1:45p  65.6   9:30a   0.0   5.8  0.00   3.7  19.0   8:15a     N
 3  73.7  81.0   5:00p  66.3   7:30a   0.0   8.7  0.00   1.0  13.0   2:15a     N
 4  74.2  82.5   6:00p  69.0   6:15a   0.0   9.2  0.01   0.3  16.0   2:00p     S
 5  77.4  84.5   4:45p  71.5   7:15a   0.0  12.4  0.08   0.5  17.0   3:15a   WSW
 6  75.2  84.3   1:15p  66.1  12:00m   0.0  10.2  0.12   2.9  33.0   8:30p     N
 7  68.6  79.4   1:45p  62.7   3:30p   0.1   3.6  0.37   2.9  28.0   7:15p     N
 8  68.5  76.4   1:45p  63.1   7:00a   0.3   3.8  0.01   4.4  24.0   3:45a     N
 9  64.4  67.5   9:00a  59.1   5:30p   1.0   0.4  0.61   3.5  25.0  10:15p     N
10  61.8  66.4   6:15p  58.6   4:30a   3.3   0.1  0.34   8.4  33.0  10:00a     N
11  66.9  73.1   5:00p  63.1   7:15a   0.3   2.3  0.00   3.1  20.0   3:00a     N
12  69.3  76.9   5:15p  61.8   3:45a   0.6   4.9  0.00   0.2   8.0   7:15a    SW
13  68.2  75.8   1:00p  62.6  11:30p   0.2   3.4  0.00   1.5  21.0   3:45p    NE
14  68.0  74.3   1:45p  62.6   2:15a   0.3   3.3  0.00   3.1  17.0   2:45p    NE
15  68.1  75.0   1:45p  63.4   6:45a   0.2   3.3  0.00   2.3  17.0   8:15a     N
16  71.9  81.2   5:15p  64.8   6:45a   0.0   6.9  0.00   0.9  16.0  11:45p   WNW
17  74.5  83.1   4:45p  67.7   7:00a   0.0   9.5  0.00   1.4  19.0   7:00p   WSW
18  75.5  84.3   5:15p  67.5  12:00m   0.0  10.5  0.05   2.6  36.0   9:15p   WSW
19  64.4  69.2   1:30p  58.1  12:00m   1.4   0.8  0.00   5.2  24.0   4:00a    NE
20  64.9  74.8   1:45p  54.2   7:00a   3.3   3.2  0.00   1.1  13.0   4:30p     N
21  70.5  79.2   1:15p  62.6   5:00a   0.5   6.0  0.00   1.0  13.0   2:00p     S
22  75.3  81.0   6:00p  71.4   7:45a   0.0  10.3  0.00   0.7  18.0   6:15a     S
23  76.9  87.2   2:15p  70.0  12:00m   0.0  11.9  0.25   2.2  33.0   5:45p     S
24  70.7  77.2   2:00p  65.1  12:00m   0.0   5.7  0.00   2.6  22.0  10:45p     N
25  64.1  70.2   2:00p  59.2  10:15p   1.9   1.0  0.00   4.9  26.0   1:15a     N
26  66.2  77.4   2:00p  56.7   4:45a   2.2   3.4  0.00   1.0  18.0   5:45p   ENE
27  68.7  80.7   4:30p  56.7   5:00a   1.8   5.5  0.00   1.0  16.0   5:00p   ESE
28  67.1  70.5   3:00p  64.2   5:00a   0.1   2.1  0.00   1.8  10.0  11:45p     S
29  69.5  76.2   5:00p  64.5   2:15a   0.0   4.6  0.14   1.8  12.0   2:00p     S
30  71.3  80.7   5:15p  63.1   2:45a   0.3   6.6  0.00   0.3  13.0   2:00p   WSW
31  72.9  83.5   2:15p  64.3   7:00a   0.0   7.9  0.00   0.2   8.0   9:00p     N
-------------------------------------------------------------------------------------
    70.1  87.2    23    54.2    20    17.8 176.7  1.98   2.2  36.0    18       N

Max >=  90.0:  0
Max <=  32.0:  0
Min <=  32.0:  0
Min <=   0.0:  0
Max Rain: 0.61 ON 08/09/08
Days of Rain: 8 (>.01 in) 6 (>.1 in) 0 (>1 in)
Heat Base:  65.0  Cool Base:  65.0  Method: Integration