NOAA-Style Climate Reports


Report for 2008 September
                   MONTHLY CLIMATOLOGICAL SUMMARY for SEP. 2008

NAME: Vantage Pro Plus   CITY: Sand Point   STATE: MI 
ELEV:   598 ft  LAT:  43° 54' 37" N  LONG:  83° 23' 03" W

                   TEMPERATURE (°F), RAIN  (in), WIND SPEED (mph)

                                      HEAT  COOL        AVG
    MEAN                              DEG   DEG         WIND                 DOM
DAY TEMP  HIGH   TIME   LOW    TIME   DAYS  DAYS  RAIN  SPEED HIGH   TIME    DIR
------------------------------------------------------------------------------------
 1  73.6  85.4   2:30p  66.6   7:15a   0.0   8.6  0.00   0.5  11.0   3:45p   SSE
 2  73.5  82.9   2:15p  65.9   7:00a   0.0   8.5  0.00   0.3   8.0   4:00p    NE
 3  71.6  79.7   1:00p  66.4  12:00m   0.0   6.6  0.00   2.0  22.0  11:45p     S
 4  65.7  70.2   2:45p  61.0   4:00a   0.9   1.6  0.39   5.0  25.0   3:30a    NE
 5  66.8  70.9   5:30p  64.5   9:00a   0.0   1.8  0.72   3.4  25.0  12:15a     N
 6  66.9  72.4   2:00p  61.3   7:30a   0.6   2.5  0.00   1.3  16.0   2:30a     N
 7  66.6  73.1   3:45p  63.1   7:30a   0.4   2.1  0.01   2.2  24.0   4:15p   WSW
 8  62.9  70.0   1:45p  55.9  12:00m   2.7   0.5  0.26   1.7  24.0  12:15a     W
 9  59.7  67.4   2:15p  55.5   1:00a   5.4   0.1  0.06   2.6  16.0   5:30a     N
10  61.4  70.5   2:00p  54.0   8:15a   4.3   0.7  0.00   1.0  12.0   6:00p   NNE
11  63.7  73.6   5:15p  54.9   7:15a   3.3   2.0  0.00   0.4  17.0  11:30p     S
12  68.3  75.1   5:30p  64.0  11:30p   0.1   3.3  0.02   1.9  18.0  12:15a    SW
13  67.2  71.5   9:45p  63.8   6:30a   0.3   2.5  0.37   0.4  14.0  11:30p     S
14  66.7  72.2   3:15a  60.1  12:00m   1.4   3.1  1.18   5.3  28.0   6:30p     N
15  56.6  62.6   2:00p  52.7   7:45a   8.4   0.0  0.07   2.2  22.0  12:45a     N
16  59.0  67.4   5:30p  50.5   3:00a   6.2   0.2  0.00   1.1  11.0   9:15a   SSW
17  64.5  71.0   2:00p  59.4   1:45a   1.8   1.2  0.00   3.3  20.0   9:45p   WSW
18  60.4  67.4   2:00p  53.6  11:30p   4.7   0.2  0.00   4.2  21.0   4:45a     N
19  62.1  71.0   5:00p  53.9   1:15a   4.5   1.7  0.00   2.4  11.0  12:30p     S
20  66.6  76.5   5:30p  59.5   7:00a   1.7   3.3  0.15   3.0  16.0  11:45p     S
21  60.1  64.8   2:00p  53.6  11:45p   4.9   0.0  0.01   3.6  18.0   1:00a    NE
22  60.5  69.7   1:30p  52.4   7:00a   5.3   0.8  0.00   1.1  13.0   4:15p    NE
23  64.3  76.0   1:45p  56.2   8:15a   3.0   2.3  0.00   2.4  12.0  11:30p     S
24  67.9  79.2   3:30p  58.7   6:30a   1.8   4.8  0.00   2.6  11.0   1:00a     S
25  66.2  72.7  12:30p  60.7   7:30a   0.7   1.9  0.00   2.3  13.0   2:30p    NE
26  65.0  73.9   5:00p  58.4   8:15a   1.8   1.8  0.00   1.6  12.0   2:00p    NE
27  63.5  71.0   1:45p  57.4   5:30a   2.8   1.3  0.00   1.5  16.0   4:15p     N
28  61.1  64.3   9:45a  59.2  12:15a   3.9   0.0  0.00   4.6  26.0  11:00a   NNE
29  59.6  65.3   3:30p  55.2   9:30p   5.4   0.0  0.09   0.7  13.0   4:00p   ESE
30  58.1  64.5   1:15p  53.6  12:00m   6.9   0.0  0.01   2.2  25.0   8:15p   NNW
-------------------------------------------------------------------------------------
    64.3  85.4     1    50.5    16    83.2  63.4  3.34   2.2  28.0    14       S

Max >=  90.0:  0
Max <=  32.0:  0
Min <=  32.0:  0
Min <=   0.0:  0
Max Rain: 1.18 ON 09/14/08
Days of Rain: 10 (>.01 in) 6 (>.1 in) 1 (>1 in)
Heat Base:  65.0  Cool Base:  65.0  Method: Integration