NOAA-Style Climate Reports


Report for 2008 October
                   MONTHLY CLIMATOLOGICAL SUMMARY for OCT. 2008

NAME: Vantage Pro Plus   CITY: Sand Point   STATE: MI 
ELEV:   598 ft  LAT:  43° 54' 37" N  LONG:  83° 23' 03" W

                   TEMPERATURE (°F), RAIN  (in), WIND SPEED (mph)

                                      HEAT  COOL        AVG
    MEAN                              DEG   DEG         WIND                 DOM
DAY TEMP  HIGH   TIME   LOW    TIME   DAYS  DAYS  RAIN  SPEED HIGH   TIME    DIR
------------------------------------------------------------------------------------
 1  51.8  56.4   1:30p  46.8  11:30p  13.2   0.0  0.00   8.1  29.0   6:00a     N
 2  50.8  55.9   2:30p  46.9  12:15a  14.2   0.0  0.02   4.9  31.0  12:15a    NW
 3  48.7  55.3   2:00p  42.6   6:30a  16.3   0.0  0.00   4.6  22.0   1:30a   NNW
 4  51.3  57.3   1:30p  46.9   5:30a  13.7   0.0  0.00   1.8  14.0  12:45a     N
 5  52.1  59.5   2:00p  45.4   5:30a  12.9   0.0  0.00   1.0  11.0   9:15a   NNW
 6  52.3  59.8  12:45p  43.9  11:00p  12.7   0.0  0.00   2.3  21.0   3:00p     E
 7  52.0  61.5   3:15p  42.4   3:15a  13.0   0.0  0.00   0.7  13.0   7:00p   SSE
 8  57.3  61.2   4:45p  54.0  12:30a   7.7   0.0  0.17   4.5  24.0   7:00p     S
 9  58.7  65.6   2:30p  52.8   5:15a   6.4   0.0  0.00   3.9  22.0   8:00p     W
10  55.8  64.6   4:30p  47.5   8:00a   9.2   0.0  0.00   0.8  17.0  12:45a   WSW
11  59.1  71.0   3:45p  49.0   3:45a   7.0   1.1  0.00   0.5   7.0   1:00p   SSE
12  63.1  76.4   3:45p  54.7   7:30a   3.8   1.9  0.00   1.3   8.0   6:15a     S
13  64.9  75.8   4:30p  56.2   6:00a   2.6   2.5  0.00   1.2  12.0   3:15p     S
14  61.6  69.2   4:15a  55.3  12:00m   4.3   0.8  0.02   4.6  37.0   7:30a   SSW
15  54.5  59.2   4:00p  51.2   4:00a  10.5   0.0  0.11   1.4  21.0  11:45p   SSW
16  53.3  58.6   4:30p  49.6   8:15a  11.7   0.0  0.02   4.5  24.0  11:00p     N
17  50.3  55.8   2:00p  46.3  12:00m  14.7   0.0  0.00   1.4  20.0  12:15a     N
18  49.9  58.4   2:15p  45.3   4:45a  15.1   0.0  0.00   0.7  10.0   3:15p     E
19  50.6  59.5   4:30p  43.2   7:15a  14.4   0.0  0.00   5.5  14.0   3:30p     S
20  49.9  52.1   5:15p  46.3  12:00m  15.1   0.0  0.28   5.6  31.0  11:15p   SSW
21  44.2  47.5   3:15p  41.6   9:15a  20.8   0.0  0.00  10.3  35.0   7:15a     N
22  44.0  49.7   2:15p  41.0   9:30p  21.0   0.0  0.00   3.7  20.0  12:30a    NE
23  44.6  54.2   3:15p  35.7   7:00a  20.4   0.0  0.00   1.6  13.0   1:30a   ESE
24  47.0  54.9   3:00p  40.6   5:45a  18.0   0.0  0.02   3.8  14.0   6:00p     S
25  48.3  50.6  12:45p  46.9   5:45a  16.7   0.0  0.01   6.7  24.0  12:30p   SSW
26  47.8  54.2   4:00p  42.6  11:30p  17.2   0.0  0.07   7.1  35.0   8:15p   SSW
27  43.8  50.9   2:00p  39.3  11:15p  21.2   0.0  0.04   7.0  30.0   7:30p   NNW
28  39.8  41.7  12:15p  38.0   8:15a  25.2   0.0  0.00   8.7  29.0   2:15a     N
29  38.1  41.4   4:45p  34.9   8:30a  26.9   0.0  0.00   8.2  30.0   9:30a     N
30  42.2  52.2   4:45p  33.2   8:30a  22.8   0.0  0.00   3.8  19.0  12:15a   SSW
31  51.0  59.7   4:00p  44.6   1:00a  14.0   0.0  0.00   4.3  17.0   8:30a   SSW
-------------------------------------------------------------------------------------
    50.9  76.4    12    33.2    30   442.7   6.3  0.76   4.0  37.0    14       N

Max >=  90.0:  0
Max <=  32.0:  0
Min <=  32.0:  0
Min <=   0.0:  0
Max Rain: 0.28 ON 10/20/08
Days of Rain: 9 (>.01 in) 3 (>.1 in) 0 (>1 in)
Heat Base:  65.0  Cool Base:  65.0  Method: Integration