NOAA-Style Climate Reports


Report for 2008 December
                   MONTHLY CLIMATOLOGICAL SUMMARY for DEC. 2008

NAME: Vantage Pro Plus   CITY: Sand Point   STATE: MI 
ELEV:   598 ft  LAT:  43° 54' 37" N  LONG:  83° 23' 03" W

                   TEMPERATURE (°F), RAIN  (in), WIND SPEED (mph)

                                      HEAT  COOL        AVG
    MEAN                              DEG   DEG         WIND                 DOM
DAY TEMP  HIGH   TIME   LOW    TIME   DAYS  DAYS  RAIN  SPEED HIGH   TIME    DIR
------------------------------------------------------------------------------------
 1  32.6  35.1   4:30a  29.3   5:45p  32.4   0.0  0.12   6.5  27.0   8:15p    NW
 2  29.1  31.1   9:15a  26.1   8:30p  35.9   0.0  0.00  11.7  31.0   4:30p   SSW
 3  33.5  35.2  12:15p  29.0  12:15a  31.5   0.0  0.04   8.7  25.0  12:15a   SSW
 4  26.5  31.2  12:15a  22.4  11:00p  38.5   0.0  0.03   8.5  25.0   9:45a   WNW
 5  21.5  24.6  12:30p  17.6  11:15p  43.5   0.0  0.00   9.3  29.0  10:45p   WNW
 6  22.1  28.0   5:15p  17.3  12:45a  42.9   0.0  0.00  12.7  33.0   8:15p     S
 7  17.2  22.7   3:15p  13.4   8:30a  47.8   0.0  0.00   7.6  38.0   1:45a   NNW
 8  23.4  28.4   8:00p  16.8  12:15a  41.6   0.0  0.02   2.2  13.0  10:45a     S
 9  32.0  33.5  11:00a  27.8  12:15a  33.0   0.0  0.35   5.4  27.0   9:00p     N
10  20.8  29.9  12:15a  13.0   9:15p  44.2   0.0  0.01   4.7  29.0  12:45a     N
11  21.9  30.1   3:30p  10.6   5:45a  43.2   0.0  0.00   3.7  18.0  11:30a     S
12  21.3  26.1  12:15a  13.7  12:00m  43.7   0.0  0.00   3.1  20.0   5:45a     N
13  24.7  34.9   9:45p   7.2   3:30a  40.3   0.0  0.00  11.7  31.0  10:30p     S
14  37.2  41.4  12:00m  34.3  12:45a  27.8   0.0  0.00  13.7  30.0   9:45p     S
15  25.8  45.0   5:15a  12.7   8:15p  39.2   0.0  0.05  16.3  46.0   5:15a     W
16  15.4  19.5  11:45p  12.0   6:45a  49.6   0.0  0.04   2.2  24.0  12:15a     W
17  23.0  26.1   6:00p  19.5  12:15a  42.0   0.0  0.07   2.5  22.0   6:15p     W
18  19.9  25.2   1:00p  14.9   9:15p  45.1   0.0  0.00   1.1  12.0  10:15a   WSW
19  24.2  28.4   1:15p  15.5  12:15a  40.8   0.0  0.47   6.0  30.0   5:00p   ENE
20  20.6  26.7  12:45p  17.5   4:30p  44.4   0.0  0.00   5.2  21.0   4:00a     E
21  15.7  20.2   3:15a   8.7   7:45a  49.3   0.0  0.08   9.6  39.0   5:15p   WSW
22  16.0  21.1  11:45a  12.2   5:45a  49.0   0.0  0.00   7.0  32.0   1:00a     W
23  17.1  27.7  12:00m   9.2   3:15a  47.9   0.0  0.02   9.6  27.0   4:15p     S
24  32.9  36.3   3:45p  27.7  12:15a  32.1   0.0  0.15   8.2  31.0   9:00p     S
25  23.1  29.9  12:15a  14.9   8:30p  41.9   0.0  0.01   3.7  27.0  12:15a   WNW
26  28.5  36.1  12:00m  17.2  12:15a  36.5   0.0  0.00   6.9  21.0   1:45p     S
27  42.6  50.2   8:15p  36.1  12:15a  22.4   0.0  0.31  14.0  33.0   8:00p     S
28  35.8  49.3   5:00a  30.5  12:00m  29.2   0.0  0.02  17.5  51.0   9:00a     W
29  32.1  38.7   2:45p  27.4   6:15a  33.0   0.0  0.00  12.2  41.0   7:00p   SSW
30  25.1  28.0  12:15a  23.3   5:45p  39.9   0.0  0.04   4.0  27.0  12:00m    NW
31  20.7  26.1  12:15a  16.5   8:30a  44.3   0.0  0.03  10.8  38.0   3:00a     N
-------------------------------------------------------------------------------------
    25.2  50.2    27     7.2    13  1232.9   0.0  1.86   7.9  51.0    28       S

Max >=  90.0:  0
Max <=  32.0: 20
Min <=  32.0: 29
Min <=   0.0:  0
Max Rain: 0.47 ON 12/19/08
Days of Rain: 16 (>.01 in) 5 (>.1 in) 0 (>1 in)
Heat Base:  65.0  Cool Base:  65.0  Method: Integration