NOAA-Style Climate Reports


Report for 2009 January
                   MONTHLY CLIMATOLOGICAL SUMMARY for JAN. 2009

NAME: Vantage Pro Plus   CITY: Sand Point   STATE: MI 
ELEV:   598 ft  LAT:  43° 54' 37" N  LONG:  83° 23' 03" W

                   TEMPERATURE (°F), RAIN  (in), WIND SPEED (mph)

                                      HEAT  COOL        AVG
    MEAN                              DEG   DEG         WIND                 DOM
DAY TEMP  HIGH   TIME   LOW    TIME   DAYS  DAYS  RAIN  SPEED HIGH   TIME    DIR
------------------------------------------------------------------------------------
 1  20.1  26.4  11:45p  13.9   4:30a  44.9   0.0  0.00   6.8  22.0   6:30p     S
 2  26.1  29.5   5:15a  19.7  12:00m  38.9   0.0  0.00   7.3  27.0   2:15p   WNW
 3  24.0  32.6   3:30p  18.1   5:30a  41.0   0.0  0.00   1.0  13.0  12:15a     E
 4  29.3  33.3   9:15p  24.0   2:00a  35.7   0.0  0.00   3.6  24.0  10:15p     W
 5  21.1  30.2  12:15a  15.5   8:15a  43.9   0.0  0.00   8.6  29.0   4:45a     W
 6  23.5  29.6  11:15p  15.9   6:15a  41.5   0.0  0.00   1.1  14.0  12:15a   SSW
 7  29.3  32.6  12:15p  24.7  12:00m  35.7   0.0  0.14   3.0  21.0   5:00p   ENE
 8  22.8  28.1   3:00p  17.8  10:45a  42.2   0.0  0.00   2.9  16.0  12:45a    NW
 9  18.2  26.1   1:15p   5.9  10:45p  46.8   0.0  0.00   0.6  14.0  10:45a   WNW
10  19.2  28.0   2:30p   3.9   3:45a  45.8   0.0  0.00   1.3  13.0   4:00p   ENE
11  16.6  25.5  12:15a   1.6   7:15a  48.4   0.0  0.00   1.8  10.0   3:30a    SW
12  17.2  23.8   9:00p   7.1   5:45a  47.8   0.0  0.00   3.0  13.0   9:15p    SW
13  15.8  24.1   4:30a   2.2  11:45p  49.2   0.0  0.08   6.4  28.0  10:15a   NNW
14   4.8  12.2   3:00p  -7.8   4:30a  60.2   0.0  0.00   2.9  20.0   9:45p    NW
15   3.9  12.5   3:30p  -2.4  11:45p  61.1   0.0  0.00   4.9  20.0  12:30a     W
16   1.5  11.5   3:15p  -5.2   7:15a  63.5   0.0  0.00   4.0  18.0  11:45p     W
17   8.3  16.8  11:45p  -0.9   4:45a  56.7   0.0  0.00  10.8  27.0  10:45a     S
18  15.7  20.8   7:00p   5.6   9:30a  49.3   0.0  0.01   2.9  20.0  11:00p     W
19  17.1  23.6   1:45p   7.8  11:45p  47.9   0.0  0.00   7.8  22.0   7:30a     N
20  11.1  21.0   3:30p  -2.6   9:00p  53.9   0.0  0.00   6.1  24.0   6:00a     N
21  18.1  28.0   3:00p  -4.5  12:30a  46.9   0.0  0.00   5.2  20.0   7:45a    SW
22  27.2  29.9   1:15p  24.0  12:15a  37.8   0.0  0.00   1.3  14.0  12:15a     W
23  25.9  31.8   2:45p  15.9  11:15p  39.1   0.0  0.00   6.3  30.0   9:15p     S
24  10.6  17.6   3:30p   2.9  10:15p  54.4   0.0  0.00   4.1  26.0   1:00a   WSW
25   7.2  16.5   3:00p   0.9   7:00a  57.8   0.0  0.00   2.4  13.0  10:30p    SW
26   8.9  16.7   4:30p   0.1   6:30a  56.1   0.0  0.00   2.6  12.0  10:15a   WSW
27   9.5  19.7   1:00p  -4.3   8:45a  55.5   0.0  0.00   0.1   7.0  12:30a    NW
28  17.5  24.3   3:45p  10.6  10:00p  47.5   0.0  0.10   4.4  20.0   1:45p    NW
29  19.5  25.5   3:15p  11.6  12:15a  45.5   0.0  0.00   7.6  21.0   5:00a   SSW
30  18.4  25.0   2:45p  13.7   8:45p  46.6   0.0  0.00   3.1  18.0   7:45p    NW
31  16.2  24.6  12:00m   3.3   3:30a  48.8   0.0  0.00   9.9  29.0   1:15p   SSW
-------------------------------------------------------------------------------------
    16.9  33.3     4    -7.8    14  1490.4   0.0  0.33   4.3  30.0    23       W

Max >=  90.0:  0
Max <=  32.0: 28
Min <=  32.0: 31
Min <=   0.0:  7
Max Rain: 0.14 ON 01/07/09
Days of Rain: 3 (>.01 in) 1 (>.1 in) 0 (>1 in)
Heat Base:  65.0  Cool Base:  65.0  Method: Integration