NOAA-Style Climate Reports


Report for 2009 March
                   MONTHLY CLIMATOLOGICAL SUMMARY for MAR. 2009

NAME: Vantage Pro Plus   CITY: Sand Point   STATE: MI 
ELEV:   598 ft  LAT:  43° 54' 37" N  LONG:  83° 23' 03" W

                   TEMPERATURE (°F), RAIN  (in), WIND SPEED (mph)

                                      HEAT  COOL        AVG
    MEAN                              DEG   DEG         WIND                 DOM
DAY TEMP  HIGH   TIME   LOW    TIME   DAYS  DAYS  RAIN  SPEED HIGH   TIME    DIR
------------------------------------------------------------------------------------
 1  14.6  19.9   3:30p   8.7  12:00m  50.4   0.0  0.00   9.0  27.0   9:15a     N
 2  11.5  16.5   1:45p   7.2   7:30a  53.6   0.0  0.00  11.4  29.0   2:00a     N
 3  16.5  24.3   4:30p   7.8   6:00a  48.5   0.0  0.00   1.9  17.0  12:15a    SW
 4  26.5  36.7   4:30p  15.4   6:45a  38.5   0.0  0.00   2.0  16.0  10:30p   WSW
 5  36.5  44.0   6:00p  27.2   3:00a  28.5   0.0  0.00   8.9  20.0   8:15a     S
 6  44.6  54.2   1:00p  37.3  12:00m  20.4   0.0  0.00   5.8  28.0  11:30a   SSW
 7  35.4  39.9   5:00p  30.9   5:00a  29.3   0.0  0.68   0.9  10.0   5:15p   SSE
 8  34.4  38.3  12:30p  31.2   7:30a  29.4   0.0  0.52   6.6  28.0  12:00m    NE
 9  34.4  41.0   4:00p  28.7   6:15a  30.6   0.0  0.05   6.8  46.0   2:15a     N
10  36.1  44.2  11:30p  33.0  12:30a  28.9   0.0  0.12   6.6  24.0  11:15p   SSE
11  31.3  48.7   2:45a  21.7  11:45p  33.7   0.0  0.00  15.3  44.0   8:30a     W
12  21.4  26.7   4:45p  15.1   8:00a  43.6   0.0  0.00   5.5  25.0   7:45a     N
13  28.2  36.6   5:15p  21.3   7:30a  36.8   0.0  0.00   2.7  14.0   7:45p    SW
14  35.0  43.4   4:15p  28.9   7:00a  30.0   0.0  0.00   3.8  14.0  10:30a    SW
15  39.0  54.0   5:00p  29.9   7:15a  26.0   0.0  0.00   1.0   8.0   8:00p     S
16  40.9  52.8   2:00p  33.3   2:30a  24.1   0.0  0.00   1.9  11.0   5:15p    SE
17  46.1  58.4   4:30p  35.7   5:45a  18.9   0.0  0.00   8.0  25.0  11:00p   SSW
18  45.6  51.0   1:15p  40.3   6:30a  19.4   0.0  0.00   3.1  19.0   1:45a     W
19  30.9  41.6  12:15a  26.7   7:30p  34.1   0.0  0.00   5.2  22.0   5:45a     N
20  30.5  37.6   3:30p  25.0   5:15a  34.5   0.0  0.00   2.9  18.0   2:30a     N
21  36.8  44.7   4:30p  30.4  12:15a  28.2   0.0  0.00   5.3  20.0   5:45a   SSW
22  34.3  39.6  12:15a  28.4  11:15p  30.7   0.0  0.00   7.1  26.0  10:45a    NE
23  31.7  40.0   1:00p  26.8   6:45a  33.3   0.0  0.00   3.2  22.0   2:15p     E
24  39.1  48.2   3:00p  31.7  12:15a  25.9   0.0  0.00   9.0  26.0  11:15p   SSE
25  44.6  50.9   5:15p  40.4   7:45a  20.4   0.0  0.00  12.5  32.0  10:30a   SSE
26  43.1  51.6   5:00p  37.0  12:00m  21.9   0.0  0.00   4.2  21.0   7:15p    SW
27  40.8  47.2  12:45p  35.1  10:45p  24.2   0.0  0.00   4.0  21.0   7:00p    NE
28  35.0  38.0  12:00p  32.6   6:45a  30.0   0.0  0.05   9.1  30.0   9:00p    NE
29  35.5  37.9   2:00p  32.4  12:00m  29.5   0.0  0.55   9.7  32.0  12:30a    NE
30  36.7  44.3   2:15p  31.2   7:45a  28.3   0.0  0.00   7.0  33.0   1:15a    NW
31  40.5  48.8   4:00p  32.1   7:00a  24.5   0.0  0.02   7.9  24.0   2:30p    SE
-------------------------------------------------------------------------------------
    34.1  58.4    17     7.2     2   956.1   0.0  1.99   6.1  46.0     9       N

Max >=  90.0:  0
Max <=  32.0:  4
Min <=  32.0: 20
Min <=   0.0:  0
Max Rain: 0.68 ON 03/07/09
Days of Rain: 7 (>.01 in) 4 (>.1 in) 0 (>1 in)
Heat Base:  65.0  Cool Base:  65.0  Method: Integration