NOAA-Style Climate Reports


Report for 2009 April
                   MONTHLY CLIMATOLOGICAL SUMMARY for APR. 2009

NAME: Vantage Pro Plus   CITY: Sand Point   STATE: MI 
ELEV:   598 ft  LAT:  43° 54' 37" N  LONG:  83° 23' 03" W

                   TEMPERATURE (°F), RAIN  (in), WIND SPEED (mph)

                                      HEAT  COOL        AVG
    MEAN                              DEG   DEG         WIND                 DOM
DAY TEMP  HIGH   TIME   LOW    TIME   DAYS  DAYS  RAIN  SPEED HIGH   TIME    DIR
------------------------------------------------------------------------------------
 1  43.7  47.6  11:30a  38.7  11:15p  21.3   0.0  0.02   8.6  31.0  11:00a    SW
 2  43.9  52.4   1:00p  39.6   8:15p  21.1   0.0  0.00   5.9  22.0  10:00p    NE
 3  39.6  42.6  12:15a  38.4   6:15a  25.4   0.0  0.86  15.4  41.0  10:45a     N
 4  41.9  52.1   3:30p  35.2   7:15a  23.1   0.0  0.00   8.2  31.0  12:45a    NW
 5  37.0  42.2   1:30p  33.5   6:15a  28.0   0.0  0.00   5.9  22.0  10:15p    NE
 6  36.2  40.3   6:00p  32.0  11:30p  28.8   0.0  0.07  16.4  41.0   8:15a     N
 7  33.0  37.3   3:45p  30.2   5:15a  32.0   0.0  0.00  10.7  30.0   3:30a    NW
 8  42.4  53.1   3:30p  32.7  12:15a  22.6   0.0  0.00   5.4  26.0   8:00a   WNW
 9  44.2  57.3   4:45p  37.7  12:00m  20.8   0.0  0.00   3.3  20.0   7:00p   WSW
10  37.0  40.7   9:15a  33.9   6:30a  28.0   0.0  0.00   8.7  27.0  12:15p    NE
11  38.3  44.6   1:30p  34.2   5:45a  26.7   0.0  0.00   7.4  22.0   3:15a   NNE
12  37.2  43.9  12:00p  29.6  11:30p  27.8   0.0  0.00   4.6  19.0   3:00p    NE
13  37.6  48.5   2:15p  29.3   3:00a  27.4   0.0  0.00   4.8  24.0   2:00p    NE
14  41.4  45.6  10:45a  39.6   6:45a  23.6   0.0  0.00   7.8  28.0   5:30p    NE
15  43.5  48.1   3:45p  40.0   5:30a  21.5   0.0  0.00   6.6  24.0   2:15p    NE
16  44.3  50.7   6:00p  39.7   4:45a  20.7   0.0  0.00   3.8  17.0  12:45p    NE
17  52.9  66.9   4:30p  40.6  12:45a  12.3   0.2  0.00   2.8  18.0  11:15p    SW
18  52.2  69.0   4:00p  40.9  11:00p  13.2   0.4  0.00   7.4  29.0   8:45p   WSW
19  44.1  49.0  11:30p  40.4   1:00a  20.9   0.0  0.00   7.7  28.0   3:45p    NE
20  45.4  49.3  12:30p  41.6   5:15a  19.6   0.0  0.35   9.2  29.0   8:15a   ESE
21  43.5  49.7  12:30p  40.4  10:30p  21.5   0.0  0.02   8.5  29.0   5:00a     S
22  43.9  54.2   3:00p  39.1   5:45a  21.1   0.0  0.01   7.9  28.0   8:30p    NW
23  45.8  55.5   5:00p  36.4   6:30a  19.2   0.0  0.00   5.0  26.0   2:00a   NNW
24  59.1  69.5   5:15p  50.5   2:15a   6.2   0.3  0.00   7.9  25.0  10:15p     S
25  59.8  69.7  12:00p  42.6  12:00m   5.6   0.4  0.42  10.1  32.0  12:45p   SSW
26  42.2  44.9  11:45p  40.4   6:15a  22.8   0.0  0.47   7.8  32.0  12:15a   NNE
27  60.9  74.8   1:30p  43.4  12:30a   5.7   1.6  0.12  12.2  33.0   2:30p   SSW
28  46.0  59.8  12:15a  43.2   7:15a  19.0   0.0  0.30   8.8  29.0   2:45p    NE
29  50.4  60.4   1:45p  42.2   5:45a  14.6   0.0  0.00   5.7  22.0  11:00a   ENE
30  54.8  60.7  12:15p  48.5  12:15a  10.2   0.0  0.38   4.9  19.0   1:15p   SSE
-------------------------------------------------------------------------------------
    44.7  74.8    27    29.3    13   610.7   2.9  3.02   7.6  41.0     3      NE

Max >=  90.0:  0
Max <=  32.0:  0
Min <=  32.0:  4
Min <=   0.0:  0
Max Rain: 0.86 ON 04/03/09
Days of Rain: 10 (>.01 in) 7 (>.1 in) 0 (>1 in)
Heat Base:  65.0  Cool Base:  65.0  Method: Integration