NOAA-Style Climate Reports


Report for 2009 May
                   MONTHLY CLIMATOLOGICAL SUMMARY for MAY. 2009

NAME: Vantage Pro Plus   CITY: Sand Point   STATE: MI 
ELEV:   598 ft  LAT:  43° 54' 37" N  LONG:  83° 23' 03" W

                   TEMPERATURE (°F), RAIN  (in), WIND SPEED (mph)

                                      HEAT  COOL        AVG
    MEAN                              DEG   DEG         WIND                 DOM
DAY TEMP  HIGH   TIME   LOW    TIME   DAYS  DAYS  RAIN  SPEED HIGH   TIME    DIR
------------------------------------------------------------------------------------
 1  54.7  61.5  12:30p  45.9  11:00p  10.3   0.0  0.00   5.0  24.0   2:45p     W
 2  54.7  63.7   4:45p  47.5   5:30a  10.3   0.0  0.00   5.3  26.0   5:00p    SW
 3  56.2  66.6   2:45p  47.9   5:00a   8.9   0.1  0.00   3.9  22.0   7:45p    SW
 4  54.4  64.3   5:30p  46.2   6:00a  10.6   0.0  0.00   3.9  17.0   3:00p    SE
 5  57.0  68.2   5:30p  47.1   6:45a   8.2   0.2  0.00   3.7  16.0   5:45p    NE
 6  60.6  69.2   2:30p  53.4   5:30a   5.1   0.6  0.00   7.2  14.0   3:15p     S
 7  60.5  68.5   5:00p  57.1   6:30a   4.7   0.2  0.82   7.9  34.0   5:45p   SSW
 8  63.3  74.4   4:30p  53.0   4:15a   4.3   2.6  0.00   4.5  24.0  11:30p    SW
 9  50.4  58.0   6:15p  45.0  12:00m  14.6   0.0  0.60   9.4  36.0  10:45a    NE
10  46.9  56.1   7:30p  38.9   5:30a  18.1   0.0  0.00   4.7  26.0  12:15a    NW
11  49.7  60.9   4:45p  39.4   4:15a  15.3   0.0  0.00   1.5  16.0   6:00p     N
12  56.1  66.3   3:00p  44.7   6:15a   9.0   0.1  0.00   2.4  14.0  10:00p     S
13  58.8  67.7  12:15p  51.5   5:00a   6.3   0.1  0.00  12.1  35.0   4:30p     S
14  63.2  68.0   3:15p  54.3  12:00m   2.4   0.6  0.16   9.7  36.0   9:00a     W
15  59.2  67.1   2:00p  50.9   1:30a   5.9   0.1  0.00   3.9  13.0   4:15a     S
16  57.1  65.6   2:30p  46.3  12:00m   8.0   0.0  0.07   9.9  33.0  11:45p    NW
17  51.6  61.3   3:30p  43.7   2:15a  13.4   0.0  0.01   6.0  29.0   6:00a    NW
18  55.7  66.1   4:30p  42.7   4:30a   9.3   0.0  0.00   2.7  17.0   7:15p   SSW
19  60.6  72.6   5:00p  48.5  11:45p   6.1   1.7  0.00   8.1  21.0   2:15a   SSW
20  67.1  78.1   5:00p  48.5  12:15a   2.9   5.0  0.00   5.7  20.0  11:15a   SSW
21  67.9  77.2   3:30p  56.1  12:00m   1.4   4.4  0.00   6.5  25.0   8:15p   SSW
22  57.2  64.2   5:45p  54.6   6:15a   7.8   0.0  0.00   3.8  20.0   5:15a    NE
23  60.2  71.0   5:30p  51.9   6:00a   6.2   1.4  0.01   1.5  16.0  12:00m   ESE
24  56.6  60.7   5:45p  53.0   6:00a   8.4   0.0  0.00   6.2  20.0   2:45a    NE
25  53.4  57.1   2:15p  50.9   8:00a  11.6   0.0  0.00   7.3  28.0  10:15a    NE
26  59.2  69.9   1:00p  49.9   4:00a   6.3   0.5  0.00   2.9  19.0   1:00a   ESE
27  54.8  61.2  12:15a  51.0   9:00p  10.2   0.0  0.42   5.1  26.0   4:00p    NE
28  56.9  62.9   3:45p  51.0   3:15a   8.1   0.0  0.01   2.8  18.0   3:45p    SW
29  57.8  70.5   1:45p  49.4  10:15p   7.7   0.5  0.00   3.2  22.0   3:30p    NE
30  56.5  69.0   2:15p  49.4   4:45a   8.8   0.3  0.19   4.0  42.0   3:15p   SSW
31  52.8  63.1   3:45p  45.9   5:15a  12.2   0.0  0.00   2.7  21.0  12:15a     N
-------------------------------------------------------------------------------------
    57.1  78.1    20    38.9    10   262.4  18.4  2.29   5.3  42.0    30      NE

Max >=  90.0:  0
Max <=  32.0:  0
Min <=  32.0:  0
Min <=   0.0:  0
Max Rain: 0.82 ON 05/07/09
Days of Rain: 6 (>.01 in) 5 (>.1 in) 0 (>1 in)
Heat Base:  65.0  Cool Base:  65.0  Method: Integration