NOAA-Style Climate Reports


Report for 2009 June
                   MONTHLY CLIMATOLOGICAL SUMMARY for JUN. 2009

NAME: Vantage Pro Plus   CITY: Sand Point   STATE: MI 
ELEV:   598 ft  LAT:  43° 54' 37" N  LONG:  83° 23' 03" W

                   TEMPERATURE (°F), RAIN  (in), WIND SPEED (mph)

                                      HEAT  COOL        AVG
    MEAN                              DEG   DEG         WIND                 DOM
DAY TEMP  HIGH   TIME   LOW    TIME   DAYS  DAYS  RAIN  SPEED HIGH   TIME    DIR
------------------------------------------------------------------------------------
 1  56.4  65.8   5:00p  48.1  12:15a   8.6   0.0  0.01   4.5  22.0   9:30p     S
 2  54.1  59.8   5:45p  49.3   6:00a  10.9   0.0  0.00   3.3  24.0   1:00a    NE
 3  54.8  63.1   1:00p  47.1  11:45p  10.2   0.0  0.00   3.4  20.0   5:30a     N
 4  57.0  65.4   5:45p  46.8  12:30a   8.0   0.0  0.00   1.5  12.0   7:15a     N
 5  63.5  73.9   4:45p  52.7   6:45a   4.2   2.7  0.00   2.4  27.0  11:30p     S
 6  55.6  63.4   6:00p  51.9  12:00m   9.4   0.0  0.00   3.5  20.0   1:00a    NE
 7  51.0  55.9  11:00a  47.8   6:00a  14.0   0.0  0.08   5.0  28.0   1:45p    NE
 8  56.6  63.2   9:15p  51.3   1:00a   8.4   0.0  0.72   2.4  20.0  11:30a    NE
 9  59.8  66.1   5:30p  53.0   7:30a   5.3   0.1  0.01   2.4  27.0   2:30a     W
10  58.5  64.2   4:00p  53.9   1:15a   6.5   0.0  0.00   1.4  16.0   5:00p    NE
11  56.3  58.6  11:45a  54.0  12:15a   8.7   0.0  0.00   4.3  21.0  12:15p    NE
12  61.2  69.9   2:00p  55.2   6:00a   4.4   0.5  0.00   2.6  14.0   5:30p     N
13  63.4  70.7   5:45p  55.8   3:30a   3.0   1.3  0.00   0.4  10.0   5:00a   WSW
14  66.1  74.6   4:15p  59.2   6:15a   1.2   2.3  0.00   1.6  21.0   8:00p    SW
15  62.7  68.4   2:00p  58.0   2:30a   2.7   0.4  0.00   3.0  17.0  11:30a    NE
16  63.0  74.3   7:45p  54.0   6:00a   2.8   0.8  0.00   3.1  16.0   2:45p     N
17  63.3  65.8   2:30a  60.3   9:00p   1.8   0.0  1.37   3.1  18.0   4:15p   ESE
18  64.2  69.4   5:30p  58.3   5:15a   1.9   1.1  0.00   2.8  18.0   3:30a     N
19  70.0  77.4   3:15p  62.6   1:45a   0.6   5.5  0.01   2.8  12.0   6:45a     S
20  67.9  80.5   2:15p  60.0  12:00m   1.0   3.9  0.13   2.6  24.0   2:45p    NE
21  65.8  71.4   1:30p  60.0  12:15a   1.1   1.8  0.00   1.5  13.0   1:45p    NE
22  68.7  77.4   1:45p  60.9   5:45a   0.8   4.6  0.00   1.1  12.0   3:45p    NE
23  74.2  83.1   4:30p  64.2   6:00a   0.0   9.3  0.00   0.1   7.0   6:15p    NE
24  79.8  88.1   5:45p  72.2   6:00a   0.0  14.8  0.00   0.4  16.0   9:00p     S
25  76.0  81.6   7:45p  71.4   6:45a   0.0  11.0  0.04   1.3  16.0   9:00p    NE
26  72.0  79.2  12:15p  66.3  11:00p   0.0   7.0  0.00   3.0  18.0   6:00a     N
27  72.7  79.9   4:00p  65.3   3:30a   0.0   7.7  0.00   0.8  10.0  10:30p    NE
28  74.3  81.4   1:15p  66.7   4:45a   0.0   9.3  0.21   4.5  28.0   9:15p     S
29  68.0  72.6   2:00p  61.6  12:00m   0.4   3.3  0.18   4.3  28.0   2:15p     W
30  62.7  69.0   2:30p  59.7   7:00a   2.9   0.6  0.30   4.4  25.0  12:15a   NNW
-------------------------------------------------------------------------------------
    64.0  88.1    24    46.8     4   118.8  88.0  3.06   2.6  28.0     7      NE

Max >=  90.0:  0
Max <=  32.0:  0
Min <=  32.0:  0
Min <=   0.0:  0
Max Rain: 1.37 ON 06/17/09
Days of Rain: 8 (>.01 in) 6 (>.1 in) 1 (>1 in)
Heat Base:  65.0  Cool Base:  65.0  Method: Integration