NOAA-Style Climate Reports


Report for 2009 July
                   MONTHLY CLIMATOLOGICAL SUMMARY for JUL. 2009

NAME: Vantage Pro Plus   CITY: Sand Point   STATE: MI 
ELEV:   598 ft  LAT:  43° 54' 37" N  LONG:  83° 23' 03" W

                   TEMPERATURE (°F), RAIN  (in), WIND SPEED (mph)

                                      HEAT  COOL        AVG
    MEAN                              DEG   DEG         WIND                 DOM
DAY TEMP  HIGH   TIME   LOW    TIME   DAYS  DAYS  RAIN  SPEED HIGH   TIME    DIR
------------------------------------------------------------------------------------
 1  61.9  66.9   3:30p  57.3   6:30a   3.2   0.1  0.01   1.5  11.0   3:30a   WSW
 2  62.5  65.9   6:45p  58.4   7:00a   2.6   0.1  0.01   2.0  17.0   8:15p    NW
 3  65.1  73.1   1:15p  59.4   5:30a   2.0   2.1  0.00   2.6  19.0   4:15a    NW
 4  65.6  73.9   5:45p  57.6   4:15a   2.3   2.9  0.00   1.1  14.0  12:15a     N
 5  69.4  78.3   6:15p  60.9   5:45a   0.7   5.2  0.00   0.5  14.0   7:15p     N
 6  67.2  77.1   3:00p  61.8  12:00m   0.8   3.0  0.00   1.4  22.0   6:00p    NE
 7  63.1  71.5   4:00p  56.4   5:30a   3.4   1.5  0.00   3.0  18.0   3:00a     N
 8  63.7  70.2   1:30p  58.0   5:30a   2.6   1.3  0.00   2.3  16.0  12:30a     N
 9  66.4  75.1   7:45p  56.8   5:00a   2.1   3.5  0.00   1.6  14.0   4:00p     N
10  72.1  79.4   2:00p  63.7   5:45a   0.1   7.2  0.00   0.5   8.0   5:30a     S
11  72.9  80.7   3:45p  61.6  11:15p   0.3   8.2  0.07   2.3  22.0   6:15p   WSW
12  66.8  78.3   4:00p  59.1   2:00a   1.9   3.6  0.00   1.3  14.0   5:15p     S
13  68.5  77.8   4:30p  60.0   1:15a   1.1   4.5  0.00   2.1  21.0   9:15p    NW
14  68.4  77.1   5:00p  60.0   6:15a   0.9   4.4  0.00   0.9  22.0   1:45a     S
15  71.3  79.6   5:00p  64.8   5:15a   0.0   6.3  0.00   2.6  14.0   6:45a     S
16  72.1  78.7   1:30p  66.7   7:15a   0.0   7.1  0.00   1.4  20.0   3:45p     W
17  64.4  70.2   1:15p  60.3  11:45p   1.7   1.1  0.04   1.2  18.0  10:45p     N
18  62.6  68.5   5:15p  57.7   7:00a   2.9   0.5  0.01   3.4  26.0   7:15p    NW
19  65.1  73.2   4:15p  57.1   5:30a   2.5   2.6  0.00   1.4  18.0   7:45a    NW
20  68.7  76.5   1:45p  63.2   4:45a   0.2   3.9  0.00   1.4  14.0   4:00p     S
21  70.5  81.4   2:45p  60.7   7:15a   0.4   5.9  0.00   1.2  16.0   4:30p   ESE
22  67.2  75.8   1:30p  63.5   6:15a   0.2   2.4  0.64   1.4  30.0   4:15p     S
23  65.8  67.9   4:30p  63.2  11:30p   0.2   1.0  0.43   1.1  11.0   2:15p     N
24  69.0  78.1   3:45p  63.4  12:15a   0.1   4.1  0.55   0.7  24.0   6:30p     S
25  70.1  74.8   5:15p  65.8  12:00m   0.0   5.1  0.18   2.1  27.0   6:30p     S
26  67.6  73.1   4:00p  65.4  12:15a   0.0   2.6  0.07   1.9  14.0   1:00a     W
27  71.5  79.9   5:30p  64.3   5:45a   0.0   6.5  0.00   2.2  17.0   3:15a   SSW
28  75.1  80.9   4:30p  71.4   7:30a   0.0  10.1  0.00   6.6  20.0   8:00p   SSW
29  71.9  76.7   5:15p  67.1   9:15a   0.0   6.9  0.00   2.8  13.0   8:30a     W
30  69.8  76.5   5:00p  63.7   6:45a   0.1   4.8  0.00   2.1  13.0   6:30p   SSW
31  71.1  76.4   5:00p  65.0   7:00a   0.0   6.1  0.00   2.9  17.0   2:00a     S
-------------------------------------------------------------------------------------
    68.0  81.4    21    56.4     7    32.3 124.6  2.01   1.9  30.0    22       S

Max >=  90.0:  0
Max <=  32.0:  0
Min <=  32.0:  0
Min <=   0.0:  0
Max Rain: 0.64 ON 07/22/09
Days of Rain: 7 (>.01 in) 4 (>.1 in) 0 (>1 in)
Heat Base:  65.0  Cool Base:  65.0  Method: Integration