NOAA-Style Climate Reports


Report for 2009 August
                   MONTHLY CLIMATOLOGICAL SUMMARY for AUG. 2009

NAME: Vantage Pro Plus   CITY: Sand Point   STATE: MI 
ELEV:   598 ft  LAT:  43° 54' 37" N  LONG:  83° 23' 03" W

                   TEMPERATURE (°F), RAIN  (in), WIND SPEED (mph)

                                      HEAT  COOL        AVG
    MEAN                              DEG   DEG         WIND                 DOM
DAY TEMP  HIGH   TIME   LOW    TIME   DAYS  DAYS  RAIN  SPEED HIGH   TIME    DIR
------------------------------------------------------------------------------------
 1  71.1  77.9   2:30p  64.5   7:00a   0.0   6.1  0.03   6.9  28.0   5:45p     S
 2  69.4  75.0   5:00p  64.2   7:15a   0.1   4.5  0.12   6.1  25.0  12:45a   WSW
 3  70.1  77.1   6:45p  63.8   7:00a   0.1   5.2  0.05   7.2  21.0  10:30a     S
 4  71.8  80.7   2:45p  65.0   9:45p   0.0   6.8  0.11   5.1  21.0  11:30p   SSW
 5  67.9  74.8   4:45p  60.4   6:30a   0.7   3.6  0.01   4.0  18.0  10:15a     W
 6  69.2  75.8   5:00p  62.4   1:30a   0.2   4.4  0.00   2.1  16.0  11:00p    SW
 7  66.5  71.5   1:00p  62.4   6:30a   0.5   2.0  0.00   2.7  13.0   1:30a     N
 8  66.3  70.7   9:45p  63.4   5:30a   0.4   1.7  0.36   3.3  29.0   2:45p     S
 9  75.5  83.1   6:00p  68.4   1:30a   0.0  10.5  0.02   4.0  22.0   9:15a     S
10  74.8  79.2   5:00p  71.0   7:00a   0.0   9.8  0.00   2.5  21.0   4:45a   SSW
11  71.2  77.6   3:15p  67.1  11:00p   0.0   6.2  0.00   3.4  20.0   4:15p    NE
12  69.8  76.0   5:30p  65.0   6:00a   0.0   4.8  0.00   3.4  12.0   1:30a     N
13  73.3  82.3   2:00p  65.4  12:30a   0.0   8.3  0.00   1.2   8.0   1:15p     S
14  76.2  84.3   5:15p  68.7   6:30a   0.0  11.2  0.00   2.5  10.0   2:00a     S
15  77.8  84.7   4:45p  72.2   6:45a   0.0  12.8  0.00   2.3  12.0   9:15a     S
16  79.1  87.4   5:00p  71.7   5:30a   0.0  14.1  0.03   4.4  30.0  11:00p     S
17  77.3  81.6   4:45p  73.8   3:30a   0.0  12.3  0.01   5.3  24.0   1:30a     S
18  76.5  82.5   5:15p  70.7  12:00m   0.0  11.5  0.33   6.6  27.0   5:45p   SSW
19  72.0  79.7   5:00p  65.4   8:00a   0.0   7.0  0.00   3.0  18.0   2:15a    SW
20  74.0  79.6   2:30p  70.2   2:00a   0.0   9.0  0.15  10.2  28.0   5:15p     S
21  70.1  74.8   3:00p  65.0  12:00m   0.0   5.1  0.00  10.2  30.0   6:45p     S
22  62.6  68.0   4:45p  57.7   8:00a   2.7   0.3  0.02   4.6  19.0   7:30a     N
23  64.6  69.0   2:45p  61.8  11:45p   1.0   0.6  0.14   7.1  24.0   7:00a     N
24  67.8  75.1   4:45p  60.7   7:00a   1.1   3.9  0.00   2.4  12.0  10:00a     S
25  71.0  78.1   5:00p  64.0   7:45a   0.1   6.1  0.01   5.1  19.0  11:45a     S
26  66.3  70.7   1:00p  62.9   8:30p   0.4   1.7  0.10   6.5  20.0  12:45p    NE
27  63.8  70.0  12:45p  57.6   4:15a   2.3   1.1  0.00   2.1  16.0   3:30p     E
28  61.5  64.0  11:30a  60.0   1:15a   3.5   0.0  0.06   2.3  13.0   3:15p   ENE
29  61.6  68.4   2:00p  56.8  12:00m   3.6   0.1  0.05   6.1  28.0   5:15p     W
30  59.7  68.9   5:15p  53.9   4:45a   5.8   0.5  0.00   6.9  26.0  12:30a     N
31  59.9  67.4   5:15p  53.1   7:15a   5.2   0.2  0.00   2.6  14.0  12:45a     N
-------------------------------------------------------------------------------------
    69.6  87.4    16    53.1    31    27.7 171.4  1.60   4.6  30.0    16       S

Max >=  90.0:  0
Max <=  32.0:  0
Min <=  32.0:  0
Min <=   0.0:  0
Max Rain: 0.36 ON 08/08/09
Days of Rain: 14 (>.01 in) 6 (>.1 in) 0 (>1 in)
Heat Base:  65.0  Cool Base:  65.0  Method: Integration