NOAA-Style Climate Reports


Report for 2009 September
                   MONTHLY CLIMATOLOGICAL SUMMARY for SEP. 2009

NAME: Vantage Pro Plus   CITY: Sand Point   STATE: MI 
ELEV:   598 ft  LAT:  43° 54' 37" N  LONG:  83° 23' 03" W

                   TEMPERATURE (°F), RAIN  (in), WIND SPEED (mph)

                                      HEAT  COOL        AVG
    MEAN                              DEG   DEG         WIND                 DOM
DAY TEMP  HIGH   TIME   LOW    TIME   DAYS  DAYS  RAIN  SPEED HIGH   TIME    DIR
------------------------------------------------------------------------------------
 1  63.3  71.5   5:15p  56.1   2:15a   3.0   1.3  0.00   1.6  10.0   5:15a     S
 2  65.6  77.6   5:30p  57.7   6:00a   2.2   2.7  0.00   1.4  11.0   4:00p     S
 3  66.7  75.3   1:45p  59.1   7:30a   1.4   3.1  0.00   1.9  10.0   1:30p     N
 4  66.9  76.4   5:15p  59.5   7:45a   1.2   3.1  0.00   1.4   8.0  11:45a     N
 5  68.7  77.4   1:45p  62.6   4:15a   0.4   4.1  0.00   1.7  11.0   6:00p   SSE
 6  67.4  73.6   5:30p  60.1   7:00a   0.8   3.2  0.00   2.8  16.0   4:30p     N
 7  68.1  76.7   1:45p  62.4   7:15a   0.4   3.5  0.00   3.2  18.0   1:45p    NE
 8  68.9  76.4   2:00p  63.7   7:45a   0.1   4.0  0.00   4.1  17.0  11:45a    NE
 9  69.2  75.1   1:15p  63.7   7:45a   0.1   4.3  0.00   4.5  18.0   1:30p    NE
10  69.2  75.8   2:30p  63.7   6:00a   0.1   4.3  0.00   2.4  17.0   4:30p     S
11  66.1  74.4   1:00p  60.9   7:30a   0.7   1.8  0.00   2.6  20.0   2:15p    NE
12  65.0  74.6   1:45p  54.9   7:45a   2.5   2.4  0.00   2.0  14.0   2:15p     N
13  68.8  76.5   5:15p  62.9  12:45a   0.3   4.1  0.00   2.1  12.0   8:30a    NW
14  71.1  79.7   5:30p  64.8   7:00a   0.0   6.1  0.00   1.9  13.0   8:00p    NW
15  67.8  75.5   1:45p  61.8  12:00m   0.3   3.1  0.00   6.6  25.0   9:45p    NE
16  61.7  65.9   4:45p  58.1   7:30a   3.4   0.0  0.00   5.7  28.0   1:15a    NE
17  63.0  71.4   1:45p  53.7   7:30a   3.4   1.4  0.00   2.0  12.0  12:45p     S
18  63.9  69.4   1:00p  58.0  12:00m   1.9   0.8  0.00   6.2  24.0  12:15p    NE
19  58.8  68.7   1:45p  51.6   5:30a   6.4   0.3  0.00   2.5  14.0   5:15p     S
20  61.7  71.5   4:15p  53.0   8:00a   4.7   1.3  0.00   2.9  16.0   5:00p   SSE
21  69.3  74.8   3:45p  64.2  12:15a   0.0   4.3  0.21   3.7  17.0   8:00a     S
22  69.3  72.9   1:30p  65.9   5:30a   0.0   4.3  0.00   1.7  11.0   4:45p    NE
23  71.7  78.1   1:15p  66.4  12:00m   0.0   6.7  0.00   3.6  19.0  11:00p     S
24  63.7  70.0   1:30p  59.2  10:45p   2.1   0.8  0.00   5.2  20.0  12:15a     N
25  61.7  69.7   1:45p  56.2   4:00a   3.8   0.4  0.00   4.2  24.0   4:45p     E
26  60.7  65.9   3:30p  56.5   4:15a   4.3   0.0  0.01   2.2  12.0  12:30a     S
27  64.2  70.5   5:15p  59.1   5:45a   2.1   1.2  0.10   4.2  16.0   9:45p     S
28  57.1  62.0  12:15a  54.7  12:30p   7.9   0.0  0.39  10.9  41.0   3:15p   WSW
29  55.0  58.7   6:15a  48.7  11:00p  10.0   0.0  0.03  10.7  35.0   1:45a     N
30  48.5  52.5   1:45p  44.6   9:00a  16.5   0.0  0.00   5.7  24.0   8:00a     N
-------------------------------------------------------------------------------------
    64.8  79.7    14    44.6    30    80.0  72.6  0.74   3.7  41.0    28      NE

Max >=  90.0:  0
Max <=  32.0:  0
Min <=  32.0:  0
Min <=   0.0:  0
Max Rain: 0.39 ON 09/28/09
Days of Rain: 4 (>.01 in) 2 (>.1 in) 0 (>1 in)
Heat Base:  65.0  Cool Base:  65.0  Method: Integration