NOAA-Style Climate Reports


Report for 2009 October
                   MONTHLY CLIMATOLOGICAL SUMMARY for OCT. 2009

NAME: Vantage Pro Plus   CITY: Sand Point   STATE: MI 
ELEV:   598 ft  LAT:  43° 54' 37" N  LONG:  83° 23' 03" W

                   TEMPERATURE (°F), RAIN  (in), WIND SPEED (mph)

                                      HEAT  COOL        AVG
    MEAN                              DEG   DEG         WIND                 DOM
DAY TEMP  HIGH   TIME   LOW    TIME   DAYS  DAYS  RAIN  SPEED HIGH   TIME    DIR
------------------------------------------------------------------------------------
 1  50.1  55.2  12:00p  46.2  10:15p  14.9   0.0  0.00   3.4  18.0  12:30a     N
 2  50.5  54.9   7:45p  45.9  12:30a  14.5   0.0  0.26   5.1  19.0   7:45a   ESE
 3  52.1  55.2   4:45p  48.4   2:45a  12.9   0.0  0.02   5.4  20.0   9:30p     S
 4  54.3  58.7   3:00p  51.8   7:00a  10.7   0.0  0.00   7.2  25.0   3:30p   WSW
 5  54.8  61.2   3:45p  50.6   7:15a  10.2   0.0  0.00   5.4  22.0  12:45a     W
 6  53.0  58.0   4:15p  50.0  11:45a  12.0   0.0  0.13   3.3  22.0   8:00p     S
 7  53.3  57.3   4:15p  50.2   8:30a  11.7   0.0  0.01   8.9  44.0   4:30a    NW
 8  52.6  61.0   3:00p  46.6   7:00a  12.4   0.0  0.05   5.1  18.0   3:45p     S
 9  50.0  52.1   8:45a  47.1   8:45p  15.0   0.0  0.48   5.6  21.0   9:30a     N
10  47.0  53.6   3:45p  40.0  10:15p  18.0   0.0  0.00   6.9  32.0   8:00p    NW
11  41.6  46.9   1:45p  38.1   6:45a  23.4   0.0  0.00   5.6  26.0  11:45a     W
12  43.3  47.3   4:30p  38.9   6:30a  21.7   0.0  0.00   0.9   8.0   7:30p     S
13  45.6  51.5   2:00p  40.6   8:00a  15.1   0.0  0.01   6.4  28.0   8:00a     N
14  42.6  46.8   1:30p  39.3   9:15p  22.4   0.0  0.03   3.2  19.0   1:00a     E
15  42.4  47.3  12:30p  39.9  12:15a  22.6   0.0  0.00   5.0  19.0  11:45a     E
16  42.5  46.6  12:45p  39.3   8:45a  22.5   0.0  0.00   5.2  24.0   2:15p     N
17  43.8  49.3   2:15p  41.6   7:45a  21.2   0.0  0.00   7.3  21.0   9:45p     N
18  44.9  49.9   1:45p  40.9   6:30a  20.1   0.0  0.00   3.0  12.0  12:45a     S
19  49.4  57.4   4:45p  42.7   6:15a  15.6   0.0  0.00   7.7  18.0   9:00a     S
20  50.1  54.9   3:00p  45.9   7:45a  14.9   0.0  0.00   2.2  11.0   2:30p    SW
21  52.9  57.1   5:30p  50.6   9:15a  12.1   0.0  0.08   0.0   0.0     ---   ---
22  48.9  57.4   2:00a  43.7   9:00p  16.1   0.0  0.11   0.0   0.0     ---   ---
23  46.7  55.9  11:45p  41.3   5:45a  18.3   0.0  0.39   0.0   1.0   2:30p     S
24  47.8  52.8  12:15a  44.7   8:15p  17.2   0.0  0.02   0.0   1.0   2:30p   WSW
25  47.4  52.2   1:15p  43.4   7:15a  17.6   0.0  0.00   0.0   0.0     ---   ---
26  51.4  57.0   2:45p  48.7   6:45a  13.6   0.0  0.07   0.0   0.0     ---   ---
27  51.0  54.9   4:30p  48.5  12:00m  14.0   0.0  0.03   0.0   1.0   4:30p     N
28  50.6  53.4  12:00p  48.4  12:45a  14.4   0.0  0.00   0.0   0.0     ---   ---
29  51.6  54.0   3:30p  49.4   4:30a  13.4   0.0  0.00   0.0   0.0     ---   ---
30  57.6  68.4  10:45p  51.8   5:45a   7.6   0.2  0.66   0.0   0.0     ---   ---
31  48.2  55.6  12:15a  43.4  12:00m  16.8   0.0  0.01   0.0   0.0     ---   ---
-------------------------------------------------------------------------------------
    49.0  68.4    30    38.1    11   492.9   0.2  2.36   3.3  44.0     7       S

Max >=  90.0:  0
Max <=  32.0:  0
Min <=  32.0:  0
Min <=   0.0:  0
Max Rain: 0.66 ON 10/30/09
Days of Rain: 13 (>.01 in) 6 (>.1 in) 0 (>1 in)
Heat Base:  65.0  Cool Base:  65.0  Method: Integration