NOAA-Style Climate Reports


Report for 2009 November
                   MONTHLY CLIMATOLOGICAL SUMMARY for NOV. 2009

NAME: Vantage Pro Plus   CITY: Sand Point   STATE: MI 
ELEV:   598 ft  LAT:  43° 54' 37" N  LONG:  83° 23' 03" W

                   TEMPERATURE (°F), RAIN  (in), WIND SPEED (mph)

                                      HEAT  COOL        AVG
    MEAN                              DEG   DEG         WIND                 DOM
DAY TEMP  HIGH   TIME   LOW    TIME   DAYS  DAYS  RAIN  SPEED HIGH   TIME    DIR
------------------------------------------------------------------------------------
 1  44.5  48.7   1:45p  40.6  10:30p  20.5   0.0  0.01   0.0   0.0     ---   ---
 2  44.6  47.3  10:45a  40.7   2:00a  20.4   0.0  0.05   1.4  18.0   9:45p    NW
 3  42.6  45.7   2:00p  40.0   7:45a  22.4   0.0  0.00   5.5  25.0   9:15a    NW
 4  41.0  46.0   1:00p  37.4   8:15a  24.0   0.0  0.00   2.4  10.0   1:15p     S
 5  42.9  49.3   2:45p  37.3  12:00m  22.1   0.0  0.00   9.2  31.0   4:15p   WNW
 6  41.1  46.6   3:45p  33.2   6:30a  23.9   0.0  0.00   5.3  19.0   9:30p     S
 7  50.6  58.3   2:30p  44.9  12:15a  14.4   0.0  0.00   8.7  24.0  10:45a     S
 8  50.3  59.2   2:15p  41.4   8:00a  14.7   0.0  0.00   2.9  17.0  11:00p     S
 9  53.1  59.5   4:00p  45.7  11:00p  11.9   0.0  0.00   6.1  18.0   8:30a   SSW
10  45.9  52.1  12:30p  42.6   4:30a  19.1   0.0  0.00   2.7  12.0   2:30p     N
11  44.6  54.2   1:00p  38.9   9:30p  20.4   0.0  0.00   3.0  14.0   3:15p     N
12  42.0  51.2   3:00p  33.8   7:30a  23.0   0.0  0.00   2.1  10.0  10:15a     S
13  46.3  55.0   2:00p  38.3   7:00a  18.7   0.0  0.00   6.7  16.0  10:45p     S
14  52.2  64.2   1:45p  46.3   8:00a  12.8   0.0  0.00   6.1  17.0   1:30a     S
15  49.1  54.9   2:30p  42.0  12:00m  15.9   0.0  0.01   6.2  20.0   8:00p     N
16  42.6  47.6   3:00p  38.7   9:15p  22.4   0.0  0.00   5.8  20.0   2:00a     N
17  44.1  52.1   1:15p  40.2   5:45a  20.9   0.0  0.00   7.1  22.0   3:30p   ENE
18  46.8  55.0   1:45p  39.4   4:15a  18.2   0.0  0.00   4.0  17.0   9:15a   SSE
19  47.6  50.0  10:30a  44.7  11:30p  17.4   0.0  0.03   5.0  14.0   5:15p   SSW
20  46.2  49.3  12:00p  44.2   4:45a  18.8   0.0  0.00   5.8  19.0   4:00a   WSW
21  45.7  48.5   2:00p  40.4  11:15p  19.3   0.0  0.00   2.3  12.0  11:00a     W
22  43.2  48.7   3:45p  38.6   8:00a  21.8   0.0  0.00   2.5  11.0   8:00p   SSE
23  44.0  47.1   1:30p  40.3   4:30a  21.0   0.0  0.00   3.3  12.0   5:15a   ENE
24  45.6  48.2   7:00p  41.7   2:00a  19.4   0.0  0.00   2.8  13.0  11:30p   SSE
25  47.3  48.8  10:00a  46.2   7:45p  17.7   0.0  0.06   9.7  20.0   7:30p   SSW
26  42.5  46.6  12:15a  37.6   8:15p  22.5   0.0  0.09  11.1  29.0  10:30p   SSW
27  39.4  44.7   1:15p  36.7   5:15a  25.6   0.0  0.01   9.9  29.0   1:45a    NW
28  39.1  44.0   3:00p  36.0   8:00a  25.9   0.0  0.00   4.6  19.0   4:00a   SSW
29  38.5  41.7   4:00p  34.3   6:45a  26.5   0.0  0.07   3.9  22.0  11:45p     N
30  37.5  42.0  11:45a  34.9   4:00a  27.5   0.0  0.01  10.7  32.0  11:45p   SSW
-------------------------------------------------------------------------------------
    44.7  64.2    14    33.2     6   609.1   0.0  0.34   5.2  32.0    30       S

Max >=  90.0:  0
Max <=  32.0:  0
Min <=  32.0:  0
Min <=   0.0:  0
Max Rain: 0.09 ON 11/26/09
Days of Rain: 5 (>.01 in) 0 (>.1 in) 0 (>1 in)
Heat Base:  65.0  Cool Base:  65.0  Method: Integration