NOAA-Style Climate Reports


Report for 2009 December
                   MONTHLY CLIMATOLOGICAL SUMMARY for DEC. 2009

NAME: Vantage Pro Plus   CITY: Sand Point   STATE: MI 
ELEV:   598 ft  LAT:  43° 54' 37" N  LONG:  83° 23' 03" W

                   TEMPERATURE (°F), RAIN  (in), WIND SPEED (mph)

                                      HEAT  COOL        AVG
    MEAN                              DEG   DEG         WIND                 DOM
DAY TEMP  HIGH   TIME   LOW    TIME   DAYS  DAYS  RAIN  SPEED HIGH   TIME    DIR
------------------------------------------------------------------------------------
 1  41.2  45.6  11:45a  36.6  12:15a  23.8   0.0  0.00   7.3  32.0   1:15a     S
 2  42.7  47.6  12:45p  39.6  12:45a  22.3   0.0  0.00   9.4  25.0  12:00m   SSW
 3  38.2  43.6  12:15a  34.2   9:45p  26.8   0.0  0.09   8.5  25.0  12:30a     N
 4  32.3  35.4  12:15a  30.1  11:30p  32.7   0.0  0.00  11.0  30.0   5:15p    SW
 5  29.2  32.6  12:30p  26.4   7:45a  35.8   0.0  0.00  11.0  24.0  12:15a   SSW
 6  32.4  36.9   2:45p  28.3   7:15a  32.6   0.0  0.00  10.5  25.0   3:00a   SSW
 7  32.5  34.8   1:45p  30.1  11:45p  32.5   0.0  0.00   5.2  16.0   2:00a   SSW
 8  32.1  35.5   9:15p  28.1   7:15a  32.9   0.0  0.00   4.5  22.0  10:00p   ESE
 9  34.2  38.9  11:45a  29.8  12:00m  30.8   0.0  0.26  13.8  38.0   5:15p   SSW
10  23.2  29.9  12:15a  17.6   8:45p  41.8   0.0  0.00  16.5  41.0   5:00a     W
11  17.7  20.2  12:00m  15.2   6:45a  47.3   0.0  0.00  13.9  37.0  11:30a     W
12  26.8  35.2   3:00p  17.0   7:30a  38.2   0.0  0.00  10.5  26.0  12:30a     S
13  34.5  36.6   3:45p  32.7   6:45a  30.5   0.0  0.03   5.8  22.0   1:00a   SSW
14  34.1  35.7   1:45p  32.9   3:30a  30.9   0.0  0.01   3.8  22.0  11:00p   SSE
15  27.0  33.9  12:15a  19.2  12:00m  38.0   0.0  0.07   8.9  30.0   3:45p     N
16  20.1  24.0   1:45p  16.7   5:45a  44.9   0.0  0.00   8.1  28.0   4:45a     N
17  24.7  27.1   2:15p  20.6   3:30a  40.3   0.0  0.00   2.9  12.0  12:15a     N
18  30.5  33.2  12:30p  26.9  12:15a  34.5   0.0  0.00   5.4  17.0  10:45a    SE
19  31.4  33.2  11:15p  29.8   5:15p  33.6   0.0  0.00   3.7  14.0  10:15a   ENE
20  30.5  33.9   1:00p  27.2   8:30a  34.5   0.0  0.00   2.7  14.0   7:15a   NNW
21  28.6  32.3   3:30a  26.4   5:45p  36.4   0.0  0.00   2.1  11.0  11:45a     N
22  27.8  32.0   1:30p  24.9   7:45p  37.2   0.0  0.00   6.4  20.0   6:15a     N
23  28.3  31.5  12:15p  26.4   6:00p  36.7   0.0  0.00   7.1  20.0   6:45a     N
24  29.1  34.0  12:00m  25.8  10:30a  35.9   0.0  0.00   5.9  19.0   7:30p   ESE
25  36.7  40.3   9:00p  33.9  12:15a  28.3   0.0  0.10  12.9  30.0  10:45a    SE
26  32.6  38.3  12:30a  30.6  11:30p  32.4   0.0  0.00   8.7  21.0   4:30a     S
27  27.5  30.9  12:15a  25.0   7:45a  37.5   0.0  0.00   8.4  21.0   3:45a   SSW
28  25.4  32.3   1:00p  18.4  12:00m  39.6   0.0  0.00  12.1  37.0   3:30p   NNW
29  21.5  25.8   1:30p  18.1   3:00a  43.5   0.0  0.00   6.8  26.0  12:45a   SSW
30  23.7  29.3   4:15p  17.3   3:30a  41.3   0.0  0.00   9.4  21.0   1:00p     S
31  31.0  33.9   2:45p  26.7  12:00m  34.0   0.0  0.00   8.7  22.0  11:30p   SSW
-------------------------------------------------------------------------------------
    29.9  47.6     2    15.2    11  1087.5   0.0  0.56   8.1  41.0    10     SSW

Max >=  90.0:  0
Max <=  32.0:  9
Min <=  32.0: 25
Min <=   0.0:  0
Max Rain: 0.26 ON 12/09/09
Days of Rain: 5 (>.01 in) 1 (>.1 in) 0 (>1 in)
Heat Base:  65.0  Cool Base:  65.0  Method: Integration