NOAA-Style Climate Reports


Report for 2010 January
                   MONTHLY CLIMATOLOGICAL SUMMARY for JAN. 2010

NAME: Vantage Pro Plus   CITY: Sand Point   STATE: MI 
ELEV:   598 ft  LAT:  43° 54' 37" N  LONG:  83° 23' 03" W

                   TEMPERATURE (°F), RAIN  (in), WIND SPEED (mph)

                                      HEAT  COOL        AVG
    MEAN                              DEG   DEG         WIND                 DOM
DAY TEMP  HIGH   TIME   LOW    TIME   DAYS  DAYS  RAIN  SPEED HIGH   TIME    DIR
------------------------------------------------------------------------------------
 1  21.5  26.7  12:15a  15.2  10:45p  43.5   0.0  0.01   8.8  26.0   9:15p    NW
 2   8.8  15.5  12:15a   3.9   9:15a  56.2   0.0  0.00  11.3  29.0  10:30a    NW
 3  15.1  21.4   3:15p   7.2   1:15a  49.9   0.0  0.00  11.5  29.0  12:45a   NNW
 4  21.3  22.9  11:30a  19.4   4:15a  43.7   0.0  0.00   9.3  25.0   1:30a     N
 5  23.6  26.4   4:00p  21.1   7:15a  41.4   0.0  0.00   7.7  21.0   6:45a     N
 6  24.6  28.1   4:30p  21.9   8:45a  40.4   0.0  0.00   4.8  17.0   8:30a     N
 7  26.6  29.3   3:30p  23.5   2:30a  38.4   0.0  0.00   4.9  24.0  11:15p    NE
 8  21.5  28.0  12:15a  15.7   9:15p  43.5   0.0  0.12  10.3  30.0   5:00a     N
 9  18.4  26.1   1:15p  10.4  12:00m  46.6   0.0  0.00   5.3  20.0   1:00a     N
10  17.4  25.2   3:15p   8.8   4:45a  47.6   0.0  0.00  10.6  31.0  10:00p   SSW
11  21.0  27.5   7:00p  16.0  12:30a  44.0   0.0  0.07  10.8  33.0   8:15p   SSW
12  22.7  25.2   2:15p  20.8   8:45a  42.3   0.0  0.00   8.2  25.0  12:45a     N
13  26.6  30.8   5:45p  21.7  10:45p  38.4   0.0  0.00  10.1  27.0   7:15a   SSW
14  32.4  38.9   3:15p  24.3   6:30a  32.6   0.0  0.00  10.7  25.0   2:30p   SSW
15  34.2  37.9  12:15p  31.5   9:30p  30.8   0.0  0.00   5.8  19.0  11:15p   SSW
16  31.5  32.9   2:00p  28.4  11:30p  33.5   0.0  0.00   9.1  25.0  12:30a   SSW
17  26.4  28.9  12:45a  23.3  11:45p  38.6   0.0  0.00   5.7  16.0   1:45a   SSW
18  29.4  34.2   3:30p  23.3  12:15a  35.6   0.0  0.00   3.9  14.0   4:30p   SSW
19  31.2  33.2   5:00p  27.1  12:00m  33.8   0.0  0.01   5.1  18.0  11:00p    SW
20  27.3  32.7   1:30p  24.0   3:45a  37.7   0.0  0.00   6.0  20.0   6:00a     N
21  27.8  33.5   2:30p  23.6   4:00a  37.2   0.0  0.00   6.2  18.0   9:45a   ENE
22  29.4  33.3   3:15p  27.4  11:00p  35.6   0.0  0.00   5.3  16.0  12:45a   ENE
23  31.0  36.3  10:45p  24.1   7:00a  34.0   0.0  0.00   6.4  19.0  11:00p    SE
24  38.2  40.3   4:00p  35.7  12:15a  26.8   0.0  0.03  14.4  28.0  11:45a   SSE
25  33.8  39.1   2:15a  30.8  11:45p  31.2   0.0  0.00   9.2  26.0   9:45a    SW
26  29.6  31.8   2:00p  25.6  10:45p  35.4   0.0  0.00   9.2  25.0   3:45p    SW
27  23.4  26.4  12:15a  19.2  11:00a  41.6   0.0  0.00  13.0  32.0   7:15p    SW
28  13.9  22.9  12:15a   9.0  12:00m  51.1   0.0  0.01  10.8  34.0  11:00a   WNW
29  15.0  20.2  12:30p   9.0  12:15a  50.0   0.0  0.00   5.0  21.0   5:15a   WNW
30  18.4  23.3  12:45p  15.1   7:45a  46.6   0.0  0.00   4.0  13.0   8:15a   SSW
31  22.9  30.2   2:45p  19.1  12:15a  42.1   0.0  0.00   9.2  27.0  11:15a    SW
-------------------------------------------------------------------------------------
    24.7  40.3    24     3.9     2  1250.1   0.0  0.25   8.1  34.0    28       N

Max >=  90.0:  0
Max <=  32.0: 20
Min <=  32.0: 30
Min <=   0.0:  0
Max Rain: 0.12 ON 01/08/10
Days of Rain: 3 (>.01 in) 1 (>.1 in) 0 (>1 in)
Heat Base:  65.0  Cool Base:  65.0  Method: Integration