NOAA-Style Climate Reports


Report for 2010 March
                   MONTHLY CLIMATOLOGICAL SUMMARY for MAR. 2010

NAME: Vantage Pro Plus   CITY: Sand Point   STATE: MI 
ELEV:   598 ft  LAT:  43° 54' 37" N  LONG:  83° 23' 03" W

                   TEMPERATURE (°F), RAIN  (in), WIND SPEED (mph)

                                      HEAT  COOL        AVG
    MEAN                              DEG   DEG         WIND                 DOM
DAY TEMP  HIGH   TIME   LOW    TIME   DAYS  DAYS  RAIN  SPEED HIGH   TIME    DIR
------------------------------------------------------------------------------------
 1  30.0  36.9  12:30p  24.9  11:30p  35.0   0.0  0.00   6.0  19.0  10:00a     N
 2  28.0  39.6   2:15p  19.9   6:30a  37.0   0.0  0.00   4.7  17.0   1:30p     N
 3  28.1  36.9   3:00p  21.7   7:00a  36.9   0.0  0.00   7.2  22.0  12:45p     N
 4  28.3  39.9  11:45a  19.7   5:45a  36.7   0.0  0.00   5.1  17.0   3:15p     N
 5  29.7  40.4   2:00p  20.8   5:15a  35.3   0.0  0.00   4.0  13.0   2:15p     N
 6  29.2  40.7   1:45p  13.5   7:00a  35.8   0.0  0.00   4.7  17.0  12:00m   SSW
 7  33.3  41.7   3:15p  24.1   5:45a  31.7   0.0  0.00   6.7  17.0  12:45a   SSW
 8  35.9  45.4   1:30p  26.9   4:45a  28.8   0.0  0.00   4.7  14.0  12:15a    SW
 9  38.0  51.3   3:15p  28.9   6:45a  27.0   0.0  0.00   3.3  12.0   4:15p     S
10  42.2  52.2   3:45p  34.3   1:15a  22.8   0.0  0.00   4.8  17.0   4:45p    SE
11  46.9  59.2   2:45p  39.0   7:30a  18.1   0.0  0.00   6.3  27.0  10:30p   ESE
12  42.6  53.3   3:45p  36.6   8:30p  22.4   0.0  0.08   6.2  19.0  12:15a    SE
13  41.0  46.5  12:30a  36.7  11:30p  24.0   0.0  0.03   7.6  22.0   4:45p    NE
14  37.9  41.0   2:15p  36.4   3:45a  25.9   0.0  0.01   8.3  24.0  10:00a    NE
15  39.7  47.3   2:45p  36.1  11:00p  25.3   0.0  0.00   5.3  17.0  12:00p     N
16  38.9  46.2   3:45p  33.9  11:45p  26.1   0.0  0.00   5.5  14.0  12:45p    NE
17  43.4  56.5   5:15p  32.7   6:45a  21.6   0.0  0.00   3.7  12.0   8:30p    SW
18  46.6  55.5   3:45p  38.7   8:00a  18.4   0.0  0.00   6.7  21.0   7:45p   WSW
19  45.6  58.1   3:30p  38.3  11:15p  19.4   0.0  0.00   6.7  21.0   5:45p   SSW
20  34.1  38.7  12:15a  32.0   9:00a  30.9   0.0  0.00   8.4  25.0   4:30a     N
21  36.6  43.4   5:45p  32.1  12:15a  28.4   0.0  0.00   3.2  13.0   2:00p    NE
22  38.2  44.3   3:00p  32.6  12:30a  26.8   0.0  0.00   9.3  30.0   4:15p    NE
23  39.7  44.7   1:45p  37.1  10:15a  25.3   0.0  0.00   8.0  24.0  12:15a     N
24  45.1  55.5   5:15p  35.7   7:15a  19.9   0.0  0.00   5.6  17.0  11:00p   WNW
25  37.4  47.5  12:15a  26.5  12:00m  27.6   0.0  0.00  10.8  30.0   4:45p    NE
26  28.8  33.8   5:00p  23.6   2:00a  36.2   0.0  0.00  10.7  30.0   2:00a    NE
27  36.7  46.6   2:30p  27.2   6:00a  28.3   0.0  0.00   7.2  18.0   2:15a     S
28  38.8  42.3   4:45p  35.8   7:45a  26.2   0.0  0.06   6.2  25.0   7:45p    NE
29  38.0  43.3   2:45p  33.0  12:00m  27.0   0.0  0.00   9.7  26.0   8:45a     N
30  37.5  47.8   1:45p  28.3   8:15a  27.5   0.0  0.00   4.0  14.0   9:00p   SSE
31  52.7  67.9   4:30p  40.9   1:15a  12.4   0.1  0.00  10.2  24.0   4:30p     S
-------------------------------------------------------------------------------------
    37.7  67.9    31    13.5     6   844.7   0.1  0.18   6.5  30.0    22       N

Max >=  90.0:  0
Max <=  32.0:  0
Min <=  32.0: 14
Min <=   0.0:  0
Max Rain: 0.08 ON 03/12/10
Days of Rain: 3 (>.01 in) 0 (>.1 in) 0 (>1 in)
Heat Base:  65.0  Cool Base:  65.0  Method: Integration