NOAA-Style Climate Reports


Report for 2010 April
                   MONTHLY CLIMATOLOGICAL SUMMARY for APR. 2010

NAME: Vantage Pro Plus   CITY: Sand Point   STATE: MI 
ELEV:   598 ft  LAT:  43° 54' 37" N  LONG:  83° 23' 03" W

                   TEMPERATURE (°F), RAIN  (in), WIND SPEED (mph)

                                      HEAT  COOL        AVG
    MEAN                              DEG   DEG         WIND                 DOM
DAY TEMP  HIGH   TIME   LOW    TIME   DAYS  DAYS  RAIN  SPEED HIGH   TIME    DIR
------------------------------------------------------------------------------------
 1  60.3  76.0   2:30p  50.3   7:30a   5.9   1.2  0.00   6.6  19.0  12:45a     S
 2  63.5  72.6   3:45p  54.7   7:45a   3.5   2.0  0.00  10.0  22.0  11:15a     S
 3  58.8  72.9   2:00p  49.3  11:15p   7.0   0.8  0.02  13.5  52.0   5:15p     S
 4  57.0  67.1   3:30p  47.1   7:00a   8.2   0.2  0.00  13.3  34.0  11:30p   SSW
 5  58.9  67.7   5:00p  51.9   7:30a   6.3   0.2  0.04   7.5  26.0  12:45a    SW
 6  49.1  57.8   4:00p  43.9  11:00p  15.9   0.0  0.28   6.3  21.0  10:15p     N
 7  44.2  46.0   4:00a  41.9   7:00p  20.8   0.0  0.21   9.1  30.0   3:45a    NE
 8  40.7  44.2  12:15a  34.2  12:00m  24.3   0.0  0.23  10.1  32.0   9:00p     N
 9  37.1  42.2   3:45p  32.7   5:15a  27.9   0.0  0.00  10.3  30.0   2:00a    NW
10  46.6  62.4   4:30p  34.0   5:00a  18.4   0.0  0.00   8.9  32.0   3:45p     S
11  50.3  66.6   5:00p  41.6   5:00a  14.8   0.0  0.00   5.2  25.0   5:00p    SW
12  47.4  54.0   6:15p  42.6   7:30a  17.6   0.0  0.08   4.4  19.0   5:00p     N
13  47.3  52.5  12:15p  44.3   4:30a  17.7   0.0  0.02   5.4  19.0   4:30p    NE
14  52.9  65.3   2:30p  42.2   6:00a  12.1   0.0  0.00   4.7  16.0  10:00p   SSE
15  61.9  76.2   3:00p  51.2   7:00a   5.1   2.0  0.00   7.2  19.0   6:15p    SW
16  56.6  67.1  12:15a  41.0  12:00m   8.4   0.0  0.00  10.0  37.0   8:30p    NW
17  41.5  45.6   5:45p  38.3   3:45a  23.5   0.0  0.00  11.0  32.0  12:15a    NW
18  45.2  52.1   5:30p  40.6   4:15a  19.8   0.0  0.00   6.6  20.0  11:30a     N
19  48.3  58.0   4:15p  41.9   7:00a  16.7   0.0  0.00   5.3  16.0   1:45a     N
20  52.6  64.6   3:15p  42.9   2:30a  12.4   0.0  0.01   3.6  11.0  12:00p   SSE
21  47.5  54.3   9:30a  41.9  12:00m  17.5   0.0  0.00   8.5  30.0   8:15p    NE
22  42.1  49.9   3:00p  34.8   7:15a  22.9   0.0  0.00   5.6  18.0   3:45p    NE
23  46.3  55.8   6:15p  34.8   7:15a  18.7   0.0  0.00   4.5  16.0   4:15p   ESE
24  52.8  62.4   5:15p  44.2   3:00a  12.2   0.0  0.00   6.1  21.0   7:00p    SE
25  49.0  55.6   2:00a  45.6   7:15a  16.0   0.0  0.54   9.3  30.0   2:30p    NE
26  49.6  55.2   5:00p  45.6  12:00m  15.4   0.0  0.00  12.5  33.0   7:15a     N
27  44.1  47.3   3:00p  40.6   6:45a  20.9   0.0  0.00  12.1  37.0  12:45a     N
28  48.5  59.1   6:00p  41.7   7:00a  16.5   0.0  0.00   4.2  19.0   2:15a     N
29  52.0  63.7   4:45p  42.6   4:15a  13.0   0.0  0.00   4.8  18.0   7:30p   SSE
30  65.6  80.9   4:45p  54.3   7:00a   3.6   4.2  0.00   8.3  25.0   2:30a     S
-------------------------------------------------------------------------------------
    50.6  80.9    30    32.7     9   443.0  10.6  1.43   7.8  52.0     3      NE

Max >=  90.0:  0
Max <=  32.0:  0
Min <=  32.0:  0
Min <=   0.0:  0
Max Rain: 0.54 ON 04/25/10
Days of Rain: 8 (>.01 in) 4 (>.1 in) 0 (>1 in)
Heat Base:  65.0  Cool Base:  65.0  Method: Integration