NOAA-Style Climate Reports


Report for 2010 May
                   MONTHLY CLIMATOLOGICAL SUMMARY for MAY. 2010

NAME: Vantage Pro Plus   CITY: Sand Point   STATE: MI 
ELEV:   598 ft  LAT:  43° 54' 37" N  LONG:  83° 23' 03" W

                   TEMPERATURE (°F), RAIN  (in), WIND SPEED (mph)

                                      HEAT  COOL        AVG
    MEAN                              DEG   DEG         WIND                 DOM
DAY TEMP  HIGH   TIME   LOW    TIME   DAYS  DAYS  RAIN  SPEED HIGH   TIME    DIR
------------------------------------------------------------------------------------
 1  67.6  74.1   3:45p  64.3   1:00p   0.0   2.6  0.00   8.4  25.0   9:00a   SSW
 2  60.1  64.6  12:15a  55.9   9:45a   4.9   0.0  0.32   2.9  20.0   9:45a     N
 3  63.2  71.7   3:45p  57.1   6:15a   3.0   1.2  0.01   5.3  20.0   9:00p   SSW
 4  62.6  69.7   4:30p  55.0   6:45a   3.4   1.0  0.00   4.5  14.0   2:45a    SW
 5  63.1  66.3   2:15a  58.4   1:45p   2.0   0.1  0.05   8.5  22.0   2:00a    SW
 6  55.4  60.4  12:15a  47.8  11:30p   9.6   0.0  0.00   5.7  25.0   4:00a    NW
 7  45.7  47.8  12:15a  43.7   1:45p  19.3   0.0  0.62   6.0  28.0   8:45p   ENE
 8  44.1  48.5   4:30a  40.0   9:45a  20.9   0.0  0.03  12.7  42.0   6:45a    NW
 9  45.0  55.9   4:15p  37.4   7:00a  20.0   0.0  0.00   7.1  28.0   2:15a    NW
10  47.8  55.3   4:15p  41.9   6:45a  17.2   0.0  0.00   6.5  22.0   1:30a     N
11  44.8  48.8  10:45a  41.7   2:00a  20.2   0.0  0.25   7.2  29.0   5:30p   ESE
12  48.6  52.8   4:45p  44.2  12:15a  16.4   0.0  0.00   6.8  24.0  11:30a    NE
13  49.1  51.2  10:00p  46.2  11:15a  15.9   0.0  0.96   3.4  22.0  12:30p   ESE
14  56.5  62.9   2:45p  51.2  12:15a   8.5   0.0  0.01   7.5  25.0   5:30p    SW
15  53.5  61.0   1:45p  47.9  12:00m  11.5   0.0  0.00   4.0  19.0   3:15a    NW
16  52.6  58.1   1:15p  46.2   3:00a  12.4   0.0  0.00   3.9  17.0  12:45p    NE
17  55.2  63.2  11:30a  50.6   3:30a   9.8   0.0  0.00   6.4  21.0   1:15p    NE
18  57.1  64.6   1:30p  53.0   2:15a   7.9   0.0  0.00   4.4  17.0   3:30p    NE
19  62.8  75.5   5:15p  49.7   3:45a   5.0   2.8  0.00   1.5  10.0   5:00a    SW
20  68.7  80.7   4:00p  57.7   6:15a   1.8   5.5  0.00   1.3  12.0  11:15a    SW
21  68.0  75.0   5:00p  62.1   6:45a   0.3   3.3  0.01   3.8  20.0  11:15p     S
22  65.6  72.2   2:15p  62.1   7:00a   0.8   1.4  0.48   2.6  12.0   3:00p   SSE
23  69.8  78.7   1:30p  61.0   6:00a   0.8   5.6  0.00   2.4  10.0   4:30p     S
24  73.5  80.7  11:45a  66.6   6:15a   0.0   8.5  0.00   4.1  13.0   1:45p     S
25  73.0  78.3   9:15p  67.7   6:30a   0.0   8.0  0.00   3.2  12.0  11:45a     S
26  76.0  85.1   4:15p  67.4   4:00a   0.0  11.0  0.00   1.4  10.0   9:30p    SW
27  72.8  82.2   3:00p  66.6  12:00m   0.0   7.8  0.00   3.0  18.0   4:30p     N
28  67.6  70.9   4:00p  63.8   6:45a   0.1   2.7  0.00   5.7  20.0   2:30p     N
29  67.0  71.4   6:45p  63.5   1:00a   0.2   2.1  0.00   5.1  20.0  12:30p    NE
30  75.5  86.4   4:15p  64.6   4:15a   0.0  10.5  0.00   1.9  10.0  12:30p     S
31  73.2  80.7   4:15p  66.4  12:00m   0.0   8.2  0.30   4.3  31.0   9:00a     S
-------------------------------------------------------------------------------------
    60.8  86.4    30    37.4     9   211.9  82.3  3.04   4.9  42.0     8      NE

Max >=  90.0:  0
Max <=  32.0:  0
Min <=  32.0:  0
Min <=   0.0:  0
Max Rain: 0.96 ON 05/13/10
Days of Rain: 8 (>.01 in) 6 (>.1 in) 0 (>1 in)
Heat Base:  65.0  Cool Base:  65.0  Method: Integration