NOAA-Style Climate Reports


Report for 2010 June
                   MONTHLY CLIMATOLOGICAL SUMMARY for JUN. 2010

NAME: Vantage Pro Plus   CITY: Sand Point   STATE: MI 
ELEV:   598 ft  LAT:  43° 54' 37" N  LONG:  83° 23' 03" W

                   TEMPERATURE (°F), RAIN  (in), WIND SPEED (mph)

                                      HEAT  COOL        AVG
    MEAN                              DEG   DEG         WIND                 DOM
DAY TEMP  HIGH   TIME   LOW    TIME   DAYS  DAYS  RAIN  SPEED HIGH   TIME    DIR
------------------------------------------------------------------------------------
 1  69.7  78.5   5:15p  61.2   2:45a   0.8   5.5  0.00   2.9  16.0  12:45a     N
 2  68.0  73.8  12:15a  62.3  11:45p   0.2   3.2  0.42   3.6  16.0   7:45a     S
 3  61.8  64.3   4:30p  58.0  12:00m   3.2   0.0  0.16   4.1  17.0   1:30a    NE
 4  63.9  69.9  12:45p  55.8   5:45a   2.8   1.6  0.11   1.6  12.0  10:15p     S
 5  66.4  77.1   4:45p  59.2  10:00p   1.1   2.5  0.76   3.3  18.0   7:00p     N
 6  58.3  60.3   4:45a  56.1   3:15p   6.7   0.0  0.26   7.0  26.0   3:15a     N
 7  58.5  66.6   2:45p  52.2  11:45p   6.5   0.1  0.00   4.8  19.0   6:00p     N
 8  60.5  69.0   1:45p  52.1   2:00a   4.9   0.5  0.00   2.3  12.0   4:00p     E
 9  64.1  74.8   5:00p  53.4   3:45a   3.5   2.6  0.15   5.2  19.0   7:30p     S
10  64.8  71.7   1:30p  60.3  11:45p   1.5   1.3  0.01   4.4  20.0   7:00a    NW
11  70.1  79.7   3:45p  59.5   7:00a   1.5   6.6  0.00   3.6  20.0  11:15p     S
12  68.0  74.4   9:00a  61.0   8:45p   0.9   3.9  0.00   7.0  29.0   1:15a     N
13  64.8  69.7   2:15p  61.5  12:15a   1.3   1.1  0.00   5.6  19.0   4:30a     N
14  66.8  72.2   1:00p  63.4   7:00p   0.3   2.0  0.00   4.0  20.0   2:15p    NE
15  67.1  71.9   7:15p  61.8   4:45a   0.7   2.8  0.00   4.1  16.0   2:45a   ESE
16  65.9  69.9   1:30p  61.3   4:00a   0.7   1.6  0.16   8.0  31.0   8:45a    NW
17  65.8  71.9   4:45p  60.3   6:30a   1.3   2.1  0.00   5.1  19.0   2:30a     N
18  73.4  83.7   5:45p  62.3   5:45a   0.5   8.9  0.00   6.1  26.0  12:00m     S
19  74.9  80.5   4:00p  68.7  12:00m   0.0   9.9  0.00   5.4  22.0   1:00a   SSW
20  70.3  78.3   1:00p  63.8   3:45a   0.1   5.4  0.00   2.7  13.0  10:30a    NE
21  72.0  78.8   1:45p  63.5   7:15a   0.0   7.0  0.00   2.9  16.0   2:45p     S
22  75.1  83.9   6:15p  68.2   5:00a   0.0  10.1  0.16   5.1  22.0  10:00a     S
23  75.6  83.7   6:00p  70.4  10:45p   0.0  10.6  0.00   4.7  25.0   3:15p     S
24  72.9  79.0   5:45p  66.4  12:00m   0.0   7.9  0.16   6.1  32.0   3:15a    NW
25  70.4  78.7   5:30p  61.3   5:00a   0.8   6.2  0.00   3.9  19.0  12:15a   SSW
26  72.5  81.4   2:45p  65.4   9:30p   0.0   7.5  0.00   5.4  20.0   6:15p   SSW
27  70.7  77.6   2:30p  64.3   8:15a   0.0   4.3  0.62   2.1  16.0  12:00m     S
28  73.2  82.3   1:30p  62.7  12:00m   0.1   8.2  0.00   6.8  27.0   3:15p     W
29  62.6  70.7   6:15p  57.3   5:15a   3.6   1.2  0.00   6.7  27.0   5:15a    NW
30  63.7  71.5   4:15p  57.4   6:45a   3.0   1.6  0.00   5.5  22.0   1:15a    NW
-------------------------------------------------------------------------------------
    67.7  83.9    22    52.1     8    46.0 126.2  2.97   4.7  32.0    24       S

Max >=  90.0:  0
Max <=  32.0:  0
Min <=  32.0:  0
Min <=   0.0:  0
Max Rain: 0.76 ON 06/05/10
Days of Rain: 10 (>.01 in) 10 (>.1 in) 0 (>1 in)
Heat Base:  65.0  Cool Base:  65.0  Method: Integration