NOAA-Style Climate Reports


Report for 2010 August
                   MONTHLY CLIMATOLOGICAL SUMMARY for AUG. 2010

NAME: Vantage Pro Plus   CITY: Sand Point   STATE: MI 
ELEV:   598 ft  LAT:  43° 54' 37" N  LONG:  83° 23' 03" W

                   TEMPERATURE (°F), RAIN  (in), WIND SPEED (mph)

                                      HEAT  COOL        AVG
    MEAN                              DEG   DEG         WIND                 DOM
DAY TEMP  HIGH   TIME   LOW    TIME   DAYS  DAYS  RAIN  SPEED HIGH   TIME    DIR
------------------------------------------------------------------------------------
 1  73.8  81.6   5:30p  68.5   3:00a   0.0   8.8  0.05   1.2   7.0  12:15a     S
 2  76.6  84.5   5:00p  71.2   7:15a   0.0  11.6  0.00   1.9  12.0   7:15p     S
 3  80.0  85.6   4:45p  73.8   5:30a   0.0  15.0  0.00   2.5  13.0   2:30a   SSW
 4  79.4  87.0   5:15p  75.7   6:30a   0.0  14.4  0.00   3.1  17.0  12:00p   WSW
 5  77.5  86.0   1:45p  71.2  12:00m   0.0  12.5  0.00   6.1  25.0   3:00p     W
 6  70.0  78.7  12:30p  63.5  10:30p   0.0   5.1  0.00   4.2  22.0  12:30a     N
 7  71.9  81.4   5:00p  62.6   7:30a   0.4   7.3  0.00   2.4  16.0  10:30p     S
 8  77.2  83.3   5:30p  71.4   9:30a   0.0  12.2  0.17   5.1  27.0   9:00a   SSW
 9  76.2  79.0   4:00p  73.4   7:30a   0.0  11.2  0.06   3.1  13.0   3:30p     S
10  76.7  82.3   6:00p  72.6   8:30a   0.0  11.7  0.00   1.8  12.0   1:30a     N
11  78.0  85.6   5:15p  72.7   7:15a   0.0  13.0  0.00   1.3  12.0   9:45p   SSE
12  76.4  82.0   2:30p  71.2   1:15a   0.0  11.4  0.46   2.9  12.0  12:00p    NE
13  78.6  87.0   4:30p  71.9   6:45a   0.0  13.6  0.00   3.0  12.0  11:15p     S
14  77.9  84.1   3:45p  73.2   2:15a   0.0  12.9  0.09   4.4  14.0   3:15p     S
15  79.9  87.2   5:15p  74.1  11:45p   0.0  14.9  0.00   5.2  25.0   9:30p     W
16  73.7  79.2   5:00p  70.0   6:45a   0.0   8.7  0.00   9.2  28.0  10:15a     W
17  72.3  79.4   5:15p  68.4  12:00m   0.0   7.3  0.00   6.3  26.0   3:15a     W
18  71.7  79.7   5:30p  64.2   3:15a   0.1   6.8  0.00   1.9  16.0  11:30p   SSW
19  71.6  79.4   3:45p  65.1  12:00m   0.0   6.6  0.25   4.2  21.0   5:30p   SSW
20  71.5  81.0   5:45p  63.8   2:00a   0.1   6.6  0.00   2.9  12.0  11:30p     S
21  74.9  81.2   4:00p  70.5   6:45a   0.0   9.9  0.00   3.9  21.0  12:00m     S
22  70.8  75.3   4:15p  67.5   9:15a   0.0   5.8  0.00   7.5  21.0   2:30a     N
23  69.6  71.2  12:30p  68.4   8:30a   0.0   4.6  0.00   5.8  20.0  12:30a    NE
24  69.8  73.1   6:30p  66.9   6:30a   0.0   4.8  0.00   0.7  12.0  12:15a   SSE
25  68.9  76.5   4:45p  62.4   7:45a   0.2   4.1  0.01   4.8  26.0   9:15p     N
26  65.3  72.7   1:15p  60.1   5:30a   1.7   2.0  0.00   4.0  24.0   3:15a     N
27  68.3  77.4   4:45p  59.2   3:45a   1.7   5.0  0.00   2.7  12.0   9:45a     S
28  74.7  85.6   5:30p  66.3   6:30a   0.0   9.4  0.00   3.4  12.0   2:45p     S
29  76.6  89.3   6:15p  65.4   7:00a   0.0  11.6  0.00   1.9  11.0  12:30a     S
30  81.1  93.4   5:15p  75.1   7:15a   0.0  16.1  0.00   1.9   8.0  12:45a     S
31  81.1  88.7   4:45p  76.2   2:00a   0.0  16.1  0.00   4.1  17.0   3:00p     S
-------------------------------------------------------------------------------------
    74.6  93.4    30    59.2    27     4.2 301.0  1.09   3.7  28.0    16       S

Max >=  90.0:  1
Max <=  32.0:  0
Min <=  32.0:  0
Min <=   0.0:  0
Max Rain: 0.46 ON 08/12/10
Days of Rain: 6 (>.01 in) 3 (>.1 in) 0 (>1 in)
Heat Base:  65.0  Cool Base:  65.0  Method: Integration