NOAA-Style Climate Reports


Report for 2010 November
                   MONTHLY CLIMATOLOGICAL SUMMARY for NOV. 2010

NAME: Vantage Pro Plus   CITY: Sand Point   STATE: MI 
ELEV:   598 ft  LAT:  43° 54' 37" N  LONG:  83° 23' 03" W

                   TEMPERATURE (°F), RAIN  (in), WIND SPEED (mph)

                                      HEAT  COOL        AVG
    MEAN                              DEG   DEG         WIND                 DOM
DAY TEMP  HIGH   TIME   LOW    TIME   DAYS  DAYS  RAIN  SPEED HIGH   TIME    DIR
------------------------------------------------------------------------------------
 1  43.0  47.8   4:00p  38.6  10:15p  11.2   0.0  0.00   1.4   8.0  12:00p     N
 2  41.5  49.9   4:00p  37.1   7:45a  23.5   0.0  0.00   1.3   8.0   3:45p   ESE
 3  40.2  44.9   4:30p  34.9   7:00a  24.8   0.0  0.00   7.0  17.0   3:15p   SSW
 4  44.1  45.9   1:45a  41.4  11:45p  20.9   0.0  0.00   9.5  34.0   9:30p     N
 5  36.6  41.4  12:15a  33.9   9:15p  28.4   0.0  0.00  10.8  30.0   1:30a     N
 6  37.6  42.6   3:45p  34.0  12:15a  27.4   0.0  0.00   6.1  20.0   4:45a     N
 7  42.3  51.5   2:45p  35.7   6:30a  22.8   0.0  0.00   6.6  20.0   6:45a   SSW
 8  43.6  54.2   2:45p  34.6   7:45a  21.4   0.0  0.00   1.7   8.0  12:45p   SSW
 9  46.1  55.2  12:00p  41.3   3:30a  18.9   0.0  0.00   2.8  14.0   1:30p   ENE
10  44.6  55.8   1:00p  36.7   4:15a  20.4   0.0  0.00   1.2  10.0   2:30p   SSE
11  41.9  54.6  12:45p  34.0   7:00a  23.1   0.0  0.00   1.4  12.0   1:30p   SSE
12  47.7  54.2   1:30p  43.4   4:45a  17.3   0.0  0.00   3.3  17.0   8:00p     S
13  50.1  55.8   3:45p  46.6   4:15a  14.9   0.0  0.00   4.6  17.0  10:00p    NE
14  43.8  51.2   1:00a  40.7  12:00m  21.2   0.0  0.00  14.8  32.0  12:30p   SSW
15  42.0  48.5   2:15p  38.6   8:15p  23.0   0.0  0.00   9.0  28.0  12:45a   SSW
16  45.0  53.7   1:45p  37.4   8:00a  20.0   0.0  0.01   5.5  27.0  11:30p     S
17  46.0  51.8   2:45p  42.7  11:15p  19.0   0.0  0.11   7.9  32.0   2:30a    NW
18  40.3  43.6  12:30a  34.5  11:30p  24.7   0.0  0.00   6.2  22.0   7:45p    NW
19  38.1  42.7   7:30p  32.0   6:45a  26.6   0.0  0.00   9.9  27.0   1:15p     S
20  38.0  42.7   1:30a  34.3   6:15p  27.0   0.0  0.00   5.0  30.0   1:30a   SSE
21  41.2  49.4  11:30p  33.8   1:45a  23.8   0.0  0.00   9.4  21.0   2:00p   SSE
22  53.0  57.6   8:45p  49.1  12:15a  12.0   0.0  0.27  12.5  32.0   8:45p     S
23  39.3  56.7   2:15a  32.4   3:45p  25.7   0.0  0.01  13.3  37.0   9:00a     W
24  35.9  38.9  12:30p  32.4  12:30a  29.1   0.0  0.00   6.6  22.0  12:15a   ESE
25  39.7  43.2   4:45p  29.9  12:00m  25.3   0.0  0.17  10.5  37.0   9:30p    SE
26  29.4  31.8   4:30p  26.2   1:30a  35.6   0.0  0.00  18.8  42.0  11:45a   WSW
27  34.3  39.9   3:45p  29.2  12:15a  30.7   0.0  0.00  11.9  38.0   3:15a     W
28  34.4  39.4   3:00p  32.1   9:30a  30.6   0.0  0.00   8.3  20.0   9:30a   SSW
29  38.1  45.0   3:15p  31.0   2:30a  26.9   0.0  0.00  10.2  21.0  12:00m   SSE
30  43.6  50.6   1:45p  36.5  12:00m  21.4   0.0  0.16  13.3  29.0  10:15p   SSE
-------------------------------------------------------------------------------------
    41.4  57.6    22    26.2    26   697.6   0.0  0.73   7.7  42.0    26     SSW

Max >=  90.0:  0
Max <=  32.0:  1
Min <=  32.0:  5
Min <=   0.0:  0
Max Rain: 0.27 ON 11/22/10
Days of Rain: 4 (>.01 in) 4 (>.1 in) 0 (>1 in)
Heat Base:  65.0  Cool Base:  65.0  Method: Integration