NOAA-Style Climate Reports


Report for 2010 December
                   MONTHLY CLIMATOLOGICAL SUMMARY for DEC. 2010

NAME: Vantage Pro Plus   CITY: Sand Point   STATE: MI 
ELEV:   598 ft  LAT:  43° 54' 37" N  LONG:  83° 23' 03" W

                   TEMPERATURE (°F), RAIN  (in), WIND SPEED (mph)

                                      HEAT  COOL        AVG
    MEAN                              DEG   DEG         WIND                 DOM
DAY TEMP  HIGH   TIME   LOW    TIME   DAYS  DAYS  RAIN  SPEED HIGH   TIME    DIR
------------------------------------------------------------------------------------
 1  33.2  36.7  12:15a  30.5   8:15p  31.8   0.0  0.00  12.5  31.0   8:15p   WSW
 2  31.3  33.0   9:30a  30.0  11:45p  33.7   0.0  0.00  10.7  29.0   4:45a     W
 3  32.3  38.8   1:45p  29.3   3:45a  32.7   0.0  0.00   5.6  19.0   1:00a    NW
 4  29.7  32.5  12:15a  26.0  12:00m  35.3   0.0  0.00   8.6  26.0   6:15p     N
 5  27.4  30.2   2:00p  24.4   2:15a  37.6   0.0  0.00  12.0  34.0   8:45p   NNW
 6  26.2  29.6   2:15p  24.4   8:30p  38.8   0.0  0.00  13.5  34.0   4:15a   NNW
 7  24.0  28.8   2:30p  20.6   8:45a  41.0   0.0  0.00  12.1  35.0   5:15a    NW
 8  24.0  29.4   2:15p  20.7  11:15p  41.0   0.0  0.00   8.4  25.0   6:45a   NNW
 9  24.7  29.4   1:45p  20.6  12:15a  40.3   0.0  0.00   7.6  24.0  11:45p     S
10  30.9  35.3   4:15p  25.6  12:15a  34.1   0.0  0.00  13.1  29.0  11:45a     S
11  34.9  37.7   9:45p  31.2   7:30a  30.1   0.0  0.00   5.4  20.0   7:00p     E
12  29.2  38.7   2:30a  16.9  12:00m  35.8   0.0  0.36  16.7  46.0   5:15p     N
13  12.8  16.9  12:15a   9.1   8:45a  52.2   0.0  0.00  18.5  44.0   1:30a     N
14  15.6  24.1   3:15p   9.1   4:00a  49.4   0.0  0.03  11.8  35.0   4:00a   NNW
15  22.0  28.8   1:30p  17.1  12:15a  43.0   0.0  0.00   6.1  19.0   6:30p     W
16  23.8  28.8   9:45p  18.4   3:45a  41.2   0.0  0.00   5.9  19.0  12:30a     W
17  27.4  29.4   2:00p  25.3  12:00m  37.6   0.0  0.00   8.7  21.0  11:45a    SW
18  23.5  26.2  12:45p  21.8   2:30a  41.5   0.0  0.00  10.7  27.0  12:45a   SSW
19  24.6  27.2   7:45p  21.8   4:30a  40.4   0.0  0.00   4.9  14.0   3:30a   SSW
20  28.5  37.4   2:45p  23.0   8:15p  36.5   0.0  0.00   3.6  16.0   8:00a     W
21  27.1  29.1   1:15p  24.8  12:15a  37.9   0.0  0.01   2.5  12.0  11:15a   WSW
22  30.8  34.7   2:30p  27.5  12:15a  34.2   0.0  0.00   7.2  24.0  11:00a     N
23  29.0  31.6   2:30p  25.4  10:30p  36.0   0.0  0.00   8.0  30.0   5:45a     N
24  26.1  28.2  12:15p  24.5   7:45a  38.9   0.0  0.00   4.6  17.0   2:45a    NW
25  27.9  29.9  12:00m  25.7  12:15a  37.1   0.0  0.06  10.8  28.0   3:45p     N
26  25.8  29.6  12:15a  23.1   8:00p  39.2   0.0  0.00  14.4  32.0   6:00a     N
27  24.2  27.6   5:30p  20.0   9:00a  40.8   0.0  0.00   8.6  27.0  12:30a     N
28  27.0  31.0   3:45p  22.3   3:30a  38.0   0.0  0.00   8.5  27.0  10:45a    SW
29  27.9  31.2   1:00a  23.4  11:15p  37.1   0.0  0.00   8.5  20.0  10:30a   SSW
30  33.9  37.0  10:45p  24.1  12:15a  31.1   0.0  0.02   9.3  20.0  10:30p     S
31  39.5  43.7  11:30p  36.4  12:15a  25.5   0.0  0.18   9.0  24.0   3:00a     S
-------------------------------------------------------------------------------------
    27.3  43.7    31     9.1    13  1169.8   0.0  0.66   9.3  46.0    12       N

Max >=  90.0:  0
Max <=  32.0: 20
Min <=  32.0: 30
Min <=   0.0:  0
Max Rain: 0.36 ON 12/12/10
Days of Rain: 5 (>.01 in) 2 (>.1 in) 0 (>1 in)
Heat Base:  65.0  Cool Base:  65.0  Method: Integration