NOAA-Style Climate Reports


Report for 2011
                            ANNUAL CLIMATOLOGICAL SUMMARY

NAME: Vantage Pro Plus  CITY: Sand Point   STATE: MI  
ELEV:   598 ft  LAT:  43° 54' 37" N  LONG:  83° 23' 03" W

               TEMPERATURE (°F), HEAT BASE 65.0, COOL BASE 65.0
                          DEP.  HEAT  COOL                                          
        MEAN  MEAN        FROM  DEG   DEG                        MAX  MAX  MIN  MIN 
 YR MO  MAX   MIN   MEAN  NORM  DAYS  DAYS  HI  DATE  LOW  DATE  >=90 <=32 <=32 <=0 
------------------------------------------------------------------------------------
 11  1  26.6  12.4  20.1   0.3  1392     0  44.3   1  -7.4   23    0   27   31    3
 11  2  30.8  16.4  24.1   3.4  1146     0  45.5  16  -4.7   10    0   15   26    1
 11  3  37.7  24.2  30.8   0.2  1058     0  50.1  17   6.6    1    0    7   27    0
 11  4  51.9  37.5  43.7   1.3   642     2  73.3  10  29.3    1    0    0    2    0
 11  5  63.4  49.8  55.8   1.3   316    31  85.7  31  40.5   16    0    0    0    0
 11  6  75.7  59.5  66.7   2.7    62   111  90.5   8  51.3    2    1    0    0    0
 11  7  84.1  70.1  76.8   7.5     0   365  93.9  21  62.8   13    4    0    0    0
 11  8  79.0  67.0  72.6   5.9     3   240  86.3   1  60.7   22    0    0    0    0
 11  9  70.6  57.9  63.7   4.0   116    76  89.8   2  44.1   30    0    0    0    0
 11 10  59.3  49.1  53.8   5.1   361    13  77.9   7  38.1   30    0    0    0    0
 11 11  49.7  39.0  44.0   6.4   630     0  59.8   2  29.0   18    0    0    3    0
 11 12  37.7  29.5  33.7   7.6   970     0  49.4  15  16.8   28    0    4   18    0
------------------------------------------------------------------------------------
        55.7  42.9  48.9   3.8  6696   838  93.9 JUL  -7.4  JAN    5   53  107    4

                                PRECIPITATION (in)

               DEP.   MAX        DAYS OF RAIN 
               FROM   OBS.          OVER
 YR MO  TOTAL  NORM   DAY  DATE .01   .1   1
---------------------------------------------
 11  1  0.82  -1.07  0.24    8    8    4    0
 11  2  0.95  -0.66  0.61    2    8    2    0
 11  3  1.47  -0.87  0.56   23    9    5    0
 11  4  4.37   1.61  0.78   28   14    9    0
 11  5  1.85  -1.04  0.32   19   15    7    0
 11  6  2.15  -0.76  0.86   22    9    5    0
 11  7  1.82  -1.22  0.72    2    8    6    0
 11  8  1.62  -2.06  0.70    7    6    5    0
 11  9  1.72  -2.03  0.56   30    6    4    0
 11 10  2.60   0.06  1.00   20    9    3    0
 11 11  1.88  -0.92  0.79   29    6    6    0
 11 12  0.92  -1.30  0.26   30    6    4    0
---------------------------------------------
       22.17-10.26  1.00  OCT  104   60    0

                                WIND SPEED (mph)
                          DOM
 YR MO   AVG.  HI   DATE  DIR
---------------------------------
 11  1   6.4  44.0    1     N
 11  2   8.4  44.0    2   SSW
 11  3   5.8  34.0   23     N
 11  4   8.6  40.0   17    NE
 11  5   7.6  41.0   15    NE
 11  6   4.4  42.0    9    NE
 11  7   3.0  37.0    2    SW
 11  8   3.7  27.0    3     N
 11  9   4.6  38.0   30     N
 11 10   5.3  45.0   20     S
 11 11   8.7  46.0   29     S
 11 12   9.0  37.0   15   SSW
---------------------------------
         6.3  46.0  NOV    N