NOAA-Style Climate Reports


Report for 2011 February
                   MONTHLY CLIMATOLOGICAL SUMMARY for FEB. 2011

NAME: Vantage Pro Plus   CITY: Sand Point   STATE: MI 
ELEV:   598 ft  LAT:  43° 54' 37" N  LONG:  83° 23' 03" W

                   TEMPERATURE (°F), RAIN  (in), WIND SPEED (mph)

                                      HEAT  COOL        AVG
    MEAN                              DEG   DEG         WIND                 DOM
DAY TEMP  HIGH   TIME   LOW    TIME   DAYS  DAYS  RAIN  SPEED HIGH   TIME    DIR
------------------------------------------------------------------------------------
 1  20.4  23.4   1:00p  18.2   5:00a  44.6   0.0  0.04   9.9  32.0  10:15p    NE
 2  19.2  23.0   7:30a   9.3  12:00m  45.8   0.0  0.61  15.1  44.0   3:45a     N
 3  13.4  22.3   3:00p   2.5   4:00a  51.6   0.0  0.00  13.1  35.0  10:45p   SSW
 4  17.2  22.6   2:15p  11.1   2:30a  47.8   0.0  0.00  14.1  34.0  12:15a   SSW
 5  20.2  26.5  12:00m  13.1   8:00a  44.8   0.0  0.00   6.8  25.0  12:15a   SSW
 6  28.6  30.7   2:30p  26.5  12:15a  36.4   0.0  0.02   5.6  14.0   3:45a   SSW
 7  26.0  30.6   1:30p  16.8  12:00m  39.0   0.0  0.03   4.8  17.0   7:45p     N
 8   9.5  16.8  12:15a   1.5   8:00a  55.5   0.0  0.00   8.1  21.0   2:45a    SW
 9  12.1  20.7   1:30p   2.9  11:30p  52.9   0.0  0.00   9.4  22.0   3:45a   WSW
10   6.0  15.6   3:30p  -4.7   7:45a  59.0   0.0  0.00   9.6  24.0  10:00p   SSW
11  14.1  23.1   9:00p   2.1   6:30a  50.9   0.0  0.00  10.9  29.0   8:45p   SSW
12  26.1  34.3   1:15p  21.4   1:15a  38.9   0.0  0.00   8.2  24.0   2:00a   SSW
13  34.6  40.1   7:00p  26.9  12:30a  30.4   0.0  0.00  14.1  36.0  10:45p   SSW
14  33.4  40.0  11:15a  18.7  12:00m  31.6   0.0  0.00   9.6  27.0  12:15a   NNW
15  22.7  33.6   2:45p  10.5   8:00a  42.3   0.0  0.00   5.6  29.0  10:45p   SSE
16  35.8  45.5   2:30p  27.3  12:15a  29.2   0.0  0.00   7.2  18.0   4:15a   SSW
17  39.4  43.3   6:00p  34.7  12:15a  25.6   0.0  0.00  11.6  26.0   6:00p     S
18  39.3  45.1   2:30a  32.4  12:00m  25.7   0.0  0.00  14.1  39.0   6:30p     W
19  28.6  36.4   3:00p  22.6   7:15a  36.4   0.0  0.00  10.1  36.0   2:30a    NW
20  27.1  33.1  12:45p  21.4   4:45a  37.9   0.0  0.11   5.4  26.0  12:00m   ENE
21  20.0  25.6  12:15a  15.6  12:00m  45.0   0.0  0.05  12.1  32.0   1:15a   ENE
22  19.5  26.5   2:45p  12.6   6:30a  45.5   0.0  0.00   4.7  20.0   1:30p    NE
23  18.9  29.1   3:15p   7.2   7:15a  46.1   0.0  0.00   3.0  17.0  11:00p    NE
24  29.9  36.4   1:00p  24.8  12:15a  35.1   0.0  0.00   3.5  16.0  11:45p   WSW
25  27.9  35.6   2:45p  20.6  10:45p  37.1   0.0  0.00   8.8  30.0   5:30a     N
26  23.7  27.8   3:45p  19.2   5:15a  41.3   0.0  0.07   2.5  10.0  12:15a     S
27  30.2  35.3   2:30p  25.0   5:15a  34.8   0.0  0.00   0.6   8.0   3:30p   WSW
28  30.1  39.1   1:45p  18.2  11:00p  34.9   0.0  0.02   7.2  22.0   5:30a     N
-------------------------------------------------------------------------------------
    24.1  45.5    16    -4.7    10  1146.1   0.0  0.95   8.4  44.0     2     SSW

Max >=  90.0:  0
Max <=  32.0: 15
Min <=  32.0: 26
Min <=   0.0:  1
Max Rain: 0.61 ON 02/02/11
Days of Rain: 8 (>.01 in) 2 (>.1 in) 0 (>1 in)
Heat Base:  65.0  Cool Base:  65.0  Method: Integration