NOAA-Style Climate Reports


Report for 2011 March
                   MONTHLY CLIMATOLOGICAL SUMMARY for MAR. 2011

NAME: Vantage Pro Plus   CITY: Sand Point   STATE: MI 
ELEV:   598 ft  LAT:  43° 54' 37" N  LONG:  83° 23' 03" W

                   TEMPERATURE (°F), RAIN  (in), WIND SPEED (mph)

                                      HEAT  COOL        AVG
    MEAN                              DEG   DEG         WIND                 DOM
DAY TEMP  HIGH   TIME   LOW    TIME   DAYS  DAYS  RAIN  SPEED HIGH   TIME    DIR
------------------------------------------------------------------------------------
 1  24.3  34.3   3:45p   6.6   3:15a  40.7   0.0  0.00  10.9  32.0   3:15p   SSW
 2  24.1  31.3   1:45p  11.2  11:45p  40.9   0.0  0.00   6.8  25.0   8:15a   NNW
 3  19.1  26.2   3:45p   7.2   5:30a  45.9   0.0  0.00   7.3  19.0  11:30a   SSE
 4  31.4  40.4   1:30p  20.3  12:15a  33.6   0.0  0.16   3.8  14.0  10:45p   SSE
 5  31.2  33.4   3:45a  27.3  12:00m  33.8   0.0  0.23   0.2  13.0   1:00a     N
 6  24.1  27.8   4:30p  19.2  11:45p  40.9   0.0  0.00   2.7  22.0   2:30p     N
 7  24.7  32.2   1:30p  17.9   6:15a  40.3   0.0  0.00   4.9  16.0   3:30p    NE
 8  31.7  39.8   2:15p  25.7  12:15a  33.3   0.0  0.00   4.1  13.0   5:15p   ESE
 9  34.5  37.0  10:45p  31.8   1:15a  30.5   0.0  0.18   7.3  24.0  12:00p    SE
10  34.0  36.8   1:45a  31.3  11:30p  31.0   0.0  0.16   5.2  22.0  11:15p   NNW
11  33.8  39.5   5:15p  30.3  10:45p  31.2   0.0  0.00   9.5  33.0   7:45a    NW
12  32.8  37.2  12:45p  27.0   3:15a  32.2   0.0  0.00   6.5  24.0   5:30p   WSW
13  33.2  38.4  12:45p  30.0   8:30p  30.4   0.0  0.00   4.3  13.0   3:30a     W
14  29.7  41.3   2:30p  20.7   8:15a  35.3   0.0  0.00   3.4  11.0   7:30a    NE
15  32.4  41.5   1:00p  23.6   6:00a  32.6   0.0  0.00   3.7  14.0   4:00p    SE
16  38.1  44.0   3:30p  33.4   8:00a  26.9   0.0  0.03   5.2  13.0   9:00a   SSW
17  42.6  50.1   8:00p  36.5   3:15a  22.4   0.0  0.00  12.7  27.0   8:30p   SSW
18  42.2  47.7   1:45a  35.3  12:00m  22.8   0.0  0.00   6.6  27.0   2:00a   WSW
19  32.6  39.7   4:15p  28.8   7:45a  32.4   0.0  0.00   4.5  21.0   1:45a    NW
20  33.3  38.5   2:30p  28.1   7:30a  31.7   0.0  0.04   7.1  24.0  12:00m   SSE
21  40.0  47.3   2:45p  35.2   8:45a  25.0   0.0  0.06   5.3  24.0   1:00a    NW
22  35.1  39.5  12:15a  29.3  12:00m  29.9   0.0  0.05   7.0  25.0   3:15p    NE
23  27.7  29.4  12:15a  26.8   9:15p  37.3   0.0  0.56  12.9  34.0   4:15p    NE
24  25.1  31.8   5:00p  19.0  11:30p  39.9   0.0  0.00   8.0  28.0  12:45a     N
25  23.0  31.8   2:30p  16.6   7:00a  42.0   0.0  0.00   5.3  22.0  11:30a     N
26  23.4  31.0  10:15a  17.6   7:00a  41.6   0.0  0.00   4.9  21.0  12:00p    NE
27  25.5  34.6   1:45p  18.7   5:30a  39.5   0.0  0.00   4.4  17.0  12:00p     N
28  27.6  37.8   1:00p  19.5   4:30a  37.4   0.0  0.00   5.3  16.0   8:45a     N
29  30.5  38.4   5:30p  22.5   1:30a  34.5   0.0  0.00   3.6  11.0   6:00a    SW
30  32.2  43.8   2:00p  23.7   6:45a  32.8   0.0  0.00   2.8  11.0   1:30p    NE
31  35.5  45.1   2:00p  30.6  12:15a  28.9   0.0  0.00   2.9  10.0   1:30p    NE
-------------------------------------------------------------------------------------
    30.8  50.1    17     6.6     1  1057.6   0.0  1.47   5.8  34.0    23       N

Max >=  90.0:  0
Max <=  32.0:  7
Min <=  32.0: 27
Min <=   0.0:  0
Max Rain: 0.56 ON 03/23/11
Days of Rain: 9 (>.01 in) 5 (>.1 in) 0 (>1 in)
Heat Base:  65.0  Cool Base:  65.0  Method: Integration