NOAA-Style Climate Reports


Report for 2011 May
                   MONTHLY CLIMATOLOGICAL SUMMARY for MAY. 2011

NAME: Vantage Pro Plus   CITY: Sand Point   STATE: MI 
ELEV:   598 ft  LAT:  43° 54' 37" N  LONG:  83° 23' 03" W

                   TEMPERATURE (°F), RAIN  (in), WIND SPEED (mph)

                                      HEAT  COOL        AVG
    MEAN                              DEG   DEG         WIND                 DOM
DAY TEMP  HIGH   TIME   LOW    TIME   DAYS  DAYS  RAIN  SPEED HIGH   TIME    DIR
------------------------------------------------------------------------------------
 1  58.9  69.6   4:00p  53.8  12:15a   6.4   0.3  0.00  16.7  30.0   1:00p   SSE
 2  51.0  59.2   6:00p  42.8  12:00m  14.0   0.0  0.00   7.2  31.0   7:45p    NE
 3  42.2  44.0  12:45p  40.8   6:15a  22.8   0.0  0.03   7.8  25.0   4:15a     N
 4  50.3  60.8   6:30p  42.5  12:15a  14.7   0.0  0.00   4.9  19.0   4:30a     N
 5  56.4  66.5   5:00p  47.9   6:30a   8.7   0.0  0.00   4.3  20.0   8:45p    SW
 6  55.8  63.9   2:00p  48.6  12:00m   9.2   0.0  0.07   9.6  30.0   2:45p   SSW
 7  51.3  58.2   1:45p  45.8  12:00m  13.7   0.0  0.00   5.1  19.0   3:15p    NE
 8  51.2  58.4   5:15p  43.8   1:45a  13.8   0.0  0.00   6.1  21.0   3:00p    NE
 9  54.3  61.3   1:00p  47.4   6:30a  10.7   0.0  0.00   6.1  21.0   2:45p    NE
10  58.2  64.3   6:15p  54.7   3:15a   6.8   0.0  0.00   8.0  27.0   3:30p   ESE
11  58.4  68.6   6:00p  50.8   1:30p   6.8   0.2  0.00   7.3  22.0   1:30p    SE
12  61.4  70.6   9:30p  56.5   9:15a   4.3   0.6  0.09   4.8  18.0   2:00a     N
13  60.8  67.8  12:15a  51.9  10:15p   4.4   0.1  0.05   6.0  20.0   2:15a    NE
14  49.7  54.0  12:45a  48.2   7:00p  15.3   0.0  0.27  13.9  39.0  11:30p     N
15  46.6  50.3   2:30a  42.8  11:15a  18.4   0.0  0.03  15.2  41.0   9:45a    NE
16  46.5  51.7  10:15p  40.5   7:00a  18.5   0.0  0.00  13.9  33.0   1:30a     N
17  49.2  53.8   3:00p  45.5   5:45a  15.8   0.0  0.11   8.2  22.0   9:00a    NE
18  51.4  56.8   1:45p  47.0  12:15a  13.6   0.0  0.02   7.5  22.0   1:00a    NE
19  52.0  55.9   7:30p  48.8  11:45p  13.0   0.0  0.32   6.2  16.0   3:45a     N
20  54.6  63.2   7:00p  47.3   7:45a  10.4   0.0  0.00   5.5  17.0   9:30a   NNE
21  64.0  76.3   6:15p  53.8   5:45a   3.2   2.2  0.00   3.1  17.0   4:15p    NE
22  71.5  83.2   3:15p  63.0   4:30a   0.4   6.9  0.06   5.4  29.0   4:15p     S
23  68.4  76.6   1:30p  63.3   4:15a   0.1   3.6  0.12   8.3  25.0   6:45a   SSW
24  55.0  66.0  12:15a  47.4  11:45p  10.0   0.0  0.00   6.3  27.0   4:00a    NE
25  51.0  57.7  11:30a  46.0   4:15a  14.0   0.0  0.22   5.9  29.0   4:45p    NE
26  47.2  50.1   8:45a  43.7   3:00p  17.8   0.0  0.12  14.4  39.0  11:30a     N
27  49.1  51.9  11:45p  46.3   6:30a  15.9   0.0  0.00   9.5  34.0  12:30a    NE
28  57.9  65.7   2:30p  51.4   1:15a   7.1   0.0  0.02   4.6  20.0  10:30a     S
29  62.9  73.3   5:30p  55.9  11:15p   3.8   1.7  0.01   2.5  16.0  10:30p   SSW
30  66.0  79.7   7:00p  56.6  12:15a   2.8   3.8  0.00   3.5  14.0  11:15a   NNE
31  76.5  85.7   3:45p  69.6   6:15a   0.0  11.5  0.31   7.4  34.0   8:30p   SSW
-------------------------------------------------------------------------------------
    55.8  85.7    31    40.5    16   316.4  30.9  1.85   7.6  41.0    15      NE

Max >=  90.0:  0
Max <=  32.0:  0
Min <=  32.0:  0
Min <=   0.0:  0
Max Rain: 0.32 ON 05/19/11
Days of Rain: 15 (>.01 in) 7 (>.1 in) 0 (>1 in)
Heat Base:  65.0  Cool Base:  65.0  Method: Integration