NOAA-Style Climate Reports


Report for 2011 July
                   MONTHLY CLIMATOLOGICAL SUMMARY for JUL. 2011

NAME: Vantage Pro Plus   CITY: Sand Point   STATE: MI 
ELEV:   598 ft  LAT:  43° 54' 37" N  LONG:  83° 23' 03" W

                   TEMPERATURE (°F), RAIN  (in), WIND SPEED (mph)

                                      HEAT  COOL        AVG
    MEAN                              DEG   DEG         WIND                 DOM
DAY TEMP  HIGH   TIME   LOW    TIME   DAYS  DAYS  RAIN  SPEED HIGH   TIME    DIR
------------------------------------------------------------------------------------
 1  74.6  84.0   4:15p  65.1   4:00a   0.0   9.6  0.00   2.0  12.0  11:30p   SSE
 2  76.6  90.2   4:30p  69.8  12:00m   0.0  11.6  0.72   4.3  37.0   4:45p     S
 3  73.9  82.4   6:00p  67.6   6:30a   0.0   8.9  0.00   1.8  13.0   8:00p     N
 4  73.3  81.3   6:00p  64.1   6:45a   0.0   8.3  0.00   1.1   8.0   9:45a   ESE
 5  77.5  84.4   3:30p  70.6   2:15a   0.0  12.5  0.00   3.5  18.0  12:00p   WSW
 6  74.8  84.2   4:00p  69.8   4:45a   0.0   9.8  0.13   4.0  29.0   2:00a    NE
 7  71.8  77.3   4:30p  66.0   6:45a   0.0   6.8  0.00   2.5  17.0  12:30a     N
 8  75.3  82.8   5:00p  68.1   6:15a   0.0  10.3  0.00   1.6  22.0   8:45p   SSE
 9  74.4  81.3   6:45p  67.0   6:45a   0.0   9.4  0.00   2.5  12.0  12:30a     N
10  79.6  86.1   4:30p  74.4   7:45a   0.0  14.6  0.00   2.8  12.0   2:00a     S
11  78.6  82.1   6:15p  75.2   5:45a   0.0  13.6  0.02   4.3  21.0  12:30p     W
12  78.1  86.9   1:30p  70.3  12:00m   0.0  13.1  0.00   4.3  21.0   8:00p    NW
13  68.2  72.8   4:15p  62.8   5:45a   0.3   3.5  0.00   6.6  22.0  12:30p     N
14  70.3  76.8   1:15p  64.3  12:15a   0.0   5.3  0.00   4.0  16.0   5:45p     N
15  72.3  80.2   1:30p  66.8   2:30a   0.0   7.3  0.00   3.5  17.0   2:45p   ESE
16  76.6  87.7   1:45p  66.0   5:30a   0.0  11.6  0.00   1.0  11.0   1:45p   ESE
17  81.8  90.5   4:00p  74.2   6:30a   0.0  16.8  0.00   1.6  16.0   7:45p    SW
18  79.3  87.5   2:15p  72.7   5:45a   0.0  14.3  0.18   2.5  33.0   3:45a    SW
19  80.3  87.9   1:45p  72.1   6:30a   0.0  15.3  0.00   1.9  12.0  10:00p     N
20  82.4  90.0   6:15p  74.9   5:00a   0.0  17.4  0.00   3.2  13.0  12:30p   SSW
21  86.2  93.9   4:45p  79.5  12:00m   0.0  21.2  0.00   5.1  19.0  10:00a    SW
22  78.4  81.5   5:15p  75.4   9:30a   0.0  13.4  0.00   2.3  17.0   2:15p   SSW
23  79.2  86.9   3:15p  74.4   9:15p   0.0  14.2  0.02   3.1  27.0   6:15p    SW
24  76.0  83.2  12:30p  71.6   6:45a   0.0  11.0  0.00   3.1  18.0   3:00p    NE
25  76.1  81.7   2:30p  69.0   7:15a   0.0  11.1  0.30   4.3  26.0  10:45p     N
26  74.2  80.8   1:30p  67.5  12:00m   0.0   9.2  0.00   5.0  28.0   1:15a    NW
27  72.5  78.2   4:45p  64.9   2:45a   0.0   7.5  0.00   1.8   8.0  10:00p   SSE
28  77.6  84.6   4:15p  71.3   4:45a   0.0  12.6  0.15   2.4  25.0  10:30p     S
29  79.2  86.3   6:30p  73.5   8:45a   0.0  14.2  0.30   3.3  17.0   5:15a    NW
30  79.0  86.3   5:45p  71.3   6:30a   0.0  14.0  0.00   0.9  17.0  10:45p   WSW
31  81.2  87.9   5:00p  73.7   8:15a   0.0  16.2  0.00   3.8  24.0   1:15a    SW
-------------------------------------------------------------------------------------
    76.8  93.9    21    62.8    13     0.3 364.6  1.82   3.0  37.0     2      SW

Max >=  90.0:  4
Max <=  32.0:  0
Min <=  32.0:  0
Min <=   0.0:  0
Max Rain: 0.72 ON 07/02/11
Days of Rain: 8 (>.01 in) 6 (>.1 in) 0 (>1 in)
Heat Base:  65.0  Cool Base:  65.0  Method: Integration