NOAA-Style Climate Reports


Report for 2011 October
                   MONTHLY CLIMATOLOGICAL SUMMARY for OCT. 2011

NAME: Vantage Pro Plus   CITY: Sand Point   STATE: MI 
ELEV:   598 ft  LAT:  43° 54' 37" N  LONG:  83° 23' 03" W

                   TEMPERATURE (°F), RAIN  (in), WIND SPEED (mph)

                                      HEAT  COOL        AVG
    MEAN                              DEG   DEG         WIND                 DOM
DAY TEMP  HIGH   TIME   LOW    TIME   DAYS  DAYS  RAIN  SPEED HIGH   TIME    DIR
------------------------------------------------------------------------------------
 1  49.2  52.5   4:45p  46.6  12:15a  15.9   0.0  0.06  13.0  39.0   2:15a     N
 2  54.9  61.6   4:15p  49.8   8:15a  10.1   0.0  0.00   7.6  24.0   2:30a     N
 3  57.4  61.4   1:15p  54.7   5:45a   7.6   0.0  0.00   7.8  27.0  11:45a     N
 4  59.2  67.0   5:00p  54.0   8:00a   5.9   0.1  0.00   1.2  10.0   2:45a     N
 5  58.3  63.6   2:00p  54.1   7:45a   6.7   0.0  0.00   2.5  18.0   4:45p    NE
 6  60.0  66.5   1:30p  53.2   2:00a   5.1   0.1  0.00   2.3  10.0   2:15p   SSE
 7  64.7  77.9   3:30p  56.2   7:30a   3.2   2.9  0.00   1.6   8.0   9:00p   SSE
 8  65.9  77.2   4:15p  57.5   7:15a   2.3   3.2  0.00   2.4  11.0   1:45p     S
 9  66.9  77.9   5:15p  59.9   8:00a   1.3   3.2  0.00   0.9   7.0   1:30a     S
10  64.3  73.9   5:30p  57.9   7:15a   2.0   1.3  0.00   1.5  13.0   5:15p   SSE
11  65.0  73.2   6:15p  57.1   8:30a   1.9   2.0  0.00   2.3  10.0   3:15p     S
12  61.9  67.3   2:00p  58.1   6:45a   3.4   0.3  0.00   2.9  14.0   5:45p     S
13  60.6  64.4   2:00p  58.1   1:45a   4.4   0.0  0.03   1.2   8.0  12:15a     S
14  56.6  60.1  12:45p  51.7  10:00p   8.4   0.0  0.03  10.1  35.0  11:00p   WSW
15  50.9  54.1   7:00p  47.4   6:30a  14.1   0.0  0.03  12.8  41.0   5:00p     W
16  54.7  60.1   3:45p  51.7   9:15a  10.3   0.0  0.00  10.8  32.0   9:00a   WSW
17  53.6  58.7   3:00p  49.2   8:00a  11.4   0.0  0.00  10.8  36.0  10:30a   WSW
18  51.6  54.1   2:00p  47.4  11:15p  13.5   0.0  0.02   2.5  17.0   9:45p     N
19  49.8  51.6   8:45a  47.9  12:00m  15.2   0.0  0.92  12.6  42.0   6:30p    NE
20  47.1  48.8   3:30a  45.1  10:15p  17.9   0.0  1.00  13.9  45.0  12:15a     N
21  46.5  50.3   4:45p  44.5   3:00a  18.6   0.0  0.00   6.4  25.0   5:00a    NW
22  47.9  54.7   4:00p  41.3   9:30a  17.1   0.0  0.00   2.2  11.0  12:15a     S
23  50.8  58.4   4:30p  42.4   8:45a  14.2   0.0  0.00   2.3  32.0  10:15p     S
24  52.4  58.4   2:00p  47.6  10:30p  12.6   0.0  0.00   6.7  24.0   7:45a     W
25  46.6  48.9   1:15a  45.0   2:45p  18.4   0.0  0.44   3.0  20.0  10:15p     E
26  47.6  49.1  10:45a  45.4   7:15p  17.4   0.0  0.06   7.9  26.0   3:00a    NE
27  44.4  46.7   5:15p  38.8  10:00p  20.6   0.0  0.00   3.4  19.0  12:30a    NE
28  42.9  48.0   1:30p  38.4   7:15a  22.1   0.0  0.00   1.4  12.0  12:45p   SSW
29  42.9  47.4   5:15p  39.5  12:00m  22.1   0.0  0.01   2.0  10.0   1:15a     S
30  44.0  49.7   5:45p  38.1  11:15a  21.0   0.0  0.00   2.6  12.0  11:00p     S
31  48.7  56.0   3:00p  43.5  12:00m  16.3   0.0  0.00   4.8  17.0   2:30a     S
-------------------------------------------------------------------------------------
    53.8  77.9     7    38.1    30   361.0  13.1  2.60   5.3  45.0    20       S

Max >=  90.0:  0
Max <=  32.0:  0
Min <=  32.0:  0
Min <=   0.0:  0
Max Rain: 1.00 ON 10/20/11
Days of Rain: 9 (>.01 in) 3 (>.1 in) 0 (>1 in)
Heat Base:  65.0  Cool Base:  65.0  Method: Integration