NOAA-Style Climate Reports


Report for 2011 November
                   MONTHLY CLIMATOLOGICAL SUMMARY for NOV. 2011

NAME: Vantage Pro Plus   CITY: Sand Point   STATE: MI 
ELEV:   598 ft  LAT:  43° 54' 37" N  LONG:  83° 23' 03" W

                   TEMPERATURE (°F), RAIN  (in), WIND SPEED (mph)

                                      HEAT  COOL        AVG
    MEAN                              DEG   DEG         WIND                 DOM
DAY TEMP  HIGH   TIME   LOW    TIME   DAYS  DAYS  RAIN  SPEED HIGH   TIME    DIR
------------------------------------------------------------------------------------
 1  47.8  55.1   4:45p  41.4   8:00a  17.2   0.0  0.00   3.7  13.0   9:30p     S
 2  53.3  59.8   2:30p  48.0   1:00a  11.7   0.0  0.00   5.7  16.0  11:45a     S
 3  46.6  51.4  12:15a  44.1  11:45p  18.4   0.0  0.19   8.4  25.0   2:15a     N
 4  45.0  52.2   2:00p  40.4  11:45p  20.1   0.0  0.00   6.0  21.0   2:30a     N
 5  43.4  53.2   4:00p  36.2   3:00a  21.6   0.0  0.00   4.3  13.0  10:00p     S
 6  50.2  59.8   3:00p  40.5   5:15a  14.8   0.0  0.00   8.5  21.0   4:15p     S
 7  53.5  57.5   2:15p  50.1  11:15p  11.5   0.0  0.00   5.1  16.0   4:15a   SSW
 8  48.3  50.7  12:15a  46.9   8:15a  16.7   0.0  0.28   4.1  20.0   2:00p    NE
 9  50.8  58.7   4:00p  42.4  11:45p  14.2   0.0  0.12  11.3  43.0  11:15p     S
10  41.1  45.4  11:45a  37.5  12:00m  23.9   0.0  0.00  10.6  36.0  12:15a   WSW
11  39.2  43.4   1:30p  36.4   6:15a  25.8   0.0  0.00   9.4  24.0  12:30p   WNW
12  45.4  54.3   3:45p  38.1   7:30a  19.6   0.0  0.00   8.7  20.0  12:15a   SSW
13  53.5  57.5   3:45p  49.8   3:30a  11.5   0.0  0.00  15.3  27.0   8:00p     S
14  47.3  51.3  12:15a  44.0   7:30p  17.7   0.0  0.00   5.7  22.0   2:00a   SSW
15  47.7  53.2   1:00p  41.7   8:00a  17.3   0.0  0.00   6.1  20.0   3:45a   SSW
16  42.1  50.1  12:15a  36.2  10:15p  22.9   0.0  0.00   9.1  27.0   7:00p     W
17  34.2  36.8  12:15a  32.2   9:30p  30.8   0.0  0.00  10.6  33.0   3:15p     W
18  37.6  45.4   2:15p  29.0   8:00a  27.4   0.0  0.00  16.3  38.0   1:45p   SSW
19  43.1  46.7   6:45p  38.7   1:45a  21.9   0.0  0.00  13.3  28.0   7:15p     S
20  41.8  51.1   2:00a  35.5  12:00m  23.2   0.0  0.00   7.3  26.0   2:00a     N
21  35.6  41.4   3:00p  31.9  11:45p  29.4   0.0  0.00   2.7  12.0  12:15a     N
22  37.7  41.0   8:00p  32.4  12:15a  27.3   0.0  0.00   6.7  25.0  12:00m     E
23  40.4  43.4   1:00p  37.1   8:00a  24.6   0.0  0.00   6.4  22.0  11:15p     N
24  41.9  44.8   2:15p  38.1  12:30a  23.1   0.0  0.00  11.8  27.0   9:00p   SSW
25  46.1  53.5   2:15p  40.4   5:00a  18.9   0.0  0.00  10.5  25.0  10:15a   SSW
26  51.1  56.5   9:45p  46.3   4:45a  13.9   0.0  0.00  13.0  30.0   8:00p     S
27  45.0  53.7  12:15a  35.5  12:00m  20.0   0.0  0.29  10.1  27.0   2:15a    NW
28  36.0  39.8  11:30p  34.6   4:45a  29.0   0.0  0.00   4.2  18.0  12:45a     N
29  37.9  39.8   7:30a  33.7  12:00m  27.1   0.0  0.79  17.7  46.0   3:45p     N
30  36.4  43.4   3:00p  31.6   5:45a  28.6   0.0  0.21   9.3  32.0  12:15a     N
-------------------------------------------------------------------------------------
    44.0  59.8     2    29.0    18   630.1   0.0  1.88   8.7  46.0    29       S

Max >=  90.0:  0
Max <=  32.0:  0
Min <=  32.0:  3
Min <=   0.0:  0
Max Rain: 0.79 ON 11/29/11
Days of Rain: 6 (>.01 in) 6 (>.1 in) 0 (>1 in)
Heat Base:  65.0  Cool Base:  65.0  Method: Integration