NOAA-Style Climate Reports


Report for 2012 January
                   MONTHLY CLIMATOLOGICAL SUMMARY for JAN. 2012

NAME: Vantage Pro Plus   CITY: Sand Point   STATE: MI 
ELEV:   598 ft  LAT:  43° 54' 37" N  LONG:  83° 23' 03" W

                   TEMPERATURE (°F), RAIN  (in), WIND SPEED (mph)

                                      HEAT  COOL        AVG
    MEAN                              DEG   DEG         WIND                 DOM
DAY TEMP  HIGH   TIME   LOW    TIME   DAYS  DAYS  RAIN  SPEED HIGH   TIME    DIR
------------------------------------------------------------------------------------
 1  36.3  41.3  12:30p  31.0  10:30p  28.7   0.0  0.05  12.6  33.0  10:15p     W
 2  27.4  32.2  12:15a  19.6  11:45p  37.6   0.0  0.00  13.1  35.0   6:15p   WNW
 3  17.5  22.2  12:00m  14.1   9:15a  47.5   0.0  0.00  10.9  34.0   9:00a     N
 4  28.6  35.2   2:30p  22.0  12:15a  36.4   0.0  0.00  10.0  27.0   4:15a   SSW
 5  32.8  36.5  11:30p  29.1   7:45a  32.2   0.0  0.00   8.0  27.0  11:30p   SSW
 6  39.5  43.5   3:00p  35.2   4:45a  25.5   0.0  0.00   9.1  24.0   8:00a   SSW
 7  36.2  41.1   2:15a  31.2  11:45p  28.8   0.0  0.00   6.7  24.0   7:15p     W
 8  32.8  36.8   3:30p  29.9   8:15a  32.2   0.0  0.00   6.0  19.0   8:15p   SSW
 9  33.4  37.7   4:30p  28.8   4:00a  31.6   0.0  0.00  12.2  29.0   1:15p   SSW
10  35.7  42.5   3:30p  31.9   9:15p  29.3   0.0  0.00   4.8  17.0   2:45a     S
11  36.9  46.4   2:45p  30.9   7:30a  28.1   0.0  0.00   5.2  12.0   9:30p   SSE
12  35.4  37.1  12:15a  32.4  11:45p  29.6   0.0  0.23   4.8  19.0  11:30p     N
13  24.0  32.5  12:15a  18.9  10:30p  41.0   0.0  0.03   8.5  24.0   7:00a     N
14  18.9  23.7   2:15p  16.6   6:15a  46.1   0.0  0.00   6.5  22.0  12:30a     N
15  19.8  24.8   9:45p  12.9   5:00a  45.2   0.0  0.00   9.1  21.0  11:30p     S
16  30.8  37.7   5:00p  22.2   1:00a  34.2   0.0  0.06   8.1  25.0   5:15a   SSE
17  31.9  35.8   9:30a  22.5  11:45p  33.1   0.0  0.34  10.1  38.0   3:00p     N
18  21.4  23.6  11:45a  18.7   7:45a  43.6   0.0  0.00   9.2  31.0   1:15a     N
19  19.3  27.3  10:00a  10.5  12:00m  45.7   0.0  0.00  14.9  33.0   1:45p   WNW
20  13.8  17.6   9:30p  10.0   5:00a  51.2   0.0  0.00   4.8  17.0  12:15a     W
21  17.5  26.3   1:45p  12.8   7:45a  47.5   0.0  0.00   3.4  14.0   3:30a    NW
22  25.5  35.0  12:00m  14.5   3:15a  39.5   0.0  0.00   9.7  30.0   7:00p     S
23  38.4  43.1   4:30p  33.4  12:00m  26.6   0.0  0.05  16.4  36.0   5:00p   SSE
24  31.1  33.6  12:15a  29.1   8:15p  33.9   0.0  0.00  10.6  33.0   1:00a   WSW
25  29.7  30.9   7:15p  28.1  12:00m  35.3   0.0  0.00   2.9  12.0  12:15a    NW
26  31.7  36.1   2:30p  26.0   3:30a  33.3   0.0  0.13   4.3  13.0   9:45a   SSE
27  35.0  41.4   3:30p  32.4  10:30p  30.0   0.0  0.07   4.6  18.0  12:45p     W
28  31.2  36.4   2:45p  26.6  11:00p  33.8   0.0  0.00  13.5  33.0   3:15p     S
29  27.3  31.8   3:30p  23.0   6:00a  37.7   0.0  0.00   6.6  25.0  12:45a   WSW
30  24.8  28.7   9:00p  18.1   7:15a  40.2   0.0  0.00   8.3  19.0  11:30a   SSE
31  36.2  46.6   4:30p  23.3   6:15a  28.8   0.0  0.00   9.4  31.0   7:30p   SSW
-------------------------------------------------------------------------------------
    29.1  46.6    31    10.0    20  1114.2   0.0  0.96   8.5  38.0    17       S

Max >=  90.0:  0
Max <=  32.0: 10
Min <=  32.0: 27
Min <=   0.0:  0
Max Rain: 0.34 ON 01/17/12
Days of Rain: 8 (>.01 in) 3 (>.1 in) 0 (>1 in)
Heat Base:  65.0  Cool Base:  65.0  Method: Integration