NOAA-Style Climate Reports


Report for 2012 February
                   MONTHLY CLIMATOLOGICAL SUMMARY for FEB. 2012

NAME: Vantage Pro Plus   CITY: Sand Point   STATE: MI 
ELEV:   598 ft  LAT:  43° 54' 37" N  LONG:  83° 23' 03" W

                   TEMPERATURE (°F), RAIN  (in), WIND SPEED (mph)

                                      HEAT  COOL        AVG
    MEAN                              DEG   DEG         WIND                 DOM
DAY TEMP  HIGH   TIME   LOW    TIME   DAYS  DAYS  RAIN  SPEED HIGH   TIME    DIR
------------------------------------------------------------------------------------
 1  37.9  40.4  12:30a  35.5  12:00m  27.1   0.0  0.00   5.7  20.0   2:30a     W
 2  34.3  36.5   2:30p  31.8  11:15p  30.7   0.0  0.00   3.2  13.0   3:15a     N
 3  35.0  37.5   3:00p  32.8  12:15a  30.0   0.0  0.00   2.0  10.0   2:30a   WSW
 4  33.5  40.1   1:00p  29.6   6:30a  31.5   0.0  0.00   2.4   8.0   5:45p   WNW
 5  34.6  41.3   1:00p  30.9  12:00m  30.4   0.0  0.00   4.5  14.0   8:15a     N
 6  34.7  41.7   2:45p  29.9   1:45a  30.3   0.0  0.00   8.3  22.0   7:15p    SW
 7  30.5  36.4   1:30a  25.0  12:00m  34.5   0.0  0.00   8.4  28.0   9:30a     N
 8  27.7  34.9   3:15p  21.2   6:00a  37.3   0.0  0.00   6.7  19.0  12:15p    SW
 9  31.1  38.2   3:15p  25.7   7:00a  33.9   0.0  0.00  10.3  26.0  11:30a    SW
10  26.4  31.9   8:30a  16.9   9:45p  38.6   0.0  0.15  14.4  38.0   7:45p     N
11  17.3  22.3   7:00p  10.9  10:30a  47.7   0.0  0.01  12.8  38.0   4:30a     N
12  25.9  32.1   3:30p  20.3  12:15a  39.1   0.0  0.00   9.2  27.0   5:45a     W
13  28.8  35.8   2:45p  22.6   7:15a  36.2   0.0  0.00   8.4  20.0   2:00p    SW
14  31.0  33.1   3:30p  28.1   6:45a  34.0   0.0  0.00   7.5  19.0  12:15a   SSW
15  34.1  37.0   4:00p  31.8   1:15a  30.9   0.0  0.00   8.3  21.0  12:15p   SSW
16  35.4  38.1   3:00p  33.3  12:00m  29.6   0.0  0.19   6.2  20.0   5:00p   WSW
17  34.4  41.0   1:30p  30.3   4:15a  30.6   0.0  0.03   5.9  19.0   7:45p   WSW
18  31.1  35.5   1:30p  24.2  12:00m  33.9   0.0  0.03   4.9  26.0  10:45a    NW
19  27.4  34.1   3:00p  22.8   6:45a  37.6   0.0  0.00   2.8  14.0   7:45a     N
20  27.6  36.7   3:30p  19.3   7:30a  37.4   0.0  0.00   4.6  13.0  10:45p     S
21  33.2  36.7  11:15a  27.5  12:15a  31.8   0.0  0.00  10.9  24.0   9:15a   SSE
22  36.1  41.3   1:15p  33.3   6:45a  28.9   0.0  0.00   9.3  25.0   1:30a   SSW
23  34.7  39.2   2:45p  29.9   7:15a  30.3   0.0  0.00   3.2  12.0   4:45a    SW
24  33.0  34.6  12:15a  30.5  12:00m  32.0   0.0  0.39   9.4  34.0   1:00p    NW
25  30.7  36.5   1:30p  27.2  10:30p  34.3   0.0  0.00   8.9  26.0  10:15a    NW
26  29.3  33.1  12:00m  24.1   7:15a  35.7   0.0  0.00   9.4  25.0   4:30p   SSE
27  34.6  38.4   5:30a  28.2  12:00m  30.4   0.0  0.00  12.7  32.0   9:45a     W
28  30.1  35.2   4:15p  25.6   4:45a  34.9   0.0  0.00   3.7  19.0  12:15a   ESE
29  34.5  36.2   4:45p  32.1  12:15a  30.5   0.0  0.24   7.5  22.0  11:00a   ESE
-------------------------------------------------------------------------------------
    31.5  41.7     6    10.9    11   970.1   0.0  1.04   7.3  38.0    10     SSW

Max >=  90.0:  0
Max <=  32.0:  2
Min <=  32.0: 24
Min <=   0.0:  0
Max Rain: 0.39 ON 02/24/12
Days of Rain: 6 (>.01 in) 4 (>.1 in) 0 (>1 in)
Heat Base:  65.0  Cool Base:  65.0  Method: Integration